{"id":1766,"date":"2018-01-23T09:22:31","date_gmt":"2018-01-23T09:22:31","guid":{"rendered":"https:\/\/museutapies.org\/?page_id=1766"},"modified":"2019-05-02T08:00:01","modified_gmt":"2019-05-02T08:00:01","slug":"1949-1953","status":"publish","type":"page","link":"https:\/\/museutapies.org\/en\/biography\/1949-1953\/","title":{"rendered":"1949-1953"},"content":{"rendered":"<p class=\"spip\"><strong class=\"spip\">1949<\/strong><br \/>\nExhibits at the II Sal\u00f3 d\u2019Octubre in Barcelona (Galeries Laietanes) and at the show\u00a0<i class=\"spip\">Un aspecto de la pintura catalana<\/i>, organised by Cobalto 49 at the Institut Fran\u00e7ais of Barcelona and presented by the poet Jo\u00e3o Cabral de Melo, then Brazilian vice-consul in Barcelona. In Madrid, he shows works in the Sal\u00f3n de los Once, at the invitation of Eugeni d\u2019Ors. Becomes acquainted with various members of the Club 49, founded that same year: the poet Joan Teixidor, the art historian and critic Alexandre Cirici, the architect Sixte Illescas, Joan Prats, etc.<\/p>\n<p>&nbsp;<\/p>\n<p class=\"spip\"><strong class=\"spip\">1950<\/strong><br \/>\nFirst solo exhibition in Barcelona (Galeries Laietanes), organised by Josep Gudiol; Juan Eduardo Cirlot writes the catalogue text. A special issue of\u00a0<i class=\"spip\">Dau al Set<\/i>\u00a0published to mark the occasion includes Brossa\u2019s &#8220;Oracle sobre Antoni T\u00e0pies&#8221;; Tharrats\u2019 monograph\u00a0<i class=\"spip\">T\u00e0pies o el dau modern de Versalles<\/i>\u00a0is also published. With a grant from the French government, he spends a period in Paris, living and working at number 8, avenue Eug\u00e9nie in Saint-Cloud. During his stay there he becomes interested in Marxism and closely involved in the controversy surrounding social realism. Exhibits in Pittsburgh, selected for the Carnegie Institute Prize.<\/p>\n<p>&nbsp;<\/p>\n<p class=\"spip\"><strong class=\"spip\">1951<\/strong><br \/>\nVisits Picasso in his studio in rue des Grands Augustins, where he meets Christian Zervos and Jaume Sabart\u00e9s. In the spring of that year he travels in Belgium and Holland. Influenced by Marxist thinking and concerned about the political situation in Spain, he produces numerous paintings on social themes.<\/p>\n<p>&nbsp;<\/p>\n<p class=\"spip\"><strong class=\"spip\">1952<\/strong><br \/>\nExhibits at the XXVI Biennale di Venezia, and is again invited to take part (alongside Pierre Alechinsky, Jean Dubuffet, Tal Coat, Ben Nicholson, Karel Appel, Franz Kline, Willem de Kooning and Robert Motherwell, among many others) in the Carnegie Institute show in Pittsburgh. Another solo exhibition in Barcelona (Galeries Laietanes).<\/p>\n<p>&nbsp;<\/p>\n<p class=\"spip\"><strong class=\"spip\">1953<\/strong><br \/>\nFirst solo exhibition in the USA (Marshall Field and Company, Chicago). Travels to New York for his exhibition at the Martha Jackson Gallery; acquires a greater understanding of American abstract expressionism, in which he discovers affinities and correspondences with his own work. Resumes the investigations into materials he began eight years earlier, working with earth, collages, incisions, etc. In Madrid for his exhibition at the Galer\u00edas Biosca, he meets Vicente Aleixandre. Receives a prize at the II Bienal de S\u00e3o Paulo.<\/p>\n","protected":false},"excerpt":{"rendered":"<p>1949 Exhibits at the II Sal\u00f3 d\u2019Octubre in Barcelona (Galeries Laietanes) and at the show\u00a0Un aspecto de la pintura catalana, [&hellip;]<\/p>\n","protected":false},"author":1,"featured_media":1624,"parent":1265,"menu_order":3,"comment_status":"closed","ping_status":"closed","template":"template_sense-menu-lateral.php","meta":{"footnotes":""},"acf":[],"yoast_head":"<!-- This site is optimized with the Yoast SEO plugin v20.11 - https:\/\/yoast.com\/wordpress\/plugins\/seo\/ -->\n<title>1949-1953 - Museu T\u00e0pies<\/title>\n<meta name=\"robots\" content=\"index, follow, max-snippet:-1, max-image-preview:large, max-video-preview:-1\" \/>\n<meta property=\"og:locale\" content=\"en_US\" \/>\n<meta property=\"og:type\" content=\"article\" \/>\n<meta property=\"og:title\" content=\"1949-1953 - Museu T\u00e0pies\" \/>\n<meta property=\"og:description\" content=\"1949 Exhibits at the II Sal\u00f3 d\u2019Octubre in Barcelona (Galeries Laietanes) and at the show\u00a0Un aspecto de la pintura catalana, [&hellip;]\" \/>\n<meta property=\"og:url\" content=\"https:\/\/museutapies.org\/en\/biography\/1949-1953\/\" \/>\n<meta property=\"og:site_name\" content=\"Museu T\u00e0pies\" \/>\n<meta property=\"article:publisher\" content=\"https:\/\/www.facebook.com\/museutapies\" \/>\n<meta property=\"article:modified_time\" content=\"2019-05-02T08:00:01+00:00\" \/>\n<meta property=\"og:image\" content=\"https:\/\/museutapies.org\/wp-content\/uploads\/2018\/01\/AT_1944-48-1-e1517244390534.jpg\" \/>\n\t<meta property=\"og:image:width\" content=\"572\" \/>\n\t<meta property=\"og:image:height\" content=\"426\" \/>\n\t<meta property=\"og:image:type\" content=\"image\/jpeg\" \/>\n<meta name=\"twitter:card\" content=\"summary_large_image\" \/>\n<meta name=\"twitter:label1\" content=\"Est. reading time\" \/>\n\t<meta name=\"twitter:data1\" content=\"2 minutes\" \/>\n<script type=\"application\/ld+json\" class=\"yoast-schema-graph\">{\"@context\":\"https:\/\/schema.org\",\"@graph\":[{\"@type\":\"WebPage\",\"@id\":\"https:\/\/museutapies.org\/en\/biography\/1949-1953\/\",\"url\":\"https:\/\/museutapies.org\/en\/biography\/1949-1953\/\",\"name\":\"1949-1953 - Museu T\u00e0pies\",\"isPartOf\":{\"@id\":\"https:\/\/museutapies.org\/en\/#website\"},\"datePublished\":\"2018-01-23T09:22:31+00:00\",\"dateModified\":\"2019-05-02T08:00:01+00:00\",\"breadcrumb\":{\"@id\":\"https:\/\/museutapies.org\/en\/biography\/1949-1953\/#breadcrumb\"},\"inLanguage\":\"en-US\",\"potentialAction\":[{\"@type\":\"ReadAction\",\"target\":[\"https:\/\/museutapies.org\/en\/biography\/1949-1953\/\"]}]},{\"@type\":\"BreadcrumbList\",\"@id\":\"https:\/\/museutapies.org\/en\/biography\/1949-1953\/#breadcrumb\",\"itemListElement\":[{\"@type\":\"ListItem\",\"position\":1,\"name\":\"Biography\",\"item\":\"https:\/\/museutapies.org\/en\/biography\/\"},{\"@type\":\"ListItem\",\"position\":2,\"name\":\"1949-1953\"}]},{\"@type\":\"WebSite\",\"@id\":\"https:\/\/museutapies.org\/en\/#website\",\"url\":\"https:\/\/museutapies.org\/en\/\",\"name\":\"Museu T\u00e0pies\",\"description\":\"\",\"publisher\":{\"@id\":\"https:\/\/museutapies.org\/en\/#organization\"},\"potentialAction\":[{\"@type\":\"SearchAction\",\"target\":{\"@type\":\"EntryPoint\",\"urlTemplate\":\"https:\/\/museutapies.org\/en\/?s={search_term_string}\"},\"query-input\":\"required name=search_term_string\"}],\"inLanguage\":\"en-US\"},{\"@type\":\"Organization\",\"@id\":\"https:\/\/museutapies.org\/en\/#organization\",\"name\":\"Museu T\u00e0pies\",\"url\":\"https:\/\/museutapies.org\/en\/\",\"logo\":{\"@type\":\"ImageObject\",\"inLanguage\":\"en-US\",\"@id\":\"https:\/\/museutapies.org\/en\/#\/schema\/logo\/image\/\",\"url\":\"https:\/\/museutapies.org\/wp-content\/uploads\/2024\/07\/mta.png\",\"contentUrl\":\"https:\/\/museutapies.org\/wp-content\/uploads\/2024\/07\/mta.png\",\"width\":244,\"height\":110,\"caption\":\"Museu T\u00e0pies\"},\"image\":{\"@id\":\"https:\/\/museutapies.org\/en\/#\/schema\/logo\/image\/\"},\"sameAs\":[\"https:\/\/www.facebook.com\/museutapies\",\"https:\/\/www.instagram.com\/museutapies\/\",\"https:\/\/www.youtube.com\/channel\/UCPi65HBb48RMeoa12lR51cQ\",\"https:\/\/x.com\/MuseuTapies\"]}]}<\/script>\n<!-- \/ Yoast SEO plugin. -->","yoast_head_json":{"title":"1949-1953 - Museu T\u00e0pies","robots":{"index":"index","follow":"follow","max-snippet":"max-snippet:-1","max-image-preview":"max-image-preview:large","max-video-preview":"max-video-preview:-1"},"og_locale":"en_US","og_type":"article","og_title":"1949-1953 - Museu T\u00e0pies","og_description":"1949 Exhibits at the II Sal\u00f3 d\u2019Octubre in Barcelona (Galeries Laietanes) and at the show\u00a0Un aspecto de la pintura catalana, [&hellip;]","og_url":"https:\/\/museutapies.org\/en\/biography\/1949-1953\/","og_site_name":"Museu T\u00e0pies","article_publisher":"https:\/\/www.facebook.com\/museutapies","article_modified_time":"2019-05-02T08:00:01+00:00","og_image":[{"width":572,"height":426,"url":"https:\/\/museutapies.org\/wp-content\/uploads\/2018\/01\/AT_1944-48-1-e1517244390534.jpg","type":"image\/jpeg"}],"twitter_card":"summary_large_image","twitter_misc":{"Est. reading time":"2 minutes"},"schema":{"@context":"https:\/\/schema.org","@graph":[{"@type":"WebPage","@id":"https:\/\/museutapies.org\/en\/biography\/1949-1953\/","url":"https:\/\/museutapies.org\/en\/biography\/1949-1953\/","name":"1949-1953 - Museu T\u00e0pies","isPartOf":{"@id":"https:\/\/museutapies.org\/en\/#website"},"datePublished":"2018-01-23T09:22:31+00:00","dateModified":"2019-05-02T08:00:01+00:00","breadcrumb":{"@id":"https:\/\/museutapies.org\/en\/biography\/1949-1953\/#breadcrumb"},"inLanguage":"en-US","potentialAction":[{"@type":"ReadAction","target":["https:\/\/museutapies.org\/en\/biography\/1949-1953\/"]}]},{"@type":"BreadcrumbList","@id":"https:\/\/museutapies.org\/en\/biography\/1949-1953\/#breadcrumb","itemListElement":[{"@type":"ListItem","position":1,"name":"Biography","item":"https:\/\/museutapies.org\/en\/biography\/"},{"@type":"ListItem","position":2,"name":"1949-1953"}]},{"@type":"WebSite","@id":"https:\/\/museutapies.org\/en\/#website","url":"https:\/\/museutapies.org\/en\/","name":"Museu T\u00e0pies","description":"","publisher":{"@id":"https:\/\/museutapies.org\/en\/#organization"},"potentialAction":[{"@type":"SearchAction","target":{"@type":"EntryPoint","urlTemplate":"https:\/\/museutapies.org\/en\/?s={search_term_string}"},"query-input":"required name=search_term_string"}],"inLanguage":"en-US"},{"@type":"Organization","@id":"https:\/\/museutapies.org\/en\/#organization","name":"Museu T\u00e0pies","url":"https:\/\/museutapies.org\/en\/","logo":{"@type":"ImageObject","inLanguage":"en-US","@id":"https:\/\/museutapies.org\/en\/#\/schema\/logo\/image\/","url":"https:\/\/museutapies.org\/wp-content\/uploads\/2024\/07\/mta.png","contentUrl":"https:\/\/museutapies.org\/wp-content\/uploads\/2024\/07\/mta.png","width":244,"height":110,"caption":"Museu T\u00e0pies"},"image":{"@id":"https:\/\/museutapies.org\/en\/#\/schema\/logo\/image\/"},"sameAs":["https:\/\/www.facebook.com\/museutapies","https:\/\/www.instagram.com\/museutapies\/","https:\/\/www.youtube.com\/channel\/UCPi65HBb48RMeoa12lR51cQ","https:\/\/x.com\/MuseuTapies"]}]}},"_links":{"self":[{"href":"https:\/\/museutapies.org\/en\/wp-json\/wp\/v2\/pages\/1766"}],"collection":[{"href":"https:\/\/museutapies.org\/en\/wp-json\/wp\/v2\/pages"}],"about":[{"href":"https:\/\/museutapies.org\/en\/wp-json\/wp\/v2\/types\/page"}],"author":[{"embeddable":true,"href":"https:\/\/museutapies.org\/en\/wp-json\/wp\/v2\/users\/1"}],"replies":[{"embeddable":true,"href":"https:\/\/museutapies.org\/en\/wp-json\/wp\/v2\/comments?post=1766"}],"version-history":[{"count":2,"href":"https:\/\/museutapies.org\/en\/wp-json\/wp\/v2\/pages\/1766\/revisions"}],"predecessor-version":[{"id":10801,"href":"https:\/\/museutapies.org\/en\/wp-json\/wp\/v2\/pages\/1766\/revisions\/10801"}],"up":[{"embeddable":true,"href":"https:\/\/museutapies.org\/en\/wp-json\/wp\/v2\/pages\/1265"}],"wp:featuredmedia":[{"embeddable":true,"href":"https:\/\/museutapies.org\/en\/wp-json\/wp\/v2\/media\/1624"}],"wp:attachment":[{"href":"https:\/\/museutapies.org\/en\/wp-json\/wp\/v2\/media?parent=1766"}],"curies":[{"name":"wp","href":"https:\/\/api.w.org\/{rel}","templated":true}]}}

<p class="spip"><strong class="spip">1949</strong><br />
Exhibits at the II Saló d’Octubre in Barcelona (Galeries Laietanes) and at the show <i class="spip">Un aspecto de la pintura catalana</i>, organised by Cobalto 49 at the Institut Français of Barcelona and presented by the poet João Cabral de Melo, then Brazilian vice-consul in Barcelona. In Madrid, he shows works in the Salón de los Once, at the invitation of Eugeni d’Ors. Becomes acquainted with various members of the Club 49, founded that same year: the poet Joan Teixidor, the art historian and critic Alexandre Cirici, the architect Sixte Illescas, Joan Prats, etc.</p>
<p>&nbsp;</p>
<p class="spip"><strong class="spip">1950</strong><br />
First solo exhibition in Barcelona (Galeries Laietanes), organised by Josep Gudiol; Juan Eduardo Cirlot writes the catalogue text. A special issue of <i class="spip">Dau al Set</i> published to mark the occasion includes Brossa’s &#8220;Oracle sobre Antoni Tàpies&#8221;; Tharrats’ monograph <i class="spip">Tàpies o el dau modern de Versalles</i> is also published. With a grant from the French government, he spends a period in Paris, living and working at number 8, avenue Eugénie in Saint-Cloud. During his stay there he becomes interested in Marxism and closely involved in the controversy surrounding social realism. Exhibits in Pittsburgh, selected for the Carnegie Institute Prize.</p>
<p>&nbsp;</p>
<p class="spip"><strong class="spip">1951</strong><br />
Visits Picasso in his studio in rue des Grands Augustins, where he meets Christian Zervos and Jaume Sabartés. In the spring of that year he travels in Belgium and Holland. Influenced by Marxist thinking and concerned about the political situation in Spain, he produces numerous paintings on social themes.</p>
<p>&nbsp;</p>
<p class="spip"><strong class="spip">1952</strong><br />
Exhibits at the XXVI Biennale di Venezia, and is again invited to take part (alongside Pierre Alechinsky, Jean Dubuffet, Tal Coat, Ben Nicholson, Karel Appel, Franz Kline, Willem de Kooning and Robert Motherwell, among many others) in the Carnegie Institute show in Pittsburgh. Another solo exhibition in Barcelona (Galeries Laietanes).</p>
<p>&nbsp;</p>
<p class="spip"><strong class="spip">1953</strong><br />
First solo exhibition in the USA (Marshall Field and Company, Chicago). Travels to New York for his exhibition at the Martha Jackson Gallery; acquires a greater understanding of American abstract expressionism, in which he discovers affinities and correspondences with his own work. Resumes the investigations into materials he began eight years earlier, working with earth, collages, incisions, etc. In Madrid for his exhibition at the Galerías Biosca, he meets Vicente Aleixandre. Receives a prize at the II Bienal de São Paulo.</p>

<p>1949 Exhibits at the II Saló d’Octubre in Barcelona (Galeries Laietanes) and at the show Un aspecto de la pintura catalana, [&hellip;]</p>

<!-- This site is optimized with the Yoast SEO plugin v20.11 - https://yoast.com/wordpress/plugins/seo/ -->
<title>1949-1953 - Museu Tàpies</title>
<meta name="robots" content="index, follow, max-snippet:-1, max-image-preview:large, max-video-preview:-1" />
<meta property="og:locale" content="en_US" />
<meta property="og:type" content="article" />
<meta property="og:title" content="1949-1953 - Museu Tàpies" />
<meta property="og:description" content="1949 Exhibits at the II Saló d’Octubre in Barcelona (Galeries Laietanes) and at the show Un aspecto de la pintura catalana, [&hellip;]" />
<meta property="og:url" content="https://museutapies.org/en/biography/1949-1953/" />
<meta property="og:site_name" content="Museu Tàpies" />
<meta property="article:publisher" content="https://www.facebook.com/museutapies" />
<meta property="article:modified_time" content="2019-05-02T08:00:01+00:00" />
<meta property="og:image" content="https://museutapies.org/wp-content/uploads/2018/01/AT_1944-48-1-e1517244390534.jpg" />
	<meta property="og:image:width" content="572" />
	<meta property="og:image:height" content="426" />
	<meta property="og:image:type" content="image/jpeg" />
<meta name="twitter:card" content="summary_large_image" />
<meta name="twitter:label1" content="Est. reading time" />
	<meta name="twitter:data1" content="2 minutes" />
<script type="application/ld+json" class="yoast-schema-graph">{"@context":"https://schema.org","@graph":[{"@type":"WebPage","@id":"https://museutapies.org/en/biography/1949-1953/","url":"https://museutapies.org/en/biography/1949-1953/","name":"1949-1953 - Museu Tàpies","isPartOf":{"@id":"https://museutapies.org/en/#website"},"datePublished":"2018-01-23T09:22:31+00:00","dateModified":"2019-05-02T08:00:01+00:00","breadcrumb":{"@id":"https://museutapies.org/en/biography/1949-1953/#breadcrumb"},"inLanguage":"en-US","potentialAction":[{"@type":"ReadAction","target":["https://museutapies.org/en/biography/1949-1953/"]}]},{"@type":"BreadcrumbList","@id":"https://museutapies.org/en/biography/1949-1953/#breadcrumb","itemListElement":[{"@type":"ListItem","position":1,"name":"Biography","item":"https://museutapies.org/en/biography/"},{"@type":"ListItem","position":2,"name":"1949-1953"}]},{"@type":"WebSite","@id":"https://museutapies.org/en/#website","url":"https://museutapies.org/en/","name":"Museu Tàpies","description":"","publisher":{"@id":"https://museutapies.org/en/#organization"},"potentialAction":[{"@type":"SearchAction","target":{"@type":"EntryPoint","urlTemplate":"https://museutapies.org/en/?s={search_term_string}"},"query-input":"required name=search_term_string"}],"inLanguage":"en-US"},{"@type":"Organization","@id":"https://museutapies.org/en/#organization","name":"Museu Tàpies","url":"https://museutapies.org/en/","logo":{"@type":"ImageObject","inLanguage":"en-US","@id":"https://museutapies.org/en/#/schema/logo/image/","url":"https://museutapies.org/wp-content/uploads/2024/07/mta.png","contentUrl":"https://museutapies.org/wp-content/uploads/2024/07/mta.png","width":244,"height":110,"caption":"Museu Tàpies"},"image":{"@id":"https://museutapies.org/en/#/schema/logo/image/"},"sameAs":["https://www.facebook.com/museutapies","https://www.instagram.com/museutapies/","https://www.youtube.com/channel/UCPi65HBb48RMeoa12lR51cQ","https://x.com/MuseuTapies"]}]}</script>
<!-- / Yoast SEO plugin. -->

1949-1953 - Museu Tàpies

1949 Exhibits at the II Saló d’Octubre in Barcelona (Galeries Laietanes) and at the show Un aspecto de la pintura catalana, [&hellip;]

Museu Tàpies
