{"id":1786,"date":"2018-01-23T09:31:36","date_gmt":"2018-01-23T09:31:36","guid":{"rendered":"https:\/\/museutapies.org\/?page_id=1786"},"modified":"2018-03-12T09:51:31","modified_gmt":"2018-03-12T09:51:31","slug":"1983-1985","status":"publish","type":"page","link":"https:\/\/museutapies.org\/en\/biography\/1983-1985\/","title":{"rendered":"1983-1985"},"content":{"rendered":"<p class=\"spip\"><strong class=\"spip\">1983<\/strong><br \/>\nUnveiling in Barcelona of the artist\u2019s monumental sculpture in homage to Picasso. Designs the paving of the Pla\u00e7a de Catalunya in Sant Boi de Llobregat (Barcelona), assisted by J. Gardy Artigas. Awarded the Gold Medal of the Generalitat de Catalunya. Appointed Officier de l\u2019Ordre des Arts et des Lettres by the French government. Produces posters for the World Committee of Artists against Apartheid as a contribution to the struggle against racial discrimination around the world, for the Comit\u00e8 Catal\u00e0 d\u2019Acci\u00f3 per la Pau i el Desarmament and to commemorate the 10th anniversary of the death of Salvador Allende. Attends the opening of his exhibition at the Abbaye de S\u00e9nanque (Gordes, France). The Fundaci\u00f3 Joan Mir\u00f3 in Barcelona presents an anthological exhibition of his posters, books and record covers. Solo exhibitions in Hannover, Zurich, Paris and Barcelona.<\/p>\n<p>&nbsp;<\/p>\n<p class=\"spip\"><strong class=\"spip\">1984<\/strong><br \/>\nHe attends the opening of his exhibition of ceramic sculptures produced between 1981 and 1983 in Zurich (Galerie Maeght Lelong). Travels to San Sebasti\u00e1n for his anthological exhibition at the Museo Municipal de San Telmo. The United Nations Association in Spain awards him the Peace Prize and the Rembrandt Prize from Johann Wolfgang von Goethe Stiftung in Basle. Publication of the collector\u2019s book\u00a0<i class=\"spip\">L\u2019estaci\u00f3<\/i>, with a text by J.V. Foix and engravings by T\u00e0pies. Collaborates with Edmond Jab\u00e8s on the book\u00a0<i class=\"spip\">Dans la double d\u00e9pendance du dit<\/i>. Vict\u00f2ria Combalia publishes the monograph\u00a0<i class=\"spip\">T\u00e0pies<\/i>. The Fundaci\u00f3 Antoni T\u00e0pies is constituted in Barcelona, at the artist\u2019s own initiative. Solo exhibitions in West Berlin, Paris, Cologne, Madrid, Stockholm, Seoul, Tokyo, New York and Frankfurt.<\/p>\n<p>&nbsp;<\/p>\n<p class=\"spip\"><strong class=\"spip\">1985<\/strong><br \/>\nPublishes\u00a0<i class=\"spip\">Per un art modern i progressista<\/i>, a fourth collection of writings and statements. Travels to Milan on the occasion of his retrospective exhibition organised by the City Council at the Palazzo Reale and simultaneously four Milan galleries exhibit the artist\u2019s recent works. In Brussels he attends the opening of a new anthological exhibition of his work (Mus\u00e9e d\u2019art moderne), as part of Europalia 85. The French government awards him the Prix National de Peinture, and he is appointed member of Stockholm\u2019s Kungliga Akadamien f\u00f6r de Fria Konsterna. He is also awarded the Internationale Triennale f\u00fcr farbige Originalgrafik Prize in Grenchen, Switzerland. Publication of\u00a0<i class=\"spip\">Llull-T\u00e0pies<\/i>\u00a0(project begun in 1973), with engravings by the artist, Pere Gimferrer\u2019s selection of texts by Ramon Llull and an epilogue by Miquel Batllori. Solo exhibitions in Barcelona, San Francisco, Madrid, Milan, D\u00fcsseldorf, Helsinki, Knokke-le-Zoute, Alcoi, Albacete and Paris.<\/p>\n","protected":false},"excerpt":{"rendered":"<p>1983 Unveiling in Barcelona of the artist\u2019s monumental sculpture in homage to Picasso. Designs the paving of the Pla\u00e7a de [&hellip;]<\/p>\n","protected":false},"author":1,"featured_media":1657,"parent":1265,"menu_order":12,"comment_status":"closed","ping_status":"closed","template":"template_sense-menu-lateral.php","meta":{"footnotes":""},"acf":[],"yoast_head":"<!-- This site is optimized with the Yoast SEO plugin v20.11 - https:\/\/yoast.com\/wordpress\/plugins\/seo\/ -->\n<title>1983-1985 - Museu T\u00e0pies<\/title>\n<meta name=\"robots\" content=\"index, follow, max-snippet:-1, max-image-preview:large, max-video-preview:-1\" \/>\n<meta property=\"og:locale\" content=\"en_US\" \/>\n<meta property=\"og:type\" content=\"article\" \/>\n<meta property=\"og:title\" content=\"1983-1985 - Museu T\u00e0pies\" \/>\n<meta property=\"og:description\" content=\"1983 Unveiling in Barcelona of the artist\u2019s monumental sculpture in homage to Picasso. Designs the paving of the Pla\u00e7a de [&hellip;]\" \/>\n<meta property=\"og:url\" content=\"https:\/\/museutapies.org\/en\/biography\/1983-1985\/\" \/>\n<meta property=\"og:site_name\" content=\"Museu T\u00e0pies\" \/>\n<meta property=\"article:publisher\" content=\"https:\/\/www.facebook.com\/museutapies\" \/>\n<meta property=\"article:modified_time\" content=\"2018-03-12T09:51:31+00:00\" \/>\n<meta property=\"og:image\" content=\"https:\/\/museutapies.org\/wp-content\/uploads\/2018\/01\/AT_1983-85.jpg\" \/>\n\t<meta property=\"og:image:width\" content=\"841\" \/>\n\t<meta property=\"og:image:height\" content=\"600\" \/>\n\t<meta property=\"og:image:type\" content=\"image\/jpeg\" \/>\n<meta name=\"twitter:card\" content=\"summary_large_image\" \/>\n<meta name=\"twitter:label1\" content=\"Est. reading time\" \/>\n\t<meta name=\"twitter:data1\" content=\"2 minutes\" \/>\n<script type=\"application\/ld+json\" class=\"yoast-schema-graph\">{\"@context\":\"https:\/\/schema.org\",\"@graph\":[{\"@type\":\"WebPage\",\"@id\":\"https:\/\/museutapies.org\/en\/biography\/1983-1985\/\",\"url\":\"https:\/\/museutapies.org\/en\/biography\/1983-1985\/\",\"name\":\"1983-1985 - Museu T\u00e0pies\",\"isPartOf\":{\"@id\":\"https:\/\/museutapies.org\/en\/#website\"},\"datePublished\":\"2018-01-23T09:31:36+00:00\",\"dateModified\":\"2018-03-12T09:51:31+00:00\",\"breadcrumb\":{\"@id\":\"https:\/\/museutapies.org\/en\/biography\/1983-1985\/#breadcrumb\"},\"inLanguage\":\"en-US\",\"potentialAction\":[{\"@type\":\"ReadAction\",\"target\":[\"https:\/\/museutapies.org\/en\/biography\/1983-1985\/\"]}]},{\"@type\":\"BreadcrumbList\",\"@id\":\"https:\/\/museutapies.org\/en\/biography\/1983-1985\/#breadcrumb\",\"itemListElement\":[{\"@type\":\"ListItem\",\"position\":1,\"name\":\"Biography\",\"item\":\"https:\/\/museutapies.org\/en\/biography\/\"},{\"@type\":\"ListItem\",\"position\":2,\"name\":\"1983-1985\"}]},{\"@type\":\"WebSite\",\"@id\":\"https:\/\/museutapies.org\/en\/#website\",\"url\":\"https:\/\/museutapies.org\/en\/\",\"name\":\"Museu T\u00e0pies\",\"description\":\"\",\"publisher\":{\"@id\":\"https:\/\/museutapies.org\/en\/#organization\"},\"potentialAction\":[{\"@type\":\"SearchAction\",\"target\":{\"@type\":\"EntryPoint\",\"urlTemplate\":\"https:\/\/museutapies.org\/en\/?s={search_term_string}\"},\"query-input\":\"required name=search_term_string\"}],\"inLanguage\":\"en-US\"},{\"@type\":\"Organization\",\"@id\":\"https:\/\/museutapies.org\/en\/#organization\",\"name\":\"Museu T\u00e0pies\",\"url\":\"https:\/\/museutapies.org\/en\/\",\"logo\":{\"@type\":\"ImageObject\",\"inLanguage\":\"en-US\",\"@id\":\"https:\/\/museutapies.org\/en\/#\/schema\/logo\/image\/\",\"url\":\"https:\/\/museutapies.org\/wp-content\/uploads\/2024\/07\/mta.png\",\"contentUrl\":\"https:\/\/museutapies.org\/wp-content\/uploads\/2024\/07\/mta.png\",\"width\":244,\"height\":110,\"caption\":\"Museu T\u00e0pies\"},\"image\":{\"@id\":\"https:\/\/museutapies.org\/en\/#\/schema\/logo\/image\/\"},\"sameAs\":[\"https:\/\/www.facebook.com\/museutapies\",\"https:\/\/www.instagram.com\/museutapies\/\",\"https:\/\/www.youtube.com\/channel\/UCPi65HBb48RMeoa12lR51cQ\",\"https:\/\/x.com\/MuseuTapies\"]}]}<\/script>\n<!-- \/ Yoast SEO plugin. -->","yoast_head_json":{"title":"1983-1985 - Museu T\u00e0pies","robots":{"index":"index","follow":"follow","max-snippet":"max-snippet:-1","max-image-preview":"max-image-preview:large","max-video-preview":"max-video-preview:-1"},"og_locale":"en_US","og_type":"article","og_title":"1983-1985 - Museu T\u00e0pies","og_description":"1983 Unveiling in Barcelona of the artist\u2019s monumental sculpture in homage to Picasso. Designs the paving of the Pla\u00e7a de [&hellip;]","og_url":"https:\/\/museutapies.org\/en\/biography\/1983-1985\/","og_site_name":"Museu T\u00e0pies","article_publisher":"https:\/\/www.facebook.com\/museutapies","article_modified_time":"2018-03-12T09:51:31+00:00","og_image":[{"width":841,"height":600,"url":"https:\/\/museutapies.org\/wp-content\/uploads\/2018\/01\/AT_1983-85.jpg","type":"image\/jpeg"}],"twitter_card":"summary_large_image","twitter_misc":{"Est. reading time":"2 minutes"},"schema":{"@context":"https:\/\/schema.org","@graph":[{"@type":"WebPage","@id":"https:\/\/museutapies.org\/en\/biography\/1983-1985\/","url":"https:\/\/museutapies.org\/en\/biography\/1983-1985\/","name":"1983-1985 - Museu T\u00e0pies","isPartOf":{"@id":"https:\/\/museutapies.org\/en\/#website"},"datePublished":"2018-01-23T09:31:36+00:00","dateModified":"2018-03-12T09:51:31+00:00","breadcrumb":{"@id":"https:\/\/museutapies.org\/en\/biography\/1983-1985\/#breadcrumb"},"inLanguage":"en-US","potentialAction":[{"@type":"ReadAction","target":["https:\/\/museutapies.org\/en\/biography\/1983-1985\/"]}]},{"@type":"BreadcrumbList","@id":"https:\/\/museutapies.org\/en\/biography\/1983-1985\/#breadcrumb","itemListElement":[{"@type":"ListItem","position":1,"name":"Biography","item":"https:\/\/museutapies.org\/en\/biography\/"},{"@type":"ListItem","position":2,"name":"1983-1985"}]},{"@type":"WebSite","@id":"https:\/\/museutapies.org\/en\/#website","url":"https:\/\/museutapies.org\/en\/","name":"Museu T\u00e0pies","description":"","publisher":{"@id":"https:\/\/museutapies.org\/en\/#organization"},"potentialAction":[{"@type":"SearchAction","target":{"@type":"EntryPoint","urlTemplate":"https:\/\/museutapies.org\/en\/?s={search_term_string}"},"query-input":"required name=search_term_string"}],"inLanguage":"en-US"},{"@type":"Organization","@id":"https:\/\/museutapies.org\/en\/#organization","name":"Museu T\u00e0pies","url":"https:\/\/museutapies.org\/en\/","logo":{"@type":"ImageObject","inLanguage":"en-US","@id":"https:\/\/museutapies.org\/en\/#\/schema\/logo\/image\/","url":"https:\/\/museutapies.org\/wp-content\/uploads\/2024\/07\/mta.png","contentUrl":"https:\/\/museutapies.org\/wp-content\/uploads\/2024\/07\/mta.png","width":244,"height":110,"caption":"Museu T\u00e0pies"},"image":{"@id":"https:\/\/museutapies.org\/en\/#\/schema\/logo\/image\/"},"sameAs":["https:\/\/www.facebook.com\/museutapies","https:\/\/www.instagram.com\/museutapies\/","https:\/\/www.youtube.com\/channel\/UCPi65HBb48RMeoa12lR51cQ","https:\/\/x.com\/MuseuTapies"]}]}},"_links":{"self":[{"href":"https:\/\/museutapies.org\/en\/wp-json\/wp\/v2\/pages\/1786"}],"collection":[{"href":"https:\/\/museutapies.org\/en\/wp-json\/wp\/v2\/pages"}],"about":[{"href":"https:\/\/museutapies.org\/en\/wp-json\/wp\/v2\/types\/page"}],"author":[{"embeddable":true,"href":"https:\/\/museutapies.org\/en\/wp-json\/wp\/v2\/users\/1"}],"replies":[{"embeddable":true,"href":"https:\/\/museutapies.org\/en\/wp-json\/wp\/v2\/comments?post=1786"}],"version-history":[{"count":2,"href":"https:\/\/museutapies.org\/en\/wp-json\/wp\/v2\/pages\/1786\/revisions"}],"predecessor-version":[{"id":6268,"href":"https:\/\/museutapies.org\/en\/wp-json\/wp\/v2\/pages\/1786\/revisions\/6268"}],"up":[{"embeddable":true,"href":"https:\/\/museutapies.org\/en\/wp-json\/wp\/v2\/pages\/1265"}],"wp:featuredmedia":[{"embeddable":true,"href":"https:\/\/museutapies.org\/en\/wp-json\/wp\/v2\/media\/1657"}],"wp:attachment":[{"href":"https:\/\/museutapies.org\/en\/wp-json\/wp\/v2\/media?parent=1786"}],"curies":[{"name":"wp","href":"https:\/\/api.w.org\/{rel}","templated":true}]}}

<p class="spip"><strong class="spip">1983</strong><br />
Unveiling in Barcelona of the artist’s monumental sculpture in homage to Picasso. Designs the paving of the Plaça de Catalunya in Sant Boi de Llobregat (Barcelona), assisted by J. Gardy Artigas. Awarded the Gold Medal of the Generalitat de Catalunya. Appointed Officier de l’Ordre des Arts et des Lettres by the French government. Produces posters for the World Committee of Artists against Apartheid as a contribution to the struggle against racial discrimination around the world, for the Comitè Català d’Acció per la Pau i el Desarmament and to commemorate the 10th anniversary of the death of Salvador Allende. Attends the opening of his exhibition at the Abbaye de Sénanque (Gordes, France). The Fundació Joan Miró in Barcelona presents an anthological exhibition of his posters, books and record covers. Solo exhibitions in Hannover, Zurich, Paris and Barcelona.</p>
<p>&nbsp;</p>
<p class="spip"><strong class="spip">1984</strong><br />
He attends the opening of his exhibition of ceramic sculptures produced between 1981 and 1983 in Zurich (Galerie Maeght Lelong). Travels to San Sebastián for his anthological exhibition at the Museo Municipal de San Telmo. The United Nations Association in Spain awards him the Peace Prize and the Rembrandt Prize from Johann Wolfgang von Goethe Stiftung in Basle. Publication of the collector’s book <i class="spip">L’estació</i>, with a text by J.V. Foix and engravings by Tàpies. Collaborates with Edmond Jabès on the book <i class="spip">Dans la double dépendance du dit</i>. Victòria Combalia publishes the monograph <i class="spip">Tàpies</i>. The Fundació Antoni Tàpies is constituted in Barcelona, at the artist’s own initiative. Solo exhibitions in West Berlin, Paris, Cologne, Madrid, Stockholm, Seoul, Tokyo, New York and Frankfurt.</p>
<p>&nbsp;</p>
<p class="spip"><strong class="spip">1985</strong><br />
Publishes <i class="spip">Per un art modern i progressista</i>, a fourth collection of writings and statements. Travels to Milan on the occasion of his retrospective exhibition organised by the City Council at the Palazzo Reale and simultaneously four Milan galleries exhibit the artist’s recent works. In Brussels he attends the opening of a new anthological exhibition of his work (Musée d’art moderne), as part of Europalia 85. The French government awards him the Prix National de Peinture, and he is appointed member of Stockholm’s Kungliga Akadamien för de Fria Konsterna. He is also awarded the Internationale Triennale für farbige Originalgrafik Prize in Grenchen, Switzerland. Publication of <i class="spip">Llull-Tàpies</i> (project begun in 1973), with engravings by the artist, Pere Gimferrer’s selection of texts by Ramon Llull and an epilogue by Miquel Batllori. Solo exhibitions in Barcelona, San Francisco, Madrid, Milan, Düsseldorf, Helsinki, Knokke-le-Zoute, Alcoi, Albacete and Paris.</p>

<p>1983 Unveiling in Barcelona of the artist’s monumental sculpture in homage to Picasso. Designs the paving of the Plaça de [&hellip;]</p>

<!-- This site is optimized with the Yoast SEO plugin v20.11 - https://yoast.com/wordpress/plugins/seo/ -->
<title>1983-1985 - Museu Tàpies</title>
<meta name="robots" content="index, follow, max-snippet:-1, max-image-preview:large, max-video-preview:-1" />
<meta property="og:locale" content="en_US" />
<meta property="og:type" content="article" />
<meta property="og:title" content="1983-1985 - Museu Tàpies" />
<meta property="og:description" content="1983 Unveiling in Barcelona of the artist’s monumental sculpture in homage to Picasso. Designs the paving of the Plaça de [&hellip;]" />
<meta property="og:url" content="https://museutapies.org/en/biography/1983-1985/" />
<meta property="og:site_name" content="Museu Tàpies" />
<meta property="article:publisher" content="https://www.facebook.com/museutapies" />
<meta property="article:modified_time" content="2018-03-12T09:51:31+00:00" />
<meta property="og:image" content="https://museutapies.org/wp-content/uploads/2018/01/AT_1983-85.jpg" />
	<meta property="og:image:width" content="841" />
	<meta property="og:image:height" content="600" />
	<meta property="og:image:type" content="image/jpeg" />
<meta name="twitter:card" content="summary_large_image" />
<meta name="twitter:label1" content="Est. reading time" />
	<meta name="twitter:data1" content="2 minutes" />
<script type="application/ld+json" class="yoast-schema-graph">{"@context":"https://schema.org","@graph":[{"@type":"WebPage","@id":"https://museutapies.org/en/biography/1983-1985/","url":"https://museutapies.org/en/biography/1983-1985/","name":"1983-1985 - Museu Tàpies","isPartOf":{"@id":"https://museutapies.org/en/#website"},"datePublished":"2018-01-23T09:31:36+00:00","dateModified":"2018-03-12T09:51:31+00:00","breadcrumb":{"@id":"https://museutapies.org/en/biography/1983-1985/#breadcrumb"},"inLanguage":"en-US","potentialAction":[{"@type":"ReadAction","target":["https://museutapies.org/en/biography/1983-1985/"]}]},{"@type":"BreadcrumbList","@id":"https://museutapies.org/en/biography/1983-1985/#breadcrumb","itemListElement":[{"@type":"ListItem","position":1,"name":"Biography","item":"https://museutapies.org/en/biography/"},{"@type":"ListItem","position":2,"name":"1983-1985"}]},{"@type":"WebSite","@id":"https://museutapies.org/en/#website","url":"https://museutapies.org/en/","name":"Museu Tàpies","description":"","publisher":{"@id":"https://museutapies.org/en/#organization"},"potentialAction":[{"@type":"SearchAction","target":{"@type":"EntryPoint","urlTemplate":"https://museutapies.org/en/?s={search_term_string}"},"query-input":"required name=search_term_string"}],"inLanguage":"en-US"},{"@type":"Organization","@id":"https://museutapies.org/en/#organization","name":"Museu Tàpies","url":"https://museutapies.org/en/","logo":{"@type":"ImageObject","inLanguage":"en-US","@id":"https://museutapies.org/en/#/schema/logo/image/","url":"https://museutapies.org/wp-content/uploads/2024/07/mta.png","contentUrl":"https://museutapies.org/wp-content/uploads/2024/07/mta.png","width":244,"height":110,"caption":"Museu Tàpies"},"image":{"@id":"https://museutapies.org/en/#/schema/logo/image/"},"sameAs":["https://www.facebook.com/museutapies","https://www.instagram.com/museutapies/","https://www.youtube.com/channel/UCPi65HBb48RMeoa12lR51cQ","https://x.com/MuseuTapies"]}]}</script>
<!-- / Yoast SEO plugin. -->

1983-1985 - Museu Tàpies

1983 Unveiling in Barcelona of the artist’s monumental sculpture in homage to Picasso. Designs the paving of the Plaça de [&hellip;]

Museu Tàpies
