{"id":16398,"date":"2018-02-14T09:58:51","date_gmt":"2018-02-14T09:58:51","guid":{"rendered":"https:\/\/museutapies.org\/producte\/memoria-personal-fragment-autobiografia\/"},"modified":"2024-11-26T10:42:29","modified_gmt":"2024-11-26T09:42:29","slug":"memoria-personal-fragment-autobiografia","status":"publish","type":"product","link":"https:\/\/museutapies.org\/en\/producte\/memoria-personal-fragment-autobiografia\/","title":{"rendered":"Mem\u00f2ria Personal. Fragment per a una autobiografia"},"content":{"rendered":"<p>First volume of T\u00e0pies\u2019 complete writings that brings together all of his memoirs. It includes historical images, some of them taken from the artist\u2019s family and private archive, a chronology and a selection of works showing the development of the artist\u2019s language since the 1940s.<\/p>\n","protected":false},"excerpt":{"rendered":"<p>First volume of T\u00e0pies\u2019 complete writings that brings together all of his memoirs. It includes historical images, some of them [&hellip;]<\/p>\n","protected":false},"featured_media":15816,"comment_status":"closed","ping_status":"closed","template":"","meta":{"footnotes":""},"product_cat":[114,127,136],"product_tag":[],"acf":[],"yoast_head":"<!-- This site is optimized with the Yoast SEO plugin v20.11 - https:\/\/yoast.com\/wordpress\/plugins\/seo\/ -->\n<title>Mem\u00f2ria Personal. Fragment per a una autobiografia - Museu T\u00e0pies<\/title>\n<meta name=\"description\" content=\"First volume of T\u00e0pies\u2019 complete writings that brings together all of his memoirs. It includes historical images, some of them taken from the artist\u2019s family and private archive, a chronology and a selection of works showing the development of the artist\u2019s language since the 1940s.\" \/>\n<meta name=\"robots\" content=\"index, follow, max-snippet:-1, max-image-preview:large, max-video-preview:-1\" \/>\n<meta property=\"og:locale\" content=\"en_US\" \/>\n<meta property=\"og:type\" content=\"article\" \/>\n<meta property=\"og:title\" content=\"Mem\u00f2ria Personal. Fragment per a una autobiografia - Museu T\u00e0pies\" \/>\n<meta property=\"og:description\" content=\"First volume of T\u00e0pies\u2019 complete writings that brings together all of his memoirs. It includes historical images, some of them taken from the artist\u2019s family and private archive, a chronology and a selection of works showing the development of the artist\u2019s language since the 1940s.\" \/>\n<meta property=\"og:url\" content=\"https:\/\/museutapies.org\/en\/producte\/memoria-personal-fragment-autobiografia\/\" \/>\n<meta property=\"og:site_name\" content=\"Museu T\u00e0pies\" \/>\n<meta property=\"article:publisher\" content=\"https:\/\/www.facebook.com\/museutapies\" \/>\n<meta property=\"article:modified_time\" content=\"2024-11-26T09:42:29+00:00\" \/>\n<meta property=\"og:image\" content=\"https:\/\/museutapies.org\/wp-content\/uploads\/2018\/02\/tapies-memoria-personal.jpg\" \/>\n\t<meta property=\"og:image:width\" content=\"1400\" \/>\n\t<meta property=\"og:image:height\" content=\"1400\" \/>\n\t<meta property=\"og:image:type\" content=\"image\/jpeg\" \/>\n<meta name=\"twitter:card\" content=\"summary_large_image\" \/>\n<meta name=\"twitter:label1\" content=\"Est. reading time\" \/>\n\t<meta name=\"twitter:data1\" content=\"1 minute\" \/>\n<script type=\"application\/ld+json\" class=\"yoast-schema-graph\">{\"@context\":\"https:\/\/schema.org\",\"@graph\":[{\"@type\":\"WebPage\",\"@id\":\"https:\/\/museutapies.org\/en\/producte\/memoria-personal-fragment-autobiografia\/\",\"url\":\"https:\/\/museutapies.org\/en\/producte\/memoria-personal-fragment-autobiografia\/\",\"name\":\"Mem\u00f2ria Personal. Fragment per a una autobiografia - Museu T\u00e0pies\",\"isPartOf\":{\"@id\":\"https:\/\/museutapies.org\/en\/#website\"},\"datePublished\":\"2018-02-14T09:58:51+00:00\",\"dateModified\":\"2024-11-26T09:42:29+00:00\",\"description\":\"First volume of T\u00e0pies\u2019 complete writings that brings together all of his memoirs. It includes historical images, some of them taken from the artist\u2019s family and private archive, a chronology and a selection of works showing the development of the artist\u2019s language since the 1940s.\",\"breadcrumb\":{\"@id\":\"https:\/\/museutapies.org\/en\/producte\/memoria-personal-fragment-autobiografia\/#breadcrumb\"},\"inLanguage\":\"en-US\",\"potentialAction\":[{\"@type\":\"ReadAction\",\"target\":[\"https:\/\/museutapies.org\/en\/producte\/memoria-personal-fragment-autobiografia\/\"]}]},{\"@type\":\"BreadcrumbList\",\"@id\":\"https:\/\/museutapies.org\/en\/producte\/memoria-personal-fragment-autobiografia\/#breadcrumb\",\"itemListElement\":[{\"@type\":\"ListItem\",\"position\":1,\"name\":\"Tots els productes\",\"item\":\"https:\/\/museutapies.org\/productes\/\"},{\"@type\":\"ListItem\",\"position\":2,\"name\":\"Mem\u00f2ria Personal. Fragment per a una autobiografia\"}]},{\"@type\":\"WebSite\",\"@id\":\"https:\/\/museutapies.org\/en\/#website\",\"url\":\"https:\/\/museutapies.org\/en\/\",\"name\":\"Museu T\u00e0pies\",\"description\":\"\",\"publisher\":{\"@id\":\"https:\/\/museutapies.org\/en\/#organization\"},\"potentialAction\":[{\"@type\":\"SearchAction\",\"target\":{\"@type\":\"EntryPoint\",\"urlTemplate\":\"https:\/\/museutapies.org\/en\/?s={search_term_string}\"},\"query-input\":\"required name=search_term_string\"}],\"inLanguage\":\"en-US\"},{\"@type\":\"Organization\",\"@id\":\"https:\/\/museutapies.org\/en\/#organization\",\"name\":\"Museu T\u00e0pies\",\"url\":\"https:\/\/museutapies.org\/en\/\",\"logo\":{\"@type\":\"ImageObject\",\"inLanguage\":\"en-US\",\"@id\":\"https:\/\/museutapies.org\/en\/#\/schema\/logo\/image\/\",\"url\":\"https:\/\/museutapies.org\/wp-content\/uploads\/2024\/07\/mta.png\",\"contentUrl\":\"https:\/\/museutapies.org\/wp-content\/uploads\/2024\/07\/mta.png\",\"width\":244,\"height\":110,\"caption\":\"Museu T\u00e0pies\"},\"image\":{\"@id\":\"https:\/\/museutapies.org\/en\/#\/schema\/logo\/image\/\"},\"sameAs\":[\"https:\/\/www.facebook.com\/museutapies\",\"https:\/\/www.instagram.com\/museutapies\/\",\"https:\/\/www.youtube.com\/channel\/UCPi65HBb48RMeoa12lR51cQ\",\"https:\/\/x.com\/MuseuTapies\"]}]}<\/script>\n<!-- \/ Yoast SEO plugin. -->","yoast_head_json":{"title":"Mem\u00f2ria Personal. Fragment per a una autobiografia - Museu T\u00e0pies","description":"First volume of T\u00e0pies\u2019 complete writings that brings together all of his memoirs. It includes historical images, some of them taken from the artist\u2019s family and private archive, a chronology and a selection of works showing the development of the artist\u2019s language since the 1940s.","robots":{"index":"index","follow":"follow","max-snippet":"max-snippet:-1","max-image-preview":"max-image-preview:large","max-video-preview":"max-video-preview:-1"},"og_locale":"en_US","og_type":"article","og_title":"Mem\u00f2ria Personal. Fragment per a una autobiografia - Museu T\u00e0pies","og_description":"First volume of T\u00e0pies\u2019 complete writings that brings together all of his memoirs. It includes historical images, some of them taken from the artist\u2019s family and private archive, a chronology and a selection of works showing the development of the artist\u2019s language since the 1940s.","og_url":"https:\/\/museutapies.org\/en\/producte\/memoria-personal-fragment-autobiografia\/","og_site_name":"Museu T\u00e0pies","article_publisher":"https:\/\/www.facebook.com\/museutapies","article_modified_time":"2024-11-26T09:42:29+00:00","og_image":[{"width":1400,"height":1400,"url":"https:\/\/museutapies.org\/wp-content\/uploads\/2018\/02\/tapies-memoria-personal.jpg","type":"image\/jpeg"}],"twitter_card":"summary_large_image","twitter_misc":{"Est. reading time":"1 minute"},"schema":{"@context":"https:\/\/schema.org","@graph":[{"@type":"WebPage","@id":"https:\/\/museutapies.org\/en\/producte\/memoria-personal-fragment-autobiografia\/","url":"https:\/\/museutapies.org\/en\/producte\/memoria-personal-fragment-autobiografia\/","name":"Mem\u00f2ria Personal. Fragment per a una autobiografia - Museu T\u00e0pies","isPartOf":{"@id":"https:\/\/museutapies.org\/en\/#website"},"datePublished":"2018-02-14T09:58:51+00:00","dateModified":"2024-11-26T09:42:29+00:00","description":"First volume of T\u00e0pies\u2019 complete writings that brings together all of his memoirs. It includes historical images, some of them taken from the artist\u2019s family and private archive, a chronology and a selection of works showing the development of the artist\u2019s language since the 1940s.","breadcrumb":{"@id":"https:\/\/museutapies.org\/en\/producte\/memoria-personal-fragment-autobiografia\/#breadcrumb"},"inLanguage":"en-US","potentialAction":[{"@type":"ReadAction","target":["https:\/\/museutapies.org\/en\/producte\/memoria-personal-fragment-autobiografia\/"]}]},{"@type":"BreadcrumbList","@id":"https:\/\/museutapies.org\/en\/producte\/memoria-personal-fragment-autobiografia\/#breadcrumb","itemListElement":[{"@type":"ListItem","position":1,"name":"Tots els productes","item":"https:\/\/museutapies.org\/productes\/"},{"@type":"ListItem","position":2,"name":"Mem\u00f2ria Personal. Fragment per a una autobiografia"}]},{"@type":"WebSite","@id":"https:\/\/museutapies.org\/en\/#website","url":"https:\/\/museutapies.org\/en\/","name":"Museu T\u00e0pies","description":"","publisher":{"@id":"https:\/\/museutapies.org\/en\/#organization"},"potentialAction":[{"@type":"SearchAction","target":{"@type":"EntryPoint","urlTemplate":"https:\/\/museutapies.org\/en\/?s={search_term_string}"},"query-input":"required name=search_term_string"}],"inLanguage":"en-US"},{"@type":"Organization","@id":"https:\/\/museutapies.org\/en\/#organization","name":"Museu T\u00e0pies","url":"https:\/\/museutapies.org\/en\/","logo":{"@type":"ImageObject","inLanguage":"en-US","@id":"https:\/\/museutapies.org\/en\/#\/schema\/logo\/image\/","url":"https:\/\/museutapies.org\/wp-content\/uploads\/2024\/07\/mta.png","contentUrl":"https:\/\/museutapies.org\/wp-content\/uploads\/2024\/07\/mta.png","width":244,"height":110,"caption":"Museu T\u00e0pies"},"image":{"@id":"https:\/\/museutapies.org\/en\/#\/schema\/logo\/image\/"},"sameAs":["https:\/\/www.facebook.com\/museutapies","https:\/\/www.instagram.com\/museutapies\/","https:\/\/www.youtube.com\/channel\/UCPi65HBb48RMeoa12lR51cQ","https:\/\/x.com\/MuseuTapies"]}]}},"_links":{"self":[{"href":"https:\/\/museutapies.org\/en\/wp-json\/wp\/v2\/product\/16398"}],"collection":[{"href":"https:\/\/museutapies.org\/en\/wp-json\/wp\/v2\/product"}],"about":[{"href":"https:\/\/museutapies.org\/en\/wp-json\/wp\/v2\/types\/product"}],"replies":[{"embeddable":true,"href":"https:\/\/museutapies.org\/en\/wp-json\/wp\/v2\/comments?post=16398"}],"version-history":[{"count":3,"href":"https:\/\/museutapies.org\/en\/wp-json\/wp\/v2\/product\/16398\/revisions"}],"predecessor-version":[{"id":20082,"href":"https:\/\/museutapies.org\/en\/wp-json\/wp\/v2\/product\/16398\/revisions\/20082"}],"wp:featuredmedia":[{"embeddable":true,"href":"https:\/\/museutapies.org\/en\/wp-json\/wp\/v2\/media\/15816"}],"wp:attachment":[{"href":"https:\/\/museutapies.org\/en\/wp-json\/wp\/v2\/media?parent=16398"}],"wp:term":[{"taxonomy":"product_cat","embeddable":true,"href":"https:\/\/museutapies.org\/en\/wp-json\/wp\/v2\/product_cat?post=16398"},{"taxonomy":"product_tag","embeddable":true,"href":"https:\/\/museutapies.org\/en\/wp-json\/wp\/v2\/product_tag?post=16398"}],"curies":[{"name":"wp","href":"https:\/\/api.w.org\/{rel}","templated":true}]}}

Memòria Personal. Fragment per a una autobiografia

<p>First volume of Tàpies’ complete writings that brings together all of his memoirs. It includes historical images, some of them taken from the artist’s family and private archive, a chronology and a selection of works showing the development of the artist’s language since the 1940s.</p>

<p>First volume of Tàpies’ complete writings that brings together all of his memoirs. It includes historical images, some of them [&hellip;]</p>

<!-- This site is optimized with the Yoast SEO plugin v20.11 - https://yoast.com/wordpress/plugins/seo/ -->
<title>Memòria Personal. Fragment per a una autobiografia - Museu Tàpies</title>
<meta name="description" content="First volume of Tàpies’ complete writings that brings together all of his memoirs. It includes historical images, some of them taken from the artist’s family and private archive, a chronology and a selection of works showing the development of the artist’s language since the 1940s." />
<meta name="robots" content="index, follow, max-snippet:-1, max-image-preview:large, max-video-preview:-1" />
<meta property="og:locale" content="en_US" />
<meta property="og:type" content="article" />
<meta property="og:title" content="Memòria Personal. Fragment per a una autobiografia - Museu Tàpies" />
<meta property="og:description" content="First volume of Tàpies’ complete writings that brings together all of his memoirs. It includes historical images, some of them taken from the artist’s family and private archive, a chronology and a selection of works showing the development of the artist’s language since the 1940s." />
<meta property="og:url" content="https://museutapies.org/en/producte/memoria-personal-fragment-autobiografia/" />
<meta property="og:site_name" content="Museu Tàpies" />
<meta property="article:publisher" content="https://www.facebook.com/museutapies" />
<meta property="article:modified_time" content="2024-11-26T09:42:29+00:00" />
<meta property="og:image" content="https://museutapies.org/wp-content/uploads/2018/02/tapies-memoria-personal.jpg" />
	<meta property="og:image:width" content="1400" />
	<meta property="og:image:height" content="1400" />
	<meta property="og:image:type" content="image/jpeg" />
<meta name="twitter:card" content="summary_large_image" />
<meta name="twitter:label1" content="Est. reading time" />
	<meta name="twitter:data1" content="1 minute" />
<script type="application/ld+json" class="yoast-schema-graph">{"@context":"https://schema.org","@graph":[{"@type":"WebPage","@id":"https://museutapies.org/en/producte/memoria-personal-fragment-autobiografia/","url":"https://museutapies.org/en/producte/memoria-personal-fragment-autobiografia/","name":"Memòria Personal. Fragment per a una autobiografia - Museu Tàpies","isPartOf":{"@id":"https://museutapies.org/en/#website"},"datePublished":"2018-02-14T09:58:51+00:00","dateModified":"2024-11-26T09:42:29+00:00","description":"First volume of Tàpies’ complete writings that brings together all of his memoirs. It includes historical images, some of them taken from the artist’s family and private archive, a chronology and a selection of works showing the development of the artist’s language since the 1940s.","breadcrumb":{"@id":"https://museutapies.org/en/producte/memoria-personal-fragment-autobiografia/#breadcrumb"},"inLanguage":"en-US","potentialAction":[{"@type":"ReadAction","target":["https://museutapies.org/en/producte/memoria-personal-fragment-autobiografia/"]}]},{"@type":"BreadcrumbList","@id":"https://museutapies.org/en/producte/memoria-personal-fragment-autobiografia/#breadcrumb","itemListElement":[{"@type":"ListItem","position":1,"name":"Tots els productes","item":"https://museutapies.org/productes/"},{"@type":"ListItem","position":2,"name":"Memòria Personal. Fragment per a una autobiografia"}]},{"@type":"WebSite","@id":"https://museutapies.org/en/#website","url":"https://museutapies.org/en/","name":"Museu Tàpies","description":"","publisher":{"@id":"https://museutapies.org/en/#organization"},"potentialAction":[{"@type":"SearchAction","target":{"@type":"EntryPoint","urlTemplate":"https://museutapies.org/en/?s={search_term_string}"},"query-input":"required name=search_term_string"}],"inLanguage":"en-US"},{"@type":"Organization","@id":"https://museutapies.org/en/#organization","name":"Museu Tàpies","url":"https://museutapies.org/en/","logo":{"@type":"ImageObject","inLanguage":"en-US","@id":"https://museutapies.org/en/#/schema/logo/image/","url":"https://museutapies.org/wp-content/uploads/2024/07/mta.png","contentUrl":"https://museutapies.org/wp-content/uploads/2024/07/mta.png","width":244,"height":110,"caption":"Museu Tàpies"},"image":{"@id":"https://museutapies.org/en/#/schema/logo/image/"},"sameAs":["https://www.facebook.com/museutapies","https://www.instagram.com/museutapies/","https://www.youtube.com/channel/UCPi65HBb48RMeoa12lR51cQ","https://x.com/MuseuTapies"]}]}</script>
<!-- / Yoast SEO plugin. -->

Memòria Personal. Fragment per a una autobiografia - Museu Tàpies

First volume of Tàpies’ complete writings that brings together all of his memoirs. It includes historical images, some of them taken from the artist’s family and private archive, a chronology and a selection of works showing the development of the artist’s language since the 1940s.

Museu Tàpies
