{"id":33373,"date":"2024-04-23T10:56:44","date_gmt":"2024-04-23T08:56:44","guid":{"rendered":"https:\/\/museutapies.org\/?post_type=tribe_events&#038;p=33373"},"modified":"2024-04-26T12:46:33","modified_gmt":"2024-04-26T10:46:33","slug":"tapies-chairs-joana-gomila","status":"publish","type":"tribe_events","link":"https:\/\/museutapies.org\/en\/event\/tapies-chairs-joana-gomila\/","title":{"rendered":"T\u00e0pies\u2019 Chairs: Joana Gomila"},"content":{"rendered":"<div class=\"load-turitop\" data-service=\"P98\" data-lang=\"en\" data-embed=\"button\">Tickets<\/div>\n<p>&nbsp;<\/p>\n<p><img loading=\"lazy\" decoding=\"async\" class=\"alignnone size-medium wp-image-33367\" src=\"https:\/\/museutapies.org\/wp-content\/uploads\/2024\/01\/Joana-Gomila-b-800x533.jpg\" alt=\"\" width=\"800\" height=\"533\" srcset=\"https:\/\/museutapies.org\/wp-content\/uploads\/2024\/01\/Joana-Gomila-b-800x533.jpg 800w, https:\/\/museutapies.org\/wp-content\/uploads\/2024\/01\/Joana-Gomila-b-900x600.jpg 900w, https:\/\/museutapies.org\/wp-content\/uploads\/2024\/01\/Joana-Gomila-b-768x512.jpg 768w, https:\/\/museutapies.org\/wp-content\/uploads\/2024\/01\/Joana-Gomila-b-1536x1024.jpg 1536w, https:\/\/museutapies.org\/wp-content\/uploads\/2024\/01\/Joana-Gomila-b-500x333.jpg 500w, https:\/\/museutapies.org\/wp-content\/uploads\/2024\/01\/Joana-Gomila-b-380x253.jpg 380w, https:\/\/museutapies.org\/wp-content\/uploads\/2024\/01\/Joana-Gomila-b-600x400.jpg 600w, https:\/\/museutapies.org\/wp-content\/uploads\/2024\/01\/Joana-Gomila-b.jpg 2040w\" sizes=\"(max-width: 800px) 100vw, 800px\" \/><\/p>\n<p>&nbsp;<\/p>\n<p><a href=\"https:\/\/museutapies.org\/en\/activitat\/programme-tapies-chairs\/\"><em>T\u00e0pies<\/em><em>\u2019 <\/em><em>Chairs<\/em><\/a> is a series of multidisciplinary sound actions organised in the context of the <a href=\"https:\/\/museutapies.org\/en\/tapies-year\/\">T\u00e0pies Centenary Year<\/a>, with the collaboration of Pompeu Fabra University. The proposal focuses on the voice and words to create a sound accompaniment to oral memory. In this way, each of the thirteen sessions will feature a creator whose starting point will be the chair, taken as a performative object, linking back to the creative universe of T\u00e0pies through the expressive languages and settings of the present day.<\/p>\n<p>The action of the sixth chair of T\u00e0pies is <em>We Hear I<\/em>, by Joana Gomila. In recent months, Gomila has travelled with a homemade microphone (placed on a cork), a small guitar, a chair and the Ursula K. Le Guin version of the <em>Tao Te Ching. <\/em>Over the course of her journey, she has sought out places to stay, which at first were churches and chapels. During the process, she has found shelter in gardens, coves, caves and farmers&#8217; fields. The goal of her travels was to read a poem from the Tao, then do a vocal improvisation-meditation that would make her at one with herself for ten minutes at each place of refuge. From the material arising from this, Gomila has made a selection comprising the basis for this living installation, conceived to be shown at the Fundaci\u00f3 Antoni T\u00e0p\u00eces. <em>O\u00efm <\/em>(We Hear) means paying attention to what we sense with our ears. <em>O\u00efm<\/em> means to listen actively, willingly, involving ourselves in our surroundings.<\/p>\n<p>&nbsp;<\/p>\n<p><strong>Joana Gomila<\/strong> is a musician, singer and composer, and is co-director of the Suralita centre for creation. In her album projects <em>Folk Souvenir<\/em>, <em>Parad\u00eds<\/em> and <em>Aix\u00ed De\u00e7\u00e0<\/em> (the latter two with Laia Vall\u00e8s), she has been inspired by the sensitive material of tradition, along with improvisation, experimentation and thought, conceived as a living, musical approach to things. Gomila won the 2020 Altaveu Award, the Ciutat de Palma Award in 2017 (for <em>Folk Souvenir<\/em>) and 2020 (for <em>Parad\u00eds<\/em>), the Enderrock Critics&#8217; Award in 2020 (for <em>Parad\u00eds<\/em>) and the Bartomeu Rossell\u00f3-P\u00f2rcel Award of the OCB in 2018.<\/p>\n<p>Since 2012, Gomila has created the music and soundscapes of many shows documentaries. She has worked with Lali Ayguad\u00e9, Andr\u00e9s Lima, Els Escarlata, Hotel iocandi, Mariant\u00f2nia Oliver and Cesc Mulet, amongst others. She has also collaborated with numerous musicians, including Joan Miquel Oliver, James Acaster, Miquel Serra, Iago Aguado, Marcel\u00b7l\u00ed Bayer, Toni Vaquer, Celeste Al\u00edas and Anna Subirana.<\/p>\n<p>&#8220;I am an unsettled person, a musician, and my experimental urges connect with my love for popular music and sound archives, which I have been fortunate to be able to locate and research through my duo with Laia Vall\u00e8s. I also have ties to and great love for the performing arts, and often compose music for dance, the circus, cinema and other unclassifiable expressive languages. I need to be able to dream and imagine futures with the people close to me, surrounded by a human flux able to constantly enliven my spirit.&#8221;<\/p>\n<p>&nbsp;<\/p>\n","protected":false},"excerpt":{"rendered":"<p>This sixth chair of T\u00e0pies, entitled We Hear I, is a proposal by Joana Gomila <\/p>\n","protected":false},"author":3,"featured_media":33367,"comment_status":"closed","ping_status":"closed","template":"","meta":{"_tribe_events_status":"","_tribe_events_status_reason":"","_tribe_events_is_hybrid":"","_tribe_events_is_virtual":"","_tribe_events_virtual_video_source":"","_tribe_events_virtual_embed_video":"","_tribe_events_virtual_linked_button_text":"","_tribe_events_virtual_linked_button":"","_tribe_events_virtual_show_embed_at":"","_tribe_events_virtual_show_embed_to":[],"_tribe_events_virtual_show_on_event":"","_tribe_events_virtual_show_on_views":"","_tribe_events_virtual_url":"","footnotes":""},"tags":[],"tribe_events_cat":[5770],"acf":[],"yoast_head":"<!-- This site is optimized with the Yoast SEO plugin v20.11 - https:\/\/yoast.com\/wordpress\/plugins\/seo\/ -->\n<title>T\u00e0pies\u2019 Chairs: Joana Gomila - Museu T\u00e0pies<\/title>\n<meta name=\"description\" content=\"This sixth chair of T\u00e0pies, entitled We Hear I, is a proposal by Joana Gomila\" \/>\n<meta name=\"robots\" content=\"index, follow, max-snippet:-1, max-image-preview:large, max-video-preview:-1\" \/>\n<meta property=\"og:locale\" content=\"en_US\" \/>\n<meta property=\"og:type\" content=\"article\" \/>\n<meta property=\"og:title\" content=\"T\u00e0pies\u2019 Chairs: Joana Gomila - Museu T\u00e0pies\" \/>\n<meta property=\"og:description\" content=\"This sixth chair of T\u00e0pies, entitled We Hear I, is a proposal by Joana Gomila\" \/>\n<meta property=\"og:url\" content=\"https:\/\/museutapies.org\/en\/event\/tapies-chairs-joana-gomila\/\" \/>\n<meta property=\"og:site_name\" content=\"Museu T\u00e0pies\" \/>\n<meta property=\"article:publisher\" content=\"https:\/\/www.facebook.com\/museutapies\" \/>\n<meta property=\"article:modified_time\" content=\"2024-04-26T10:46:33+00:00\" \/>\n<meta property=\"og:image\" content=\"https:\/\/museutapies.org\/wp-content\/uploads\/2024\/01\/Joana-Gomila-b.jpg\" \/>\n\t<meta property=\"og:image:width\" content=\"2040\" \/>\n\t<meta property=\"og:image:height\" content=\"1360\" \/>\n\t<meta property=\"og:image:type\" content=\"image\/jpeg\" \/>\n<meta name=\"twitter:card\" content=\"summary_large_image\" \/>\n<meta name=\"twitter:label1\" content=\"Est. reading time\" \/>\n\t<meta name=\"twitter:data1\" content=\"3 minutes\" \/>\n<script type=\"application\/ld+json\" class=\"yoast-schema-graph\">{\"@context\":\"https:\/\/schema.org\",\"@graph\":[{\"@type\":\"WebPage\",\"@id\":\"https:\/\/museutapies.org\/en\/event\/tapies-chairs-joana-gomila\/\",\"url\":\"https:\/\/museutapies.org\/en\/event\/tapies-chairs-joana-gomila\/\",\"name\":\"T\u00e0pies\u2019 Chairs: Joana Gomila - Museu T\u00e0pies\",\"isPartOf\":{\"@id\":\"https:\/\/museutapies.org\/en\/#website\"},\"datePublished\":\"2024-04-23T08:56:44+00:00\",\"dateModified\":\"2024-04-26T10:46:33+00:00\",\"description\":\"This sixth chair of T\u00e0pies, entitled We Hear I, is a proposal by Joana Gomila\",\"breadcrumb\":{\"@id\":\"https:\/\/museutapies.org\/en\/event\/tapies-chairs-joana-gomila\/#breadcrumb\"},\"inLanguage\":\"en-US\",\"potentialAction\":[{\"@type\":\"ReadAction\",\"target\":[\"https:\/\/museutapies.org\/en\/event\/tapies-chairs-joana-gomila\/\"]}]},{\"@type\":\"BreadcrumbList\",\"@id\":\"https:\/\/museutapies.org\/en\/event\/tapies-chairs-joana-gomila\/#breadcrumb\",\"itemListElement\":[{\"@type\":\"ListItem\",\"position\":1,\"name\":\"Esdeveniments\",\"item\":\"https:\/\/museutapies.org\/agenda\/\"},{\"@type\":\"ListItem\",\"position\":2,\"name\":\"T\u00e0pies\u2019 Chairs: Joana Gomila\"}]},{\"@type\":\"WebSite\",\"@id\":\"https:\/\/museutapies.org\/en\/#website\",\"url\":\"https:\/\/museutapies.org\/en\/\",\"name\":\"Museu T\u00e0pies\",\"description\":\"\",\"publisher\":{\"@id\":\"https:\/\/museutapies.org\/en\/#organization\"},\"potentialAction\":[{\"@type\":\"SearchAction\",\"target\":{\"@type\":\"EntryPoint\",\"urlTemplate\":\"https:\/\/museutapies.org\/en\/?s={search_term_string}\"},\"query-input\":\"required name=search_term_string\"}],\"inLanguage\":\"en-US\"},{\"@type\":\"Organization\",\"@id\":\"https:\/\/museutapies.org\/en\/#organization\",\"name\":\"Museu T\u00e0pies\",\"url\":\"https:\/\/museutapies.org\/en\/\",\"logo\":{\"@type\":\"ImageObject\",\"inLanguage\":\"en-US\",\"@id\":\"https:\/\/museutapies.org\/en\/#\/schema\/logo\/image\/\",\"url\":\"https:\/\/museutapies.org\/wp-content\/uploads\/2024\/07\/mta.png\",\"contentUrl\":\"https:\/\/museutapies.org\/wp-content\/uploads\/2024\/07\/mta.png\",\"width\":244,\"height\":110,\"caption\":\"Museu T\u00e0pies\"},\"image\":{\"@id\":\"https:\/\/museutapies.org\/en\/#\/schema\/logo\/image\/\"},\"sameAs\":[\"https:\/\/www.facebook.com\/museutapies\",\"https:\/\/www.instagram.com\/museutapies\/\",\"https:\/\/www.youtube.com\/channel\/UCPi65HBb48RMeoa12lR51cQ\",\"https:\/\/x.com\/MuseuTapies\"]}]}<\/script>\n<!-- \/ Yoast SEO plugin. -->","yoast_head_json":{"title":"T\u00e0pies\u2019 Chairs: Joana Gomila - Museu T\u00e0pies","description":"This sixth chair of T\u00e0pies, entitled We Hear I, is a proposal by Joana Gomila","robots":{"index":"index","follow":"follow","max-snippet":"max-snippet:-1","max-image-preview":"max-image-preview:large","max-video-preview":"max-video-preview:-1"},"og_locale":"en_US","og_type":"article","og_title":"T\u00e0pies\u2019 Chairs: Joana Gomila - Museu T\u00e0pies","og_description":"This sixth chair of T\u00e0pies, entitled We Hear I, is a proposal by Joana Gomila","og_url":"https:\/\/museutapies.org\/en\/event\/tapies-chairs-joana-gomila\/","og_site_name":"Museu T\u00e0pies","article_publisher":"https:\/\/www.facebook.com\/museutapies","article_modified_time":"2024-04-26T10:46:33+00:00","og_image":[{"width":2040,"height":1360,"url":"https:\/\/museutapies.org\/wp-content\/uploads\/2024\/01\/Joana-Gomila-b.jpg","type":"image\/jpeg"}],"twitter_card":"summary_large_image","twitter_misc":{"Est. reading time":"3 minutes"},"schema":{"@context":"https:\/\/schema.org","@graph":[{"@type":"WebPage","@id":"https:\/\/museutapies.org\/en\/event\/tapies-chairs-joana-gomila\/","url":"https:\/\/museutapies.org\/en\/event\/tapies-chairs-joana-gomila\/","name":"T\u00e0pies\u2019 Chairs: Joana Gomila - Museu T\u00e0pies","isPartOf":{"@id":"https:\/\/museutapies.org\/en\/#website"},"datePublished":"2024-04-23T08:56:44+00:00","dateModified":"2024-04-26T10:46:33+00:00","description":"This sixth chair of T\u00e0pies, entitled We Hear I, is a proposal by Joana Gomila","breadcrumb":{"@id":"https:\/\/museutapies.org\/en\/event\/tapies-chairs-joana-gomila\/#breadcrumb"},"inLanguage":"en-US","potentialAction":[{"@type":"ReadAction","target":["https:\/\/museutapies.org\/en\/event\/tapies-chairs-joana-gomila\/"]}]},{"@type":"BreadcrumbList","@id":"https:\/\/museutapies.org\/en\/event\/tapies-chairs-joana-gomila\/#breadcrumb","itemListElement":[{"@type":"ListItem","position":1,"name":"Esdeveniments","item":"https:\/\/museutapies.org\/agenda\/"},{"@type":"ListItem","position":2,"name":"T\u00e0pies\u2019 Chairs: Joana Gomila"}]},{"@type":"WebSite","@id":"https:\/\/museutapies.org\/en\/#website","url":"https:\/\/museutapies.org\/en\/","name":"Museu T\u00e0pies","description":"","publisher":{"@id":"https:\/\/museutapies.org\/en\/#organization"},"potentialAction":[{"@type":"SearchAction","target":{"@type":"EntryPoint","urlTemplate":"https:\/\/museutapies.org\/en\/?s={search_term_string}"},"query-input":"required name=search_term_string"}],"inLanguage":"en-US"},{"@type":"Organization","@id":"https:\/\/museutapies.org\/en\/#organization","name":"Museu T\u00e0pies","url":"https:\/\/museutapies.org\/en\/","logo":{"@type":"ImageObject","inLanguage":"en-US","@id":"https:\/\/museutapies.org\/en\/#\/schema\/logo\/image\/","url":"https:\/\/museutapies.org\/wp-content\/uploads\/2024\/07\/mta.png","contentUrl":"https:\/\/museutapies.org\/wp-content\/uploads\/2024\/07\/mta.png","width":244,"height":110,"caption":"Museu T\u00e0pies"},"image":{"@id":"https:\/\/museutapies.org\/en\/#\/schema\/logo\/image\/"},"sameAs":["https:\/\/www.facebook.com\/museutapies","https:\/\/www.instagram.com\/museutapies\/","https:\/\/www.youtube.com\/channel\/UCPi65HBb48RMeoa12lR51cQ","https:\/\/x.com\/MuseuTapies"]}]}},"_links":{"self":[{"href":"https:\/\/museutapies.org\/en\/wp-json\/wp\/v2\/tribe_events\/33373"}],"collection":[{"href":"https:\/\/museutapies.org\/en\/wp-json\/wp\/v2\/tribe_events"}],"about":[{"href":"https:\/\/museutapies.org\/en\/wp-json\/wp\/v2\/types\/tribe_events"}],"author":[{"embeddable":true,"href":"https:\/\/museutapies.org\/en\/wp-json\/wp\/v2\/users\/3"}],"replies":[{"embeddable":true,"href":"https:\/\/museutapies.org\/en\/wp-json\/wp\/v2\/comments?post=33373"}],"version-history":[{"count":7,"href":"https:\/\/museutapies.org\/en\/wp-json\/wp\/v2\/tribe_events\/33373\/revisions"}],"predecessor-version":[{"id":33460,"href":"https:\/\/museutapies.org\/en\/wp-json\/wp\/v2\/tribe_events\/33373\/revisions\/33460"}],"wp:featuredmedia":[{"embeddable":true,"href":"https:\/\/museutapies.org\/en\/wp-json\/wp\/v2\/media\/33367"}],"wp:attachment":[{"href":"https:\/\/museutapies.org\/en\/wp-json\/wp\/v2\/media?parent=33373"}],"wp:term":[{"taxonomy":"post_tag","embeddable":true,"href":"https:\/\/museutapies.org\/en\/wp-json\/wp\/v2\/tags?post=33373"},{"taxonomy":"tribe_events_cat","embeddable":true,"href":"https:\/\/museutapies.org\/en\/wp-json\/wp\/v2\/tribe_events_cat?post=33373"}],"curies":[{"name":"wp","href":"https:\/\/api.w.org\/{rel}","templated":true}]}}

Tàpies’ Chairs: Joana Gomila

<div class="load-turitop" data-service="P98" data-lang="en" data-embed="button">Tickets</div>
<p>&nbsp;</p>
<p><img loading="lazy" decoding="async" class="alignnone size-medium wp-image-33367" src="https://museutapies.org/wp-content/uploads/2024/01/Joana-Gomila-b-800x533.jpg" alt="" width="800" height="533" srcset="https://museutapies.org/wp-content/uploads/2024/01/Joana-Gomila-b-800x533.jpg 800w, https://museutapies.org/wp-content/uploads/2024/01/Joana-Gomila-b-900x600.jpg 900w, https://museutapies.org/wp-content/uploads/2024/01/Joana-Gomila-b-768x512.jpg 768w, https://museutapies.org/wp-content/uploads/2024/01/Joana-Gomila-b-1536x1024.jpg 1536w, https://museutapies.org/wp-content/uploads/2024/01/Joana-Gomila-b-500x333.jpg 500w, https://museutapies.org/wp-content/uploads/2024/01/Joana-Gomila-b-380x253.jpg 380w, https://museutapies.org/wp-content/uploads/2024/01/Joana-Gomila-b-600x400.jpg 600w, https://museutapies.org/wp-content/uploads/2024/01/Joana-Gomila-b.jpg 2040w" sizes="(max-width: 800px) 100vw, 800px" /></p>
<p>&nbsp;</p>
<p><a href="https://museutapies.org/en/activitat/programme-tapies-chairs/"><em>Tàpies</em><em>’ </em><em>Chairs</em></a> is a series of multidisciplinary sound actions organised in the context of the <a href="https://museutapies.org/en/tapies-year/">Tàpies Centenary Year</a>, with the collaboration of Pompeu Fabra University. The proposal focuses on the voice and words to create a sound accompaniment to oral memory. In this way, each of the thirteen sessions will feature a creator whose starting point will be the chair, taken as a performative object, linking back to the creative universe of Tàpies through the expressive languages and settings of the present day.</p>
<p>The action of the sixth chair of Tàpies is <em>We Hear I</em>, by Joana Gomila. In recent months, Gomila has travelled with a homemade microphone (placed on a cork), a small guitar, a chair and the Ursula K. Le Guin version of the <em>Tao Te Ching. </em>Over the course of her journey, she has sought out places to stay, which at first were churches and chapels. During the process, she has found shelter in gardens, coves, caves and farmers&#8217; fields. The goal of her travels was to read a poem from the Tao, then do a vocal improvisation-meditation that would make her at one with herself for ten minutes at each place of refuge. From the material arising from this, Gomila has made a selection comprising the basis for this living installation, conceived to be shown at the Fundació Antoni Tàpìes. <em>Oïm </em>(We Hear) means paying attention to what we sense with our ears. <em>Oïm</em> means to listen actively, willingly, involving ourselves in our surroundings.</p>
<p>&nbsp;</p>
<p><strong>Joana Gomila</strong> is a musician, singer and composer, and is co-director of the Suralita centre for creation. In her album projects <em>Folk Souvenir</em>, <em>Paradís</em> and <em>Així Deçà</em> (the latter two with Laia Vallès), she has been inspired by the sensitive material of tradition, along with improvisation, experimentation and thought, conceived as a living, musical approach to things. Gomila won the 2020 Altaveu Award, the Ciutat de Palma Award in 2017 (for <em>Folk Souvenir</em>) and 2020 (for <em>Paradís</em>), the Enderrock Critics&#8217; Award in 2020 (for <em>Paradís</em>) and the Bartomeu Rosselló-Pòrcel Award of the OCB in 2018.</p>
<p>Since 2012, Gomila has created the music and soundscapes of many shows documentaries. She has worked with Lali Ayguadé, Andrés Lima, Els Escarlata, Hotel iocandi, Mariantònia Oliver and Cesc Mulet, amongst others. She has also collaborated with numerous musicians, including Joan Miquel Oliver, James Acaster, Miquel Serra, Iago Aguado, Marcel·lí Bayer, Toni Vaquer, Celeste Alías and Anna Subirana.</p>
<p>&#8220;I am an unsettled person, a musician, and my experimental urges connect with my love for popular music and sound archives, which I have been fortunate to be able to locate and research through my duo with Laia Vallès. I also have ties to and great love for the performing arts, and often compose music for dance, the circus, cinema and other unclassifiable expressive languages. I need to be able to dream and imagine futures with the people close to me, surrounded by a human flux able to constantly enliven my spirit.&#8221;</p>
<p>&nbsp;</p>

<p>This sixth chair of Tàpies, entitled We Hear I, is a proposal by Joana Gomila </p>

<!-- This site is optimized with the Yoast SEO plugin v20.11 - https://yoast.com/wordpress/plugins/seo/ -->
<title>Tàpies’ Chairs: Joana Gomila - Museu Tàpies</title>
<meta name="description" content="This sixth chair of Tàpies, entitled We Hear I, is a proposal by Joana Gomila" />
<meta name="robots" content="index, follow, max-snippet:-1, max-image-preview:large, max-video-preview:-1" />
<meta property="og:locale" content="en_US" />
<meta property="og:type" content="article" />
<meta property="og:title" content="Tàpies’ Chairs: Joana Gomila - Museu Tàpies" />
<meta property="og:description" content="This sixth chair of Tàpies, entitled We Hear I, is a proposal by Joana Gomila" />
<meta property="og:url" content="https://museutapies.org/en/event/tapies-chairs-joana-gomila/" />
<meta property="og:site_name" content="Museu Tàpies" />
<meta property="article:publisher" content="https://www.facebook.com/museutapies" />
<meta property="article:modified_time" content="2024-04-26T10:46:33+00:00" />
<meta property="og:image" content="https://museutapies.org/wp-content/uploads/2024/01/Joana-Gomila-b.jpg" />
	<meta property="og:image:width" content="2040" />
	<meta property="og:image:height" content="1360" />
	<meta property="og:image:type" content="image/jpeg" />
<meta name="twitter:card" content="summary_large_image" />
<meta name="twitter:label1" content="Est. reading time" />
	<meta name="twitter:data1" content="3 minutes" />
<script type="application/ld+json" class="yoast-schema-graph">{"@context":"https://schema.org","@graph":[{"@type":"WebPage","@id":"https://museutapies.org/en/event/tapies-chairs-joana-gomila/","url":"https://museutapies.org/en/event/tapies-chairs-joana-gomila/","name":"Tàpies’ Chairs: Joana Gomila - Museu Tàpies","isPartOf":{"@id":"https://museutapies.org/en/#website"},"datePublished":"2024-04-23T08:56:44+00:00","dateModified":"2024-04-26T10:46:33+00:00","description":"This sixth chair of Tàpies, entitled We Hear I, is a proposal by Joana Gomila","breadcrumb":{"@id":"https://museutapies.org/en/event/tapies-chairs-joana-gomila/#breadcrumb"},"inLanguage":"en-US","potentialAction":[{"@type":"ReadAction","target":["https://museutapies.org/en/event/tapies-chairs-joana-gomila/"]}]},{"@type":"BreadcrumbList","@id":"https://museutapies.org/en/event/tapies-chairs-joana-gomila/#breadcrumb","itemListElement":[{"@type":"ListItem","position":1,"name":"Esdeveniments","item":"https://museutapies.org/agenda/"},{"@type":"ListItem","position":2,"name":"Tàpies’ Chairs: Joana Gomila"}]},{"@type":"WebSite","@id":"https://museutapies.org/en/#website","url":"https://museutapies.org/en/","name":"Museu Tàpies","description":"","publisher":{"@id":"https://museutapies.org/en/#organization"},"potentialAction":[{"@type":"SearchAction","target":{"@type":"EntryPoint","urlTemplate":"https://museutapies.org/en/?s={search_term_string}"},"query-input":"required name=search_term_string"}],"inLanguage":"en-US"},{"@type":"Organization","@id":"https://museutapies.org/en/#organization","name":"Museu Tàpies","url":"https://museutapies.org/en/","logo":{"@type":"ImageObject","inLanguage":"en-US","@id":"https://museutapies.org/en/#/schema/logo/image/","url":"https://museutapies.org/wp-content/uploads/2024/07/mta.png","contentUrl":"https://museutapies.org/wp-content/uploads/2024/07/mta.png","width":244,"height":110,"caption":"Museu Tàpies"},"image":{"@id":"https://museutapies.org/en/#/schema/logo/image/"},"sameAs":["https://www.facebook.com/museutapies","https://www.instagram.com/museutapies/","https://www.youtube.com/channel/UCPi65HBb48RMeoa12lR51cQ","https://x.com/MuseuTapies"]}]}</script>
<!-- / Yoast SEO plugin. -->

Tàpies’ Chairs: Joana Gomila - Museu Tàpies

This sixth chair of Tàpies, entitled We Hear I, is a proposal by Joana Gomila

Museu Tàpies
