{"id":43727,"date":"2026-01-29T18:38:24","date_gmt":"2026-01-29T17:38:24","guid":{"rendered":"https:\/\/museutapies.org\/?post_type=tribe_events&#038;p=43727"},"modified":"2026-02-12T10:30:28","modified_gmt":"2026-02-12T09:30:28","slug":"opening-of-the-exhibition-antoni-tapies-the-perpetual-movement-of-the-wall","status":"publish","type":"tribe_events","link":"https:\/\/museutapies.org\/en\/event\/opening-of-the-exhibition-antoni-tapies-the-perpetual-movement-of-the-wall\/","title":{"rendered":"Opening of the exhibition \u201cAntoni T\u00e0pies. The Perpetual Movement of the Wall\u201d"},"content":{"rendered":"<p data-start=\"248\" data-end=\"697\"><img loading=\"lazy\" decoding=\"async\" class=\"alignnone size-medium wp-image-43590\" src=\"https:\/\/museutapies.org\/wp-content\/uploads\/2025\/11\/Antoni-Tapies-El-foc-encantat-de-Farefa-1949-633x800.png\" alt=\"\" width=\"633\" height=\"800\" srcset=\"https:\/\/museutapies.org\/wp-content\/uploads\/2025\/11\/Antoni-Tapies-El-foc-encantat-de-Farefa-1949-633x800.png 633w, https:\/\/museutapies.org\/wp-content\/uploads\/2025\/11\/Antoni-Tapies-El-foc-encantat-de-Farefa-1949-554x700.png 554w, https:\/\/museutapies.org\/wp-content\/uploads\/2025\/11\/Antoni-Tapies-El-foc-encantat-de-Farefa-1949-500x632.png 500w, https:\/\/museutapies.org\/wp-content\/uploads\/2025\/11\/Antoni-Tapies-El-foc-encantat-de-Farefa-1949-380x480.png 380w, https:\/\/museutapies.org\/wp-content\/uploads\/2025\/11\/Antoni-Tapies-El-foc-encantat-de-Farefa-1949-600x758.png 600w, https:\/\/museutapies.org\/wp-content\/uploads\/2025\/11\/Antoni-Tapies-El-foc-encantat-de-Farefa-1949.png 638w\" sizes=\"(max-width: 633px) 100vw, 633px\" \/><\/p>\n<p data-start=\"248\" data-end=\"697\"><span style=\"color: #ff0000\">NEW DATA<\/span><\/p>\n<p data-start=\"248\" data-end=\"697\">The Museu T\u00e0pies will officially open the new exhibition, <a href=\"https:\/\/museutapies.org\/en\/exposicio\/antoni-tapies-the-perpetual-movement-of-the-wall\/\"><em>Antoni T\u00e0pies. The Perpetual Movement of the Wall<\/em><\/a>, on Friday, February 13, 2026, at 7:00 p.m. The opening event is free and open to the public; no prior reservation is required. The exhibition will run until September 6, 2026, offering the public the opportunity to explore a pivotal moment in the work of Antoni T\u00e0pies.<\/p>\n<p data-start=\"750\" data-end=\"1261\">The monographic project will consist of an exploration of the artist\u2019s work on the basis of his exhibition contexts and forms. The project takes as its object of study four exhibitions staged by Antoni T\u00e0pies in the decade, each with very different sets of his work, and also set up in different ways. The divergence between these approaches, as well as the particular vicissitudes of the organisation of each of them, will make it possible to relate T\u00e0pies\u2019 output in each case with wider debates about modern architecture, industry, graphic design and editorial composition, urban space and certain ways of life at the time.<\/p>\n<p data-start=\"1293\" data-end=\"1565\">The exhibition is curated by Imma Prieto, director of the Museu T\u00e0pies, and Pablo Allepuz, head of collection at the museum.<\/p>\n<p data-start=\"1293\" data-end=\"1565\"><span style=\"color: #ffffff\">:<\/span><\/p>\n<p><span style=\"font-size: 10pt\">[Image: Antoni T\u00e0pies, <em>El foc encantat de Farefa,<\/em> 1949. Private Collection, Barcelona. \u00a9 Comissi\u00f3 T\u00e0pies \/ VEGAP, 2026.]<\/span><\/p>\n","protected":false},"excerpt":{"rendered":"<p>The monographic art project of Museu T\u00e0pies delves into the 1950s, a key period in the Antoni T\u00e0pies&#8217; career.<\/p>\n","protected":false},"author":3,"featured_media":43591,"comment_status":"closed","ping_status":"closed","template":"","meta":{"_tribe_events_status":"","_tribe_events_status_reason":"","_tribe_events_is_hybrid":"","_tribe_events_is_virtual":"","_tribe_events_virtual_video_source":"","_tribe_events_virtual_embed_video":"","_tribe_events_virtual_linked_button_text":"","_tribe_events_virtual_linked_button":"","_tribe_events_virtual_show_embed_at":"","_tribe_events_virtual_show_embed_to":[],"_tribe_events_virtual_show_on_event":"","_tribe_events_virtual_show_on_views":"","_tribe_events_virtual_url":"","footnotes":""},"tags":[],"tribe_events_cat":[5770],"acf":[],"yoast_head":"<!-- This site is optimized with the Yoast SEO plugin v20.11 - https:\/\/yoast.com\/wordpress\/plugins\/seo\/ -->\n<title>Opening of the exhibition \u201cAntoni T\u00e0pies. The Perpetual Movement of the Wall\u201d - Museu T\u00e0pies<\/title>\n<meta name=\"description\" content=\"The monographic art project of Museu T\u00e0pies delves into the 1950s, a key period in the Antoni T\u00e0pies&#039; career.\" \/>\n<meta name=\"robots\" content=\"index, follow, max-snippet:-1, max-image-preview:large, max-video-preview:-1\" \/>\n<meta property=\"og:locale\" content=\"en_US\" \/>\n<meta property=\"og:type\" content=\"article\" \/>\n<meta property=\"og:title\" content=\"Opening of the exhibition \u201cAntoni T\u00e0pies. The Perpetual Movement of the Wall\u201d - Museu T\u00e0pies\" \/>\n<meta property=\"og:description\" content=\"The monographic art project of Museu T\u00e0pies delves into the 1950s, a key period in the Antoni T\u00e0pies&#039; career.\" \/>\n<meta property=\"og:url\" content=\"https:\/\/museutapies.org\/en\/event\/opening-of-the-exhibition-antoni-tapies-the-perpetual-movement-of-the-wall\/\" \/>\n<meta property=\"og:site_name\" content=\"Museu T\u00e0pies\" \/>\n<meta property=\"article:publisher\" content=\"https:\/\/www.facebook.com\/museutapies\" \/>\n<meta property=\"article:modified_time\" content=\"2026-02-12T09:30:28+00:00\" \/>\n<meta property=\"og:image\" content=\"https:\/\/museutapies.org\/wp-content\/uploads\/2025\/11\/Antoni-Tapies-El-foc-encantat-de-Farefa-1949.png\" \/>\n\t<meta property=\"og:image:width\" content=\"638\" \/>\n\t<meta property=\"og:image:height\" content=\"806\" \/>\n\t<meta property=\"og:image:type\" content=\"image\/png\" \/>\n<meta name=\"twitter:card\" content=\"summary_large_image\" \/>\n<meta name=\"twitter:label1\" content=\"Est. reading time\" \/>\n\t<meta name=\"twitter:data1\" content=\"2 minutes\" \/>\n<script type=\"application\/ld+json\" class=\"yoast-schema-graph\">{\"@context\":\"https:\/\/schema.org\",\"@graph\":[{\"@type\":\"WebPage\",\"@id\":\"https:\/\/museutapies.org\/en\/event\/opening-of-the-exhibition-antoni-tapies-the-perpetual-movement-of-the-wall\/\",\"url\":\"https:\/\/museutapies.org\/en\/event\/opening-of-the-exhibition-antoni-tapies-the-perpetual-movement-of-the-wall\/\",\"name\":\"Opening of the exhibition \u201cAntoni T\u00e0pies. The Perpetual Movement of the Wall\u201d - Museu T\u00e0pies\",\"isPartOf\":{\"@id\":\"https:\/\/museutapies.org\/en\/#website\"},\"datePublished\":\"2026-01-29T17:38:24+00:00\",\"dateModified\":\"2026-02-12T09:30:28+00:00\",\"description\":\"The monographic art project of Museu T\u00e0pies delves into the 1950s, a key period in the Antoni T\u00e0pies' career.\",\"breadcrumb\":{\"@id\":\"https:\/\/museutapies.org\/en\/event\/opening-of-the-exhibition-antoni-tapies-the-perpetual-movement-of-the-wall\/#breadcrumb\"},\"inLanguage\":\"en-US\",\"potentialAction\":[{\"@type\":\"ReadAction\",\"target\":[\"https:\/\/museutapies.org\/en\/event\/opening-of-the-exhibition-antoni-tapies-the-perpetual-movement-of-the-wall\/\"]}]},{\"@type\":\"BreadcrumbList\",\"@id\":\"https:\/\/museutapies.org\/en\/event\/opening-of-the-exhibition-antoni-tapies-the-perpetual-movement-of-the-wall\/#breadcrumb\",\"itemListElement\":[{\"@type\":\"ListItem\",\"position\":1,\"name\":\"Esdeveniments\",\"item\":\"https:\/\/museutapies.org\/agenda\/\"},{\"@type\":\"ListItem\",\"position\":2,\"name\":\"Opening of the exhibition \u201cAntoni T\u00e0pies. The Perpetual Movement of the Wall\u201d\"}]},{\"@type\":\"WebSite\",\"@id\":\"https:\/\/museutapies.org\/en\/#website\",\"url\":\"https:\/\/museutapies.org\/en\/\",\"name\":\"Museu T\u00e0pies\",\"description\":\"\",\"publisher\":{\"@id\":\"https:\/\/museutapies.org\/en\/#organization\"},\"potentialAction\":[{\"@type\":\"SearchAction\",\"target\":{\"@type\":\"EntryPoint\",\"urlTemplate\":\"https:\/\/museutapies.org\/en\/?s={search_term_string}\"},\"query-input\":\"required name=search_term_string\"}],\"inLanguage\":\"en-US\"},{\"@type\":\"Organization\",\"@id\":\"https:\/\/museutapies.org\/en\/#organization\",\"name\":\"Museu T\u00e0pies\",\"url\":\"https:\/\/museutapies.org\/en\/\",\"logo\":{\"@type\":\"ImageObject\",\"inLanguage\":\"en-US\",\"@id\":\"https:\/\/museutapies.org\/en\/#\/schema\/logo\/image\/\",\"url\":\"https:\/\/museutapies.org\/wp-content\/uploads\/2024\/07\/mta.png\",\"contentUrl\":\"https:\/\/museutapies.org\/wp-content\/uploads\/2024\/07\/mta.png\",\"width\":244,\"height\":110,\"caption\":\"Museu T\u00e0pies\"},\"image\":{\"@id\":\"https:\/\/museutapies.org\/en\/#\/schema\/logo\/image\/\"},\"sameAs\":[\"https:\/\/www.facebook.com\/museutapies\",\"https:\/\/www.instagram.com\/museutapies\/\",\"https:\/\/www.youtube.com\/channel\/UCPi65HBb48RMeoa12lR51cQ\",\"https:\/\/x.com\/MuseuTapies\"]}]}<\/script>\n<!-- \/ Yoast SEO plugin. -->","yoast_head_json":{"title":"Opening of the exhibition \u201cAntoni T\u00e0pies. The Perpetual Movement of the Wall\u201d - Museu T\u00e0pies","description":"The monographic art project of Museu T\u00e0pies delves into the 1950s, a key period in the Antoni T\u00e0pies' career.","robots":{"index":"index","follow":"follow","max-snippet":"max-snippet:-1","max-image-preview":"max-image-preview:large","max-video-preview":"max-video-preview:-1"},"og_locale":"en_US","og_type":"article","og_title":"Opening of the exhibition \u201cAntoni T\u00e0pies. The Perpetual Movement of the Wall\u201d - Museu T\u00e0pies","og_description":"The monographic art project of Museu T\u00e0pies delves into the 1950s, a key period in the Antoni T\u00e0pies' career.","og_url":"https:\/\/museutapies.org\/en\/event\/opening-of-the-exhibition-antoni-tapies-the-perpetual-movement-of-the-wall\/","og_site_name":"Museu T\u00e0pies","article_publisher":"https:\/\/www.facebook.com\/museutapies","article_modified_time":"2026-02-12T09:30:28+00:00","og_image":[{"width":638,"height":806,"url":"https:\/\/museutapies.org\/wp-content\/uploads\/2025\/11\/Antoni-Tapies-El-foc-encantat-de-Farefa-1949.png","type":"image\/png"}],"twitter_card":"summary_large_image","twitter_misc":{"Est. reading time":"2 minutes"},"schema":{"@context":"https:\/\/schema.org","@graph":[{"@type":"WebPage","@id":"https:\/\/museutapies.org\/en\/event\/opening-of-the-exhibition-antoni-tapies-the-perpetual-movement-of-the-wall\/","url":"https:\/\/museutapies.org\/en\/event\/opening-of-the-exhibition-antoni-tapies-the-perpetual-movement-of-the-wall\/","name":"Opening of the exhibition \u201cAntoni T\u00e0pies. The Perpetual Movement of the Wall\u201d - Museu T\u00e0pies","isPartOf":{"@id":"https:\/\/museutapies.org\/en\/#website"},"datePublished":"2026-01-29T17:38:24+00:00","dateModified":"2026-02-12T09:30:28+00:00","description":"The monographic art project of Museu T\u00e0pies delves into the 1950s, a key period in the Antoni T\u00e0pies' career.","breadcrumb":{"@id":"https:\/\/museutapies.org\/en\/event\/opening-of-the-exhibition-antoni-tapies-the-perpetual-movement-of-the-wall\/#breadcrumb"},"inLanguage":"en-US","potentialAction":[{"@type":"ReadAction","target":["https:\/\/museutapies.org\/en\/event\/opening-of-the-exhibition-antoni-tapies-the-perpetual-movement-of-the-wall\/"]}]},{"@type":"BreadcrumbList","@id":"https:\/\/museutapies.org\/en\/event\/opening-of-the-exhibition-antoni-tapies-the-perpetual-movement-of-the-wall\/#breadcrumb","itemListElement":[{"@type":"ListItem","position":1,"name":"Esdeveniments","item":"https:\/\/museutapies.org\/agenda\/"},{"@type":"ListItem","position":2,"name":"Opening of the exhibition \u201cAntoni T\u00e0pies. The Perpetual Movement of the Wall\u201d"}]},{"@type":"WebSite","@id":"https:\/\/museutapies.org\/en\/#website","url":"https:\/\/museutapies.org\/en\/","name":"Museu T\u00e0pies","description":"","publisher":{"@id":"https:\/\/museutapies.org\/en\/#organization"},"potentialAction":[{"@type":"SearchAction","target":{"@type":"EntryPoint","urlTemplate":"https:\/\/museutapies.org\/en\/?s={search_term_string}"},"query-input":"required name=search_term_string"}],"inLanguage":"en-US"},{"@type":"Organization","@id":"https:\/\/museutapies.org\/en\/#organization","name":"Museu T\u00e0pies","url":"https:\/\/museutapies.org\/en\/","logo":{"@type":"ImageObject","inLanguage":"en-US","@id":"https:\/\/museutapies.org\/en\/#\/schema\/logo\/image\/","url":"https:\/\/museutapies.org\/wp-content\/uploads\/2024\/07\/mta.png","contentUrl":"https:\/\/museutapies.org\/wp-content\/uploads\/2024\/07\/mta.png","width":244,"height":110,"caption":"Museu T\u00e0pies"},"image":{"@id":"https:\/\/museutapies.org\/en\/#\/schema\/logo\/image\/"},"sameAs":["https:\/\/www.facebook.com\/museutapies","https:\/\/www.instagram.com\/museutapies\/","https:\/\/www.youtube.com\/channel\/UCPi65HBb48RMeoa12lR51cQ","https:\/\/x.com\/MuseuTapies"]}]}},"_links":{"self":[{"href":"https:\/\/museutapies.org\/en\/wp-json\/wp\/v2\/tribe_events\/43727"}],"collection":[{"href":"https:\/\/museutapies.org\/en\/wp-json\/wp\/v2\/tribe_events"}],"about":[{"href":"https:\/\/museutapies.org\/en\/wp-json\/wp\/v2\/types\/tribe_events"}],"author":[{"embeddable":true,"href":"https:\/\/museutapies.org\/en\/wp-json\/wp\/v2\/users\/3"}],"replies":[{"embeddable":true,"href":"https:\/\/museutapies.org\/en\/wp-json\/wp\/v2\/comments?post=43727"}],"version-history":[{"count":7,"href":"https:\/\/museutapies.org\/en\/wp-json\/wp\/v2\/tribe_events\/43727\/revisions"}],"predecessor-version":[{"id":43885,"href":"https:\/\/museutapies.org\/en\/wp-json\/wp\/v2\/tribe_events\/43727\/revisions\/43885"}],"wp:featuredmedia":[{"embeddable":true,"href":"https:\/\/museutapies.org\/en\/wp-json\/wp\/v2\/media\/43591"}],"wp:attachment":[{"href":"https:\/\/museutapies.org\/en\/wp-json\/wp\/v2\/media?parent=43727"}],"wp:term":[{"taxonomy":"post_tag","embeddable":true,"href":"https:\/\/museutapies.org\/en\/wp-json\/wp\/v2\/tags?post=43727"},{"taxonomy":"tribe_events_cat","embeddable":true,"href":"https:\/\/museutapies.org\/en\/wp-json\/wp\/v2\/tribe_events_cat?post=43727"}],"curies":[{"name":"wp","href":"https:\/\/api.w.org\/{rel}","templated":true}]}}

Opening of the exhibition “Antoni Tàpies. The Perpetual Movement of the Wall”

<p data-start="248" data-end="697"><img loading="lazy" decoding="async" class="alignnone size-medium wp-image-43590" src="https://museutapies.org/wp-content/uploads/2025/11/Antoni-Tapies-El-foc-encantat-de-Farefa-1949-633x800.png" alt="" width="633" height="800" srcset="https://museutapies.org/wp-content/uploads/2025/11/Antoni-Tapies-El-foc-encantat-de-Farefa-1949-633x800.png 633w, https://museutapies.org/wp-content/uploads/2025/11/Antoni-Tapies-El-foc-encantat-de-Farefa-1949-554x700.png 554w, https://museutapies.org/wp-content/uploads/2025/11/Antoni-Tapies-El-foc-encantat-de-Farefa-1949-500x632.png 500w, https://museutapies.org/wp-content/uploads/2025/11/Antoni-Tapies-El-foc-encantat-de-Farefa-1949-380x480.png 380w, https://museutapies.org/wp-content/uploads/2025/11/Antoni-Tapies-El-foc-encantat-de-Farefa-1949-600x758.png 600w, https://museutapies.org/wp-content/uploads/2025/11/Antoni-Tapies-El-foc-encantat-de-Farefa-1949.png 638w" sizes="(max-width: 633px) 100vw, 633px" /></p>
<p data-start="248" data-end="697"><span style="color: #ff0000">NEW DATA</span></p>
<p data-start="248" data-end="697">The Museu Tàpies will officially open the new exhibition, <a href="https://museutapies.org/en/exposicio/antoni-tapies-the-perpetual-movement-of-the-wall/"><em>Antoni Tàpies. The Perpetual Movement of the Wall</em></a>, on Friday, February 13, 2026, at 7:00 p.m. The opening event is free and open to the public; no prior reservation is required. The exhibition will run until September 6, 2026, offering the public the opportunity to explore a pivotal moment in the work of Antoni Tàpies.</p>
<p data-start="750" data-end="1261">The monographic project will consist of an exploration of the artist’s work on the basis of his exhibition contexts and forms. The project takes as its object of study four exhibitions staged by Antoni Tàpies in the decade, each with very different sets of his work, and also set up in different ways. The divergence between these approaches, as well as the particular vicissitudes of the organisation of each of them, will make it possible to relate Tàpies’ output in each case with wider debates about modern architecture, industry, graphic design and editorial composition, urban space and certain ways of life at the time.</p>
<p data-start="1293" data-end="1565">The exhibition is curated by Imma Prieto, director of the Museu Tàpies, and Pablo Allepuz, head of collection at the museum.</p>
<p data-start="1293" data-end="1565"><span style="color: #ffffff">:</span></p>
<p><span style="font-size: 10pt">[Image: Antoni Tàpies, <em>El foc encantat de Farefa,</em> 1949. Private Collection, Barcelona. © Comissió Tàpies / VEGAP, 2026.]</span></p>

<p>The monographic art project of Museu Tàpies delves into the 1950s, a key period in the Antoni Tàpies&#8217; career.</p>

<!-- This site is optimized with the Yoast SEO plugin v20.11 - https://yoast.com/wordpress/plugins/seo/ -->
<title>Opening of the exhibition “Antoni Tàpies. The Perpetual Movement of the Wall” - Museu Tàpies</title>
<meta name="description" content="The monographic art project of Museu Tàpies delves into the 1950s, a key period in the Antoni Tàpies&#039; career." />
<meta name="robots" content="index, follow, max-snippet:-1, max-image-preview:large, max-video-preview:-1" />
<meta property="og:locale" content="en_US" />
<meta property="og:type" content="article" />
<meta property="og:title" content="Opening of the exhibition “Antoni Tàpies. The Perpetual Movement of the Wall” - Museu Tàpies" />
<meta property="og:description" content="The monographic art project of Museu Tàpies delves into the 1950s, a key period in the Antoni Tàpies&#039; career." />
<meta property="og:url" content="https://museutapies.org/en/event/opening-of-the-exhibition-antoni-tapies-the-perpetual-movement-of-the-wall/" />
<meta property="og:site_name" content="Museu Tàpies" />
<meta property="article:publisher" content="https://www.facebook.com/museutapies" />
<meta property="article:modified_time" content="2026-02-12T09:30:28+00:00" />
<meta property="og:image" content="https://museutapies.org/wp-content/uploads/2025/11/Antoni-Tapies-El-foc-encantat-de-Farefa-1949.png" />
	<meta property="og:image:width" content="638" />
	<meta property="og:image:height" content="806" />
	<meta property="og:image:type" content="image/png" />
<meta name="twitter:card" content="summary_large_image" />
<meta name="twitter:label1" content="Est. reading time" />
	<meta name="twitter:data1" content="2 minutes" />
<script type="application/ld+json" class="yoast-schema-graph">{"@context":"https://schema.org","@graph":[{"@type":"WebPage","@id":"https://museutapies.org/en/event/opening-of-the-exhibition-antoni-tapies-the-perpetual-movement-of-the-wall/","url":"https://museutapies.org/en/event/opening-of-the-exhibition-antoni-tapies-the-perpetual-movement-of-the-wall/","name":"Opening of the exhibition “Antoni Tàpies. The Perpetual Movement of the Wall” - Museu Tàpies","isPartOf":{"@id":"https://museutapies.org/en/#website"},"datePublished":"2026-01-29T17:38:24+00:00","dateModified":"2026-02-12T09:30:28+00:00","description":"The monographic art project of Museu Tàpies delves into the 1950s, a key period in the Antoni Tàpies' career.","breadcrumb":{"@id":"https://museutapies.org/en/event/opening-of-the-exhibition-antoni-tapies-the-perpetual-movement-of-the-wall/#breadcrumb"},"inLanguage":"en-US","potentialAction":[{"@type":"ReadAction","target":["https://museutapies.org/en/event/opening-of-the-exhibition-antoni-tapies-the-perpetual-movement-of-the-wall/"]}]},{"@type":"BreadcrumbList","@id":"https://museutapies.org/en/event/opening-of-the-exhibition-antoni-tapies-the-perpetual-movement-of-the-wall/#breadcrumb","itemListElement":[{"@type":"ListItem","position":1,"name":"Esdeveniments","item":"https://museutapies.org/agenda/"},{"@type":"ListItem","position":2,"name":"Opening of the exhibition “Antoni Tàpies. The Perpetual Movement of the Wall”"}]},{"@type":"WebSite","@id":"https://museutapies.org/en/#website","url":"https://museutapies.org/en/","name":"Museu Tàpies","description":"","publisher":{"@id":"https://museutapies.org/en/#organization"},"potentialAction":[{"@type":"SearchAction","target":{"@type":"EntryPoint","urlTemplate":"https://museutapies.org/en/?s={search_term_string}"},"query-input":"required name=search_term_string"}],"inLanguage":"en-US"},{"@type":"Organization","@id":"https://museutapies.org/en/#organization","name":"Museu Tàpies","url":"https://museutapies.org/en/","logo":{"@type":"ImageObject","inLanguage":"en-US","@id":"https://museutapies.org/en/#/schema/logo/image/","url":"https://museutapies.org/wp-content/uploads/2024/07/mta.png","contentUrl":"https://museutapies.org/wp-content/uploads/2024/07/mta.png","width":244,"height":110,"caption":"Museu Tàpies"},"image":{"@id":"https://museutapies.org/en/#/schema/logo/image/"},"sameAs":["https://www.facebook.com/museutapies","https://www.instagram.com/museutapies/","https://www.youtube.com/channel/UCPi65HBb48RMeoa12lR51cQ","https://x.com/MuseuTapies"]}]}</script>
<!-- / Yoast SEO plugin. -->

Opening of the exhibition “Antoni Tàpies. The Perpetual Movement of the Wall” - Museu Tàpies

The monographic art project of Museu Tàpies delves into the 1950s, a key period in the Antoni Tàpies' career.

Museu Tàpies
