{"id":2033,"date":"2018-01-19T13:08:53","date_gmt":"2018-01-19T13:08:53","guid":{"rendered":"https:\/\/museutapies.org\/arxiu-i-documentacio\/"},"modified":"2024-09-30T15:41:42","modified_gmt":"2024-09-30T13:41:42","slug":"achivo-y-documentacion","status":"publish","type":"page","link":"https:\/\/museutapies.org\/es\/achivo-y-documentacion\/","title":{"rendered":"Archivo"},"content":{"rendered":"<h2><img loading=\"lazy\" decoding=\"async\" class=\"alignnone size-medium wp-image-27239\" src=\"https:\/\/museutapies.org\/wp-content\/uploads\/2023\/06\/Arxiu-de-la-Fundacio-Antoni-Tapies.-\u00a9Marta-Perarnau-2023.-800x557.jpg\" alt=\"\" width=\"800\" height=\"557\" srcset=\"https:\/\/museutapies.org\/wp-content\/uploads\/2023\/06\/Arxiu-de-la-Fundacio-Antoni-Tapies.-\u00a9Marta-Perarnau-2023.-800x557.jpg 800w, https:\/\/museutapies.org\/wp-content\/uploads\/2023\/06\/Arxiu-de-la-Fundacio-Antoni-Tapies.-\u00a9Marta-Perarnau-2023.-900x626.jpg 900w, https:\/\/museutapies.org\/wp-content\/uploads\/2023\/06\/Arxiu-de-la-Fundacio-Antoni-Tapies.-\u00a9Marta-Perarnau-2023.-768x535.jpg 768w, https:\/\/museutapies.org\/wp-content\/uploads\/2023\/06\/Arxiu-de-la-Fundacio-Antoni-Tapies.-\u00a9Marta-Perarnau-2023.-1536x1069.jpg 1536w, https:\/\/museutapies.org\/wp-content\/uploads\/2023\/06\/Arxiu-de-la-Fundacio-Antoni-Tapies.-\u00a9Marta-Perarnau-2023.-2048x1425.jpg 2048w, https:\/\/museutapies.org\/wp-content\/uploads\/2023\/06\/Arxiu-de-la-Fundacio-Antoni-Tapies.-\u00a9Marta-Perarnau-2023.-500x348.jpg 500w, https:\/\/museutapies.org\/wp-content\/uploads\/2023\/06\/Arxiu-de-la-Fundacio-Antoni-Tapies.-\u00a9Marta-Perarnau-2023.-380x264.jpg 380w, https:\/\/museutapies.org\/wp-content\/uploads\/2023\/06\/Arxiu-de-la-Fundacio-Antoni-Tapies.-\u00a9Marta-Perarnau-2023.-600x418.jpg 600w\" sizes=\"(max-width: 800px) 100vw, 800px\" \/><\/h2>\n<h2><\/h2>\n<p>&nbsp;<\/p>\n<p>El Archivo del Museu T\u00e0pies se cre\u00f3 en 2009 con el objetivo de gestionar el fondo documental de la instituci\u00f3n. Se encarga de recopilar, seleccionar, clasificar, conservar y difundir el patrimonio documental generado por el museo en el ejercicio de sus funciones.<\/p>\n<p>&nbsp;<\/p>\n<p>El prop\u00f3sito del Archivo es enriquecer el enfoque plural e interdisciplinario de la instituci\u00f3n a la hora de promover el estudio, conocimiento y debate sobre el arte moderno y contempor\u00e1neo.<\/p>\n<p>&nbsp;<\/p>\n<p>Actualmente, el archivo personal del artista est\u00e1 en proceso de digitalizaci\u00f3n, con la voluntad de hacer visible y dar a conocer una parte de este legado en el marco de la celebraci\u00f3n del centenario.<\/p>\n<p>&nbsp;<\/p>\n<p>&nbsp;<\/p>\n<p><span style=\"font-size: 10pt\">Cr\u00e9dito de la imagen: Archivo del Museu T\u00e0pies, Barcelona, 2023. Fotograf\u00eda: Marta Perarnau \u00a9 Museu T\u00e0pies, 2023.<\/span><\/p>\n<p>&nbsp;<\/p>\n","protected":false},"excerpt":{"rendered":"<p>&nbsp; El Archivo del Museu T\u00e0pies se cre\u00f3 en 2009 con el objetivo de gestionar el fondo documental de la [&hellip;]<\/p>\n","protected":false},"author":1,"featured_media":27239,"parent":0,"menu_order":0,"comment_status":"closed","ping_status":"closed","template":"template-edifici.php","meta":{"footnotes":""},"acf":[],"yoast_head":"<!-- This site is optimized with the Yoast SEO plugin v20.11 - https:\/\/yoast.com\/wordpress\/plugins\/seo\/ -->\n<title>Archivo - Museu T\u00e0pies<\/title>\n<meta name=\"description\" content=\"El Archivo de la Fundaci\u00f3 Antoni T\u00e0pies de Barcelona, Catalu\u00f1a, se cre\u00f3 en 2009 con el objetivo de gestionar el fondo documental de la instituci\u00f3n. Se encarga de recopilar, seleccionar, clasificar, conservar y difundir el patrimonio documental generado por la Fundaci\u00f3 en el ejercicio de sus funciones.\" \/>\n<meta name=\"robots\" content=\"index, follow, max-snippet:-1, max-image-preview:large, max-video-preview:-1\" \/>\n<meta property=\"og:locale\" content=\"es_ES\" \/>\n<meta property=\"og:type\" content=\"article\" \/>\n<meta property=\"og:title\" content=\"Archivo - Museu T\u00e0pies\" \/>\n<meta property=\"og:description\" content=\"El Archivo de la Fundaci\u00f3 Antoni T\u00e0pies de Barcelona, Catalu\u00f1a, se cre\u00f3 en 2009 con el objetivo de gestionar el fondo documental de la instituci\u00f3n. Se encarga de recopilar, seleccionar, clasificar, conservar y difundir el patrimonio documental generado por la Fundaci\u00f3 en el ejercicio de sus funciones.\" \/>\n<meta property=\"og:url\" content=\"https:\/\/museutapies.org\/es\/achivo-y-documentacion\/\" \/>\n<meta property=\"og:site_name\" content=\"Museu T\u00e0pies\" \/>\n<meta property=\"article:publisher\" content=\"https:\/\/www.facebook.com\/museutapies\" \/>\n<meta property=\"article:modified_time\" content=\"2024-09-30T13:41:42+00:00\" \/>\n<meta property=\"og:image\" content=\"https:\/\/museutapies.org\/wp-content\/uploads\/2023\/06\/Arxiu-de-la-Fundacio-Antoni-Tapies.-\u00a9Marta-Perarnau-2023.-scaled.jpg\" \/>\n\t<meta property=\"og:image:width\" content=\"2560\" \/>\n\t<meta property=\"og:image:height\" content=\"1782\" \/>\n\t<meta property=\"og:image:type\" content=\"image\/jpeg\" \/>\n<meta name=\"twitter:card\" content=\"summary_large_image\" \/>\n<meta name=\"twitter:label1\" content=\"Tiempo de lectura\" \/>\n\t<meta name=\"twitter:data1\" content=\"1 minuto\" \/>\n<script type=\"application\/ld+json\" class=\"yoast-schema-graph\">{\"@context\":\"https:\/\/schema.org\",\"@graph\":[{\"@type\":\"WebPage\",\"@id\":\"https:\/\/museutapies.org\/es\/achivo-y-documentacion\/\",\"url\":\"https:\/\/museutapies.org\/es\/achivo-y-documentacion\/\",\"name\":\"Archivo - Museu T\u00e0pies\",\"isPartOf\":{\"@id\":\"https:\/\/museutapies.org\/en\/#website\"},\"datePublished\":\"2018-01-19T13:08:53+00:00\",\"dateModified\":\"2024-09-30T13:41:42+00:00\",\"description\":\"El Archivo de la Fundaci\u00f3 Antoni T\u00e0pies de Barcelona, Catalu\u00f1a, se cre\u00f3 en 2009 con el objetivo de gestionar el fondo documental de la instituci\u00f3n. Se encarga de recopilar, seleccionar, clasificar, conservar y difundir el patrimonio documental generado por la Fundaci\u00f3 en el ejercicio de sus funciones.\",\"inLanguage\":\"es\",\"potentialAction\":[{\"@type\":\"ReadAction\",\"target\":[\"https:\/\/museutapies.org\/es\/achivo-y-documentacion\/\"]}]},{\"@type\":\"WebSite\",\"@id\":\"https:\/\/museutapies.org\/en\/#website\",\"url\":\"https:\/\/museutapies.org\/en\/\",\"name\":\"Museu T\u00e0pies\",\"description\":\"\",\"publisher\":{\"@id\":\"https:\/\/museutapies.org\/en\/#organization\"},\"potentialAction\":[{\"@type\":\"SearchAction\",\"target\":{\"@type\":\"EntryPoint\",\"urlTemplate\":\"https:\/\/museutapies.org\/en\/?s={search_term_string}\"},\"query-input\":\"required name=search_term_string\"}],\"inLanguage\":\"es\"},{\"@type\":\"Organization\",\"@id\":\"https:\/\/museutapies.org\/en\/#organization\",\"name\":\"Museu T\u00e0pies\",\"url\":\"https:\/\/museutapies.org\/en\/\",\"logo\":{\"@type\":\"ImageObject\",\"inLanguage\":\"es\",\"@id\":\"https:\/\/museutapies.org\/en\/#\/schema\/logo\/image\/\",\"url\":\"https:\/\/museutapies.org\/wp-content\/uploads\/2024\/07\/mta.png\",\"contentUrl\":\"https:\/\/museutapies.org\/wp-content\/uploads\/2024\/07\/mta.png\",\"width\":244,\"height\":110,\"caption\":\"Museu T\u00e0pies\"},\"image\":{\"@id\":\"https:\/\/museutapies.org\/en\/#\/schema\/logo\/image\/\"},\"sameAs\":[\"https:\/\/www.facebook.com\/museutapies\",\"https:\/\/www.instagram.com\/museutapies\/\",\"https:\/\/www.youtube.com\/channel\/UCPi65HBb48RMeoa12lR51cQ\",\"https:\/\/x.com\/MuseuTapies\"]}]}<\/script>\n<!-- \/ Yoast SEO plugin. -->","yoast_head_json":{"title":"Archivo - Museu T\u00e0pies","description":"El Archivo de la Fundaci\u00f3 Antoni T\u00e0pies de Barcelona, Catalu\u00f1a, se cre\u00f3 en 2009 con el objetivo de gestionar el fondo documental de la instituci\u00f3n. Se encarga de recopilar, seleccionar, clasificar, conservar y difundir el patrimonio documental generado por la Fundaci\u00f3 en el ejercicio de sus funciones.","robots":{"index":"index","follow":"follow","max-snippet":"max-snippet:-1","max-image-preview":"max-image-preview:large","max-video-preview":"max-video-preview:-1"},"og_locale":"es_ES","og_type":"article","og_title":"Archivo - Museu T\u00e0pies","og_description":"El Archivo de la Fundaci\u00f3 Antoni T\u00e0pies de Barcelona, Catalu\u00f1a, se cre\u00f3 en 2009 con el objetivo de gestionar el fondo documental de la instituci\u00f3n. Se encarga de recopilar, seleccionar, clasificar, conservar y difundir el patrimonio documental generado por la Fundaci\u00f3 en el ejercicio de sus funciones.","og_url":"https:\/\/museutapies.org\/es\/achivo-y-documentacion\/","og_site_name":"Museu T\u00e0pies","article_publisher":"https:\/\/www.facebook.com\/museutapies","article_modified_time":"2024-09-30T13:41:42+00:00","og_image":[{"width":2560,"height":1782,"url":"https:\/\/museutapies.org\/wp-content\/uploads\/2023\/06\/Arxiu-de-la-Fundacio-Antoni-Tapies.-\u00a9Marta-Perarnau-2023.-scaled.jpg","type":"image\/jpeg"}],"twitter_card":"summary_large_image","twitter_misc":{"Tiempo de lectura":"1 minuto"},"schema":{"@context":"https:\/\/schema.org","@graph":[{"@type":"WebPage","@id":"https:\/\/museutapies.org\/es\/achivo-y-documentacion\/","url":"https:\/\/museutapies.org\/es\/achivo-y-documentacion\/","name":"Archivo - Museu T\u00e0pies","isPartOf":{"@id":"https:\/\/museutapies.org\/en\/#website"},"datePublished":"2018-01-19T13:08:53+00:00","dateModified":"2024-09-30T13:41:42+00:00","description":"El Archivo de la Fundaci\u00f3 Antoni T\u00e0pies de Barcelona, Catalu\u00f1a, se cre\u00f3 en 2009 con el objetivo de gestionar el fondo documental de la instituci\u00f3n. Se encarga de recopilar, seleccionar, clasificar, conservar y difundir el patrimonio documental generado por la Fundaci\u00f3 en el ejercicio de sus funciones.","inLanguage":"es","potentialAction":[{"@type":"ReadAction","target":["https:\/\/museutapies.org\/es\/achivo-y-documentacion\/"]}]},{"@type":"WebSite","@id":"https:\/\/museutapies.org\/en\/#website","url":"https:\/\/museutapies.org\/en\/","name":"Museu T\u00e0pies","description":"","publisher":{"@id":"https:\/\/museutapies.org\/en\/#organization"},"potentialAction":[{"@type":"SearchAction","target":{"@type":"EntryPoint","urlTemplate":"https:\/\/museutapies.org\/en\/?s={search_term_string}"},"query-input":"required name=search_term_string"}],"inLanguage":"es"},{"@type":"Organization","@id":"https:\/\/museutapies.org\/en\/#organization","name":"Museu T\u00e0pies","url":"https:\/\/museutapies.org\/en\/","logo":{"@type":"ImageObject","inLanguage":"es","@id":"https:\/\/museutapies.org\/en\/#\/schema\/logo\/image\/","url":"https:\/\/museutapies.org\/wp-content\/uploads\/2024\/07\/mta.png","contentUrl":"https:\/\/museutapies.org\/wp-content\/uploads\/2024\/07\/mta.png","width":244,"height":110,"caption":"Museu T\u00e0pies"},"image":{"@id":"https:\/\/museutapies.org\/en\/#\/schema\/logo\/image\/"},"sameAs":["https:\/\/www.facebook.com\/museutapies","https:\/\/www.instagram.com\/museutapies\/","https:\/\/www.youtube.com\/channel\/UCPi65HBb48RMeoa12lR51cQ","https:\/\/x.com\/MuseuTapies"]}]}},"_links":{"self":[{"href":"https:\/\/museutapies.org\/es\/wp-json\/wp\/v2\/pages\/2033"}],"collection":[{"href":"https:\/\/museutapies.org\/es\/wp-json\/wp\/v2\/pages"}],"about":[{"href":"https:\/\/museutapies.org\/es\/wp-json\/wp\/v2\/types\/page"}],"author":[{"embeddable":true,"href":"https:\/\/museutapies.org\/es\/wp-json\/wp\/v2\/users\/1"}],"replies":[{"embeddable":true,"href":"https:\/\/museutapies.org\/es\/wp-json\/wp\/v2\/comments?post=2033"}],"version-history":[{"count":12,"href":"https:\/\/museutapies.org\/es\/wp-json\/wp\/v2\/pages\/2033\/revisions"}],"predecessor-version":[{"id":36103,"href":"https:\/\/museutapies.org\/es\/wp-json\/wp\/v2\/pages\/2033\/revisions\/36103"}],"wp:featuredmedia":[{"embeddable":true,"href":"https:\/\/museutapies.org\/es\/wp-json\/wp\/v2\/media\/27239"}],"wp:attachment":[{"href":"https:\/\/museutapies.org\/es\/wp-json\/wp\/v2\/media?parent=2033"}],"curies":[{"name":"wp","href":"https:\/\/api.w.org\/{rel}","templated":true}]}}

<h2><img loading="lazy" decoding="async" class="alignnone size-medium wp-image-27239" src="https://museutapies.org/wp-content/uploads/2023/06/Arxiu-de-la-Fundacio-Antoni-Tapies.-©Marta-Perarnau-2023.-800x557.jpg" alt="" width="800" height="557" srcset="https://museutapies.org/wp-content/uploads/2023/06/Arxiu-de-la-Fundacio-Antoni-Tapies.-©Marta-Perarnau-2023.-800x557.jpg 800w, https://museutapies.org/wp-content/uploads/2023/06/Arxiu-de-la-Fundacio-Antoni-Tapies.-©Marta-Perarnau-2023.-900x626.jpg 900w, https://museutapies.org/wp-content/uploads/2023/06/Arxiu-de-la-Fundacio-Antoni-Tapies.-©Marta-Perarnau-2023.-768x535.jpg 768w, https://museutapies.org/wp-content/uploads/2023/06/Arxiu-de-la-Fundacio-Antoni-Tapies.-©Marta-Perarnau-2023.-1536x1069.jpg 1536w, https://museutapies.org/wp-content/uploads/2023/06/Arxiu-de-la-Fundacio-Antoni-Tapies.-©Marta-Perarnau-2023.-2048x1425.jpg 2048w, https://museutapies.org/wp-content/uploads/2023/06/Arxiu-de-la-Fundacio-Antoni-Tapies.-©Marta-Perarnau-2023.-500x348.jpg 500w, https://museutapies.org/wp-content/uploads/2023/06/Arxiu-de-la-Fundacio-Antoni-Tapies.-©Marta-Perarnau-2023.-380x264.jpg 380w, https://museutapies.org/wp-content/uploads/2023/06/Arxiu-de-la-Fundacio-Antoni-Tapies.-©Marta-Perarnau-2023.-600x418.jpg 600w" sizes="(max-width: 800px) 100vw, 800px" /></h2>
<h2></h2>
<p>&nbsp;</p>
<p>El Archivo del Museu Tàpies se creó en 2009 con el objetivo de gestionar el fondo documental de la institución. Se encarga de recopilar, seleccionar, clasificar, conservar y difundir el patrimonio documental generado por el museo en el ejercicio de sus funciones.</p>
<p>&nbsp;</p>
<p>El propósito del Archivo es enriquecer el enfoque plural e interdisciplinario de la institución a la hora de promover el estudio, conocimiento y debate sobre el arte moderno y contemporáneo.</p>
<p>&nbsp;</p>
<p>Actualmente, el archivo personal del artista está en proceso de digitalización, con la voluntad de hacer visible y dar a conocer una parte de este legado en el marco de la celebración del centenario.</p>
<p>&nbsp;</p>
<p>&nbsp;</p>
<p><span style="font-size: 10pt">Crédito de la imagen: Archivo del Museu Tàpies, Barcelona, 2023. Fotografía: Marta Perarnau © Museu Tàpies, 2023.</span></p>
<p>&nbsp;</p>

<p>&nbsp; El Archivo del Museu Tàpies se creó en 2009 con el objetivo de gestionar el fondo documental de la [&hellip;]</p>

<!-- This site is optimized with the Yoast SEO plugin v20.11 - https://yoast.com/wordpress/plugins/seo/ -->
<title>Archivo - Museu Tàpies</title>
<meta name="description" content="El Archivo de la Fundació Antoni Tàpies de Barcelona, Cataluña, se creó en 2009 con el objetivo de gestionar el fondo documental de la institución. Se encarga de recopilar, seleccionar, clasificar, conservar y difundir el patrimonio documental generado por la Fundació en el ejercicio de sus funciones." />
<meta name="robots" content="index, follow, max-snippet:-1, max-image-preview:large, max-video-preview:-1" />
<meta property="og:locale" content="es_ES" />
<meta property="og:type" content="article" />
<meta property="og:title" content="Archivo - Museu Tàpies" />
<meta property="og:description" content="El Archivo de la Fundació Antoni Tàpies de Barcelona, Cataluña, se creó en 2009 con el objetivo de gestionar el fondo documental de la institución. Se encarga de recopilar, seleccionar, clasificar, conservar y difundir el patrimonio documental generado por la Fundació en el ejercicio de sus funciones." />
<meta property="og:url" content="https://museutapies.org/es/achivo-y-documentacion/" />
<meta property="og:site_name" content="Museu Tàpies" />
<meta property="article:publisher" content="https://www.facebook.com/museutapies" />
<meta property="article:modified_time" content="2024-09-30T13:41:42+00:00" />
<meta property="og:image" content="https://museutapies.org/wp-content/uploads/2023/06/Arxiu-de-la-Fundacio-Antoni-Tapies.-©Marta-Perarnau-2023.-scaled.jpg" />
	<meta property="og:image:width" content="2560" />
	<meta property="og:image:height" content="1782" />
	<meta property="og:image:type" content="image/jpeg" />
<meta name="twitter:card" content="summary_large_image" />
<meta name="twitter:label1" content="Tiempo de lectura" />
	<meta name="twitter:data1" content="1 minuto" />
<script type="application/ld+json" class="yoast-schema-graph">{"@context":"https://schema.org","@graph":[{"@type":"WebPage","@id":"https://museutapies.org/es/achivo-y-documentacion/","url":"https://museutapies.org/es/achivo-y-documentacion/","name":"Archivo - Museu Tàpies","isPartOf":{"@id":"https://museutapies.org/en/#website"},"datePublished":"2018-01-19T13:08:53+00:00","dateModified":"2024-09-30T13:41:42+00:00","description":"El Archivo de la Fundació Antoni Tàpies de Barcelona, Cataluña, se creó en 2009 con el objetivo de gestionar el fondo documental de la institución. Se encarga de recopilar, seleccionar, clasificar, conservar y difundir el patrimonio documental generado por la Fundació en el ejercicio de sus funciones.","inLanguage":"es","potentialAction":[{"@type":"ReadAction","target":["https://museutapies.org/es/achivo-y-documentacion/"]}]},{"@type":"WebSite","@id":"https://museutapies.org/en/#website","url":"https://museutapies.org/en/","name":"Museu Tàpies","description":"","publisher":{"@id":"https://museutapies.org/en/#organization"},"potentialAction":[{"@type":"SearchAction","target":{"@type":"EntryPoint","urlTemplate":"https://museutapies.org/en/?s={search_term_string}"},"query-input":"required name=search_term_string"}],"inLanguage":"es"},{"@type":"Organization","@id":"https://museutapies.org/en/#organization","name":"Museu Tàpies","url":"https://museutapies.org/en/","logo":{"@type":"ImageObject","inLanguage":"es","@id":"https://museutapies.org/en/#/schema/logo/image/","url":"https://museutapies.org/wp-content/uploads/2024/07/mta.png","contentUrl":"https://museutapies.org/wp-content/uploads/2024/07/mta.png","width":244,"height":110,"caption":"Museu Tàpies"},"image":{"@id":"https://museutapies.org/en/#/schema/logo/image/"},"sameAs":["https://www.facebook.com/museutapies","https://www.instagram.com/museutapies/","https://www.youtube.com/channel/UCPi65HBb48RMeoa12lR51cQ","https://x.com/MuseuTapies"]}]}</script>
<!-- / Yoast SEO plugin. -->

Archivo - Museu Tàpies

El Archivo de la Fundació Antoni Tàpies de Barcelona, Cataluña, se creó en 2009 con el objetivo de gestionar el fondo documental de la institución. Se encarga de recopilar, seleccionar, clasificar, conservar y difundir el patrimonio documental generado por la Fundació en el ejercicio de sus funciones.

Museu Tàpies
