{"id":13818,"date":"2018-02-15T11:31:35","date_gmt":"2018-02-15T11:31:35","guid":{"rendered":"https:\/\/museutapies.org\/producte\/poems-from-the-catalan-joan-brossa-antoni-tapies-1973\/"},"modified":"2023-11-27T00:00:11","modified_gmt":"2023-11-27T00:00:11","slug":"poems-from-the-catalan-joan-brossa-antoni-tapies-1973","status":"publish","type":"product","link":"https:\/\/museutapies.org\/es\/producte\/poems-from-the-catalan-joan-brossa-antoni-tapies-1973\/","title":{"rendered":"Poems from the Catalan"},"content":{"rendered":"<p>Cartel realizado por Antoni T\u00e0pies con motivo de la presentaci\u00f3n del libro &#8220;Poems from the Catalan&#8221;, libro que contiene poemas de Joan Brossa y litograf\u00edas de Antoni T\u00e0pies, y que tuvo lugar en la Dau al Set Galeria d\u2019Art en Barcelona el a\u00f1o 1973<\/p>\n","protected":false},"excerpt":{"rendered":"<p>Cartel realizado por Antoni T\u00e0pies con motivo de la presentaci\u00f3n del libro &#8220;Poems from the Catalan&#8221;, libro que contiene poemas [&hellip;]<\/p>\n","protected":false},"featured_media":15962,"comment_status":"open","ping_status":"closed","template":"","meta":{"footnotes":""},"product_cat":[141],"product_tag":[],"acf":[],"yoast_head":"<!-- This site is optimized with the Yoast SEO plugin v20.11 - https:\/\/yoast.com\/wordpress\/plugins\/seo\/ -->\n<title>Poems from the Catalan - Museu T\u00e0pies<\/title>\n<meta name=\"description\" content=\"Cartel realizado por Antoni T\u00e0pies con motivo de la presentaci\u00f3n del libro &quot;Poems from the Catalan&quot;,celebrada en la galer\u00eda Dau al Set de Barcelona en 1973\" \/>\n<meta name=\"robots\" content=\"index, follow, max-snippet:-1, max-image-preview:large, max-video-preview:-1\" \/>\n<meta property=\"og:locale\" content=\"es_ES\" \/>\n<meta property=\"og:type\" content=\"article\" \/>\n<meta property=\"og:title\" content=\"Poems from the Catalan - Museu T\u00e0pies\" \/>\n<meta property=\"og:description\" content=\"Cartel realizado por Antoni T\u00e0pies con motivo de la presentaci\u00f3n del libro &quot;Poems from the Catalan&quot;,celebrada en la galer\u00eda Dau al Set de Barcelona en 1973\" \/>\n<meta property=\"og:url\" content=\"https:\/\/museutapies.org\/es\/producte\/poems-from-the-catalan-joan-brossa-antoni-tapies-1973\/\" \/>\n<meta property=\"og:site_name\" content=\"Museu T\u00e0pies\" \/>\n<meta property=\"article:publisher\" content=\"https:\/\/www.facebook.com\/museutapies\" \/>\n<meta property=\"article:modified_time\" content=\"2023-11-27T00:00:11+00:00\" \/>\n<meta property=\"og:image\" content=\"https:\/\/museutapies.org\/wp-content\/uploads\/2018\/02\/poems-from-the-catalan.jpg\" \/>\n\t<meta property=\"og:image:width\" content=\"610\" \/>\n\t<meta property=\"og:image:height\" content=\"610\" \/>\n\t<meta property=\"og:image:type\" content=\"image\/jpeg\" \/>\n<meta name=\"twitter:card\" content=\"summary_large_image\" \/>\n<script type=\"application\/ld+json\" class=\"yoast-schema-graph\">{\"@context\":\"https:\/\/schema.org\",\"@graph\":[{\"@type\":\"WebPage\",\"@id\":\"https:\/\/museutapies.org\/es\/producte\/poems-from-the-catalan-joan-brossa-antoni-tapies-1973\/\",\"url\":\"https:\/\/museutapies.org\/es\/producte\/poems-from-the-catalan-joan-brossa-antoni-tapies-1973\/\",\"name\":\"Poems from the Catalan - Museu T\u00e0pies\",\"isPartOf\":{\"@id\":\"https:\/\/museutapies.org\/en\/#website\"},\"datePublished\":\"2018-02-15T11:31:35+00:00\",\"dateModified\":\"2023-11-27T00:00:11+00:00\",\"description\":\"Cartel realizado por Antoni T\u00e0pies con motivo de la presentaci\u00f3n del libro \\\"Poems from the Catalan\\\",celebrada en la galer\u00eda Dau al Set de Barcelona en 1973\",\"breadcrumb\":{\"@id\":\"https:\/\/museutapies.org\/es\/producte\/poems-from-the-catalan-joan-brossa-antoni-tapies-1973\/#breadcrumb\"},\"inLanguage\":\"es\",\"potentialAction\":[{\"@type\":\"ReadAction\",\"target\":[\"https:\/\/museutapies.org\/es\/producte\/poems-from-the-catalan-joan-brossa-antoni-tapies-1973\/\"]}]},{\"@type\":\"BreadcrumbList\",\"@id\":\"https:\/\/museutapies.org\/es\/producte\/poems-from-the-catalan-joan-brossa-antoni-tapies-1973\/#breadcrumb\",\"itemListElement\":[{\"@type\":\"ListItem\",\"position\":1,\"name\":\"Tots els productes\",\"item\":\"https:\/\/museutapies.org\/productes\/\"},{\"@type\":\"ListItem\",\"position\":2,\"name\":\"Poems from the Catalan\"}]},{\"@type\":\"WebSite\",\"@id\":\"https:\/\/museutapies.org\/en\/#website\",\"url\":\"https:\/\/museutapies.org\/en\/\",\"name\":\"Museu T\u00e0pies\",\"description\":\"\",\"publisher\":{\"@id\":\"https:\/\/museutapies.org\/en\/#organization\"},\"potentialAction\":[{\"@type\":\"SearchAction\",\"target\":{\"@type\":\"EntryPoint\",\"urlTemplate\":\"https:\/\/museutapies.org\/en\/?s={search_term_string}\"},\"query-input\":\"required name=search_term_string\"}],\"inLanguage\":\"es\"},{\"@type\":\"Organization\",\"@id\":\"https:\/\/museutapies.org\/en\/#organization\",\"name\":\"Museu T\u00e0pies\",\"url\":\"https:\/\/museutapies.org\/en\/\",\"logo\":{\"@type\":\"ImageObject\",\"inLanguage\":\"es\",\"@id\":\"https:\/\/museutapies.org\/en\/#\/schema\/logo\/image\/\",\"url\":\"https:\/\/museutapies.org\/wp-content\/uploads\/2024\/07\/mta.png\",\"contentUrl\":\"https:\/\/museutapies.org\/wp-content\/uploads\/2024\/07\/mta.png\",\"width\":244,\"height\":110,\"caption\":\"Museu T\u00e0pies\"},\"image\":{\"@id\":\"https:\/\/museutapies.org\/en\/#\/schema\/logo\/image\/\"},\"sameAs\":[\"https:\/\/www.facebook.com\/museutapies\",\"https:\/\/www.instagram.com\/museutapies\/\",\"https:\/\/www.youtube.com\/channel\/UCPi65HBb48RMeoa12lR51cQ\",\"https:\/\/x.com\/MuseuTapies\"]}]}<\/script>\n<!-- \/ Yoast SEO plugin. -->","yoast_head_json":{"title":"Poems from the Catalan - Museu T\u00e0pies","description":"Cartel realizado por Antoni T\u00e0pies con motivo de la presentaci\u00f3n del libro \"Poems from the Catalan\",celebrada en la galer\u00eda Dau al Set de Barcelona en 1973","robots":{"index":"index","follow":"follow","max-snippet":"max-snippet:-1","max-image-preview":"max-image-preview:large","max-video-preview":"max-video-preview:-1"},"og_locale":"es_ES","og_type":"article","og_title":"Poems from the Catalan - Museu T\u00e0pies","og_description":"Cartel realizado por Antoni T\u00e0pies con motivo de la presentaci\u00f3n del libro \"Poems from the Catalan\",celebrada en la galer\u00eda Dau al Set de Barcelona en 1973","og_url":"https:\/\/museutapies.org\/es\/producte\/poems-from-the-catalan-joan-brossa-antoni-tapies-1973\/","og_site_name":"Museu T\u00e0pies","article_publisher":"https:\/\/www.facebook.com\/museutapies","article_modified_time":"2023-11-27T00:00:11+00:00","og_image":[{"width":610,"height":610,"url":"https:\/\/museutapies.org\/wp-content\/uploads\/2018\/02\/poems-from-the-catalan.jpg","type":"image\/jpeg"}],"twitter_card":"summary_large_image","schema":{"@context":"https:\/\/schema.org","@graph":[{"@type":"WebPage","@id":"https:\/\/museutapies.org\/es\/producte\/poems-from-the-catalan-joan-brossa-antoni-tapies-1973\/","url":"https:\/\/museutapies.org\/es\/producte\/poems-from-the-catalan-joan-brossa-antoni-tapies-1973\/","name":"Poems from the Catalan - Museu T\u00e0pies","isPartOf":{"@id":"https:\/\/museutapies.org\/en\/#website"},"datePublished":"2018-02-15T11:31:35+00:00","dateModified":"2023-11-27T00:00:11+00:00","description":"Cartel realizado por Antoni T\u00e0pies con motivo de la presentaci\u00f3n del libro \"Poems from the Catalan\",celebrada en la galer\u00eda Dau al Set de Barcelona en 1973","breadcrumb":{"@id":"https:\/\/museutapies.org\/es\/producte\/poems-from-the-catalan-joan-brossa-antoni-tapies-1973\/#breadcrumb"},"inLanguage":"es","potentialAction":[{"@type":"ReadAction","target":["https:\/\/museutapies.org\/es\/producte\/poems-from-the-catalan-joan-brossa-antoni-tapies-1973\/"]}]},{"@type":"BreadcrumbList","@id":"https:\/\/museutapies.org\/es\/producte\/poems-from-the-catalan-joan-brossa-antoni-tapies-1973\/#breadcrumb","itemListElement":[{"@type":"ListItem","position":1,"name":"Tots els productes","item":"https:\/\/museutapies.org\/productes\/"},{"@type":"ListItem","position":2,"name":"Poems from the Catalan"}]},{"@type":"WebSite","@id":"https:\/\/museutapies.org\/en\/#website","url":"https:\/\/museutapies.org\/en\/","name":"Museu T\u00e0pies","description":"","publisher":{"@id":"https:\/\/museutapies.org\/en\/#organization"},"potentialAction":[{"@type":"SearchAction","target":{"@type":"EntryPoint","urlTemplate":"https:\/\/museutapies.org\/en\/?s={search_term_string}"},"query-input":"required name=search_term_string"}],"inLanguage":"es"},{"@type":"Organization","@id":"https:\/\/museutapies.org\/en\/#organization","name":"Museu T\u00e0pies","url":"https:\/\/museutapies.org\/en\/","logo":{"@type":"ImageObject","inLanguage":"es","@id":"https:\/\/museutapies.org\/en\/#\/schema\/logo\/image\/","url":"https:\/\/museutapies.org\/wp-content\/uploads\/2024\/07\/mta.png","contentUrl":"https:\/\/museutapies.org\/wp-content\/uploads\/2024\/07\/mta.png","width":244,"height":110,"caption":"Museu T\u00e0pies"},"image":{"@id":"https:\/\/museutapies.org\/en\/#\/schema\/logo\/image\/"},"sameAs":["https:\/\/www.facebook.com\/museutapies","https:\/\/www.instagram.com\/museutapies\/","https:\/\/www.youtube.com\/channel\/UCPi65HBb48RMeoa12lR51cQ","https:\/\/x.com\/MuseuTapies"]}]}},"_links":{"self":[{"href":"https:\/\/museutapies.org\/es\/wp-json\/wp\/v2\/product\/13818"}],"collection":[{"href":"https:\/\/museutapies.org\/es\/wp-json\/wp\/v2\/product"}],"about":[{"href":"https:\/\/museutapies.org\/es\/wp-json\/wp\/v2\/types\/product"}],"replies":[{"embeddable":true,"href":"https:\/\/museutapies.org\/es\/wp-json\/wp\/v2\/comments?post=13818"}],"version-history":[{"count":2,"href":"https:\/\/museutapies.org\/es\/wp-json\/wp\/v2\/product\/13818\/revisions"}],"predecessor-version":[{"id":15988,"href":"https:\/\/museutapies.org\/es\/wp-json\/wp\/v2\/product\/13818\/revisions\/15988"}],"wp:featuredmedia":[{"embeddable":true,"href":"https:\/\/museutapies.org\/es\/wp-json\/wp\/v2\/media\/15962"}],"wp:attachment":[{"href":"https:\/\/museutapies.org\/es\/wp-json\/wp\/v2\/media?parent=13818"}],"wp:term":[{"taxonomy":"product_cat","embeddable":true,"href":"https:\/\/museutapies.org\/es\/wp-json\/wp\/v2\/product_cat?post=13818"},{"taxonomy":"product_tag","embeddable":true,"href":"https:\/\/museutapies.org\/es\/wp-json\/wp\/v2\/product_tag?post=13818"}],"curies":[{"name":"wp","href":"https:\/\/api.w.org\/{rel}","templated":true}]}}

<p>Cartel realizado por Antoni Tàpies con motivo de la presentación del libro &#8220;Poems from the Catalan&#8221;, libro que contiene poemas de Joan Brossa y litografías de Antoni Tàpies, y que tuvo lugar en la Dau al Set Galeria d’Art en Barcelona el año 1973</p>

<p>Cartel realizado por Antoni Tàpies con motivo de la presentación del libro &#8220;Poems from the Catalan&#8221;, libro que contiene poemas [&hellip;]</p>

<!-- This site is optimized with the Yoast SEO plugin v20.11 - https://yoast.com/wordpress/plugins/seo/ -->
<title>Poems from the Catalan - Museu Tàpies</title>
<meta name="description" content="Cartel realizado por Antoni Tàpies con motivo de la presentación del libro &quot;Poems from the Catalan&quot;,celebrada en la galería Dau al Set de Barcelona en 1973" />
<meta name="robots" content="index, follow, max-snippet:-1, max-image-preview:large, max-video-preview:-1" />
<meta property="og:locale" content="es_ES" />
<meta property="og:type" content="article" />
<meta property="og:title" content="Poems from the Catalan - Museu Tàpies" />
<meta property="og:description" content="Cartel realizado por Antoni Tàpies con motivo de la presentación del libro &quot;Poems from the Catalan&quot;,celebrada en la galería Dau al Set de Barcelona en 1973" />
<meta property="og:url" content="https://museutapies.org/es/producte/poems-from-the-catalan-joan-brossa-antoni-tapies-1973/" />
<meta property="og:site_name" content="Museu Tàpies" />
<meta property="article:publisher" content="https://www.facebook.com/museutapies" />
<meta property="article:modified_time" content="2023-11-27T00:00:11+00:00" />
<meta property="og:image" content="https://museutapies.org/wp-content/uploads/2018/02/poems-from-the-catalan.jpg" />
	<meta property="og:image:width" content="610" />
	<meta property="og:image:height" content="610" />
	<meta property="og:image:type" content="image/jpeg" />
<meta name="twitter:card" content="summary_large_image" />
<script type="application/ld+json" class="yoast-schema-graph">{"@context":"https://schema.org","@graph":[{"@type":"WebPage","@id":"https://museutapies.org/es/producte/poems-from-the-catalan-joan-brossa-antoni-tapies-1973/","url":"https://museutapies.org/es/producte/poems-from-the-catalan-joan-brossa-antoni-tapies-1973/","name":"Poems from the Catalan - Museu Tàpies","isPartOf":{"@id":"https://museutapies.org/en/#website"},"datePublished":"2018-02-15T11:31:35+00:00","dateModified":"2023-11-27T00:00:11+00:00","description":"Cartel realizado por Antoni Tàpies con motivo de la presentación del libro \"Poems from the Catalan\",celebrada en la galería Dau al Set de Barcelona en 1973","breadcrumb":{"@id":"https://museutapies.org/es/producte/poems-from-the-catalan-joan-brossa-antoni-tapies-1973/#breadcrumb"},"inLanguage":"es","potentialAction":[{"@type":"ReadAction","target":["https://museutapies.org/es/producte/poems-from-the-catalan-joan-brossa-antoni-tapies-1973/"]}]},{"@type":"BreadcrumbList","@id":"https://museutapies.org/es/producte/poems-from-the-catalan-joan-brossa-antoni-tapies-1973/#breadcrumb","itemListElement":[{"@type":"ListItem","position":1,"name":"Tots els productes","item":"https://museutapies.org/productes/"},{"@type":"ListItem","position":2,"name":"Poems from the Catalan"}]},{"@type":"WebSite","@id":"https://museutapies.org/en/#website","url":"https://museutapies.org/en/","name":"Museu Tàpies","description":"","publisher":{"@id":"https://museutapies.org/en/#organization"},"potentialAction":[{"@type":"SearchAction","target":{"@type":"EntryPoint","urlTemplate":"https://museutapies.org/en/?s={search_term_string}"},"query-input":"required name=search_term_string"}],"inLanguage":"es"},{"@type":"Organization","@id":"https://museutapies.org/en/#organization","name":"Museu Tàpies","url":"https://museutapies.org/en/","logo":{"@type":"ImageObject","inLanguage":"es","@id":"https://museutapies.org/en/#/schema/logo/image/","url":"https://museutapies.org/wp-content/uploads/2024/07/mta.png","contentUrl":"https://museutapies.org/wp-content/uploads/2024/07/mta.png","width":244,"height":110,"caption":"Museu Tàpies"},"image":{"@id":"https://museutapies.org/en/#/schema/logo/image/"},"sameAs":["https://www.facebook.com/museutapies","https://www.instagram.com/museutapies/","https://www.youtube.com/channel/UCPi65HBb48RMeoa12lR51cQ","https://x.com/MuseuTapies"]}]}</script>
<!-- / Yoast SEO plugin. -->

Poems from the Catalan - Museu Tàpies

Cartel realizado por Antoni Tàpies con motivo de la presentación del libro "Poems from the Catalan",celebrada en la galería Dau al Set de Barcelona en 1973

Museu Tàpies
