{"id":14328,"date":"2018-02-14T11:27:55","date_gmt":"2018-02-14T11:27:55","guid":{"rendered":"https:\/\/museutapies.org\/producte\/asger-jorn\/"},"modified":"2021-11-29T00:17:21","modified_gmt":"2021-11-29T00:17:21","slug":"asger-jorn","status":"publish","type":"product","link":"https:\/\/museutapies.org\/es\/producte\/asger-jorn\/","title":{"rendered":"Asger Jorn"},"content":{"rendered":"<p>Cat\u00e1logo de la exposici\u00f3n retrospectiva de pinturas, collages, dibujos y esculturas de Asger Jorn en que se presenta un perfil biogr\u00e1fico del artista, se analiza su faceta de escritor y se documenta su participaci\u00f3n en la Internacional Situacionista. Cuenta con ensayos o escritos, entre otros, de Pierre Alechinsky, Enrico Baj, Guy Debord, Antonio Saura y el mismo Jorn.<\/p>\n","protected":false},"excerpt":{"rendered":"<p>Cat\u00e1logo de la exposici\u00f3n retrospectiva de pinturas, collages, dibujos y esculturas de Asger Jorn en que se presenta un perfil [&hellip;]<\/p>\n","protected":false},"featured_media":15678,"comment_status":"open","ping_status":"closed","template":"","meta":{"footnotes":""},"product_cat":[135],"product_tag":[],"acf":[],"yoast_head":"<!-- This site is optimized with the Yoast SEO plugin v20.11 - https:\/\/yoast.com\/wordpress\/plugins\/seo\/ -->\n<title>Asger Jorn - Museu T\u00e0pies<\/title>\n<meta name=\"description\" content=\"Cat\u00e1logo de la exposici\u00f3n retrospectiva de pinturas, collages, dibujos y esculturas de Asger Jorn en que se presenta su perfil biogr\u00e1fico, y se documenta su participaci\u00f3n en la Internacional Situacionista.\" \/>\n<meta name=\"robots\" content=\"index, follow, max-snippet:-1, max-image-preview:large, max-video-preview:-1\" \/>\n<meta property=\"og:locale\" content=\"es_ES\" \/>\n<meta property=\"og:type\" content=\"article\" \/>\n<meta property=\"og:title\" content=\"Asger Jorn - Museu T\u00e0pies\" \/>\n<meta property=\"og:description\" content=\"Cat\u00e1logo de la exposici\u00f3n retrospectiva de pinturas, collages, dibujos y esculturas de Asger Jorn en que se presenta su perfil biogr\u00e1fico, y se documenta su participaci\u00f3n en la Internacional Situacionista.\" \/>\n<meta property=\"og:url\" content=\"https:\/\/museutapies.org\/es\/producte\/asger-jorn\/\" \/>\n<meta property=\"og:site_name\" content=\"Museu T\u00e0pies\" \/>\n<meta property=\"article:publisher\" content=\"https:\/\/www.facebook.com\/museutapies\" \/>\n<meta property=\"article:modified_time\" content=\"2021-11-29T00:17:21+00:00\" \/>\n<meta property=\"og:image\" content=\"https:\/\/museutapies.org\/wp-content\/uploads\/2018\/02\/asger-jorn.jpg\" \/>\n\t<meta property=\"og:image:width\" content=\"1400\" \/>\n\t<meta property=\"og:image:height\" content=\"1400\" \/>\n\t<meta property=\"og:image:type\" content=\"image\/jpeg\" \/>\n<meta name=\"twitter:card\" content=\"summary_large_image\" \/>\n<script type=\"application\/ld+json\" class=\"yoast-schema-graph\">{\"@context\":\"https:\/\/schema.org\",\"@graph\":[{\"@type\":\"WebPage\",\"@id\":\"https:\/\/museutapies.org\/es\/producte\/asger-jorn\/\",\"url\":\"https:\/\/museutapies.org\/es\/producte\/asger-jorn\/\",\"name\":\"Asger Jorn - Museu T\u00e0pies\",\"isPartOf\":{\"@id\":\"https:\/\/museutapies.org\/en\/#website\"},\"datePublished\":\"2018-02-14T11:27:55+00:00\",\"dateModified\":\"2021-11-29T00:17:21+00:00\",\"description\":\"Cat\u00e1logo de la exposici\u00f3n retrospectiva de pinturas, collages, dibujos y esculturas de Asger Jorn en que se presenta su perfil biogr\u00e1fico, y se documenta su participaci\u00f3n en la Internacional Situacionista.\",\"breadcrumb\":{\"@id\":\"https:\/\/museutapies.org\/es\/producte\/asger-jorn\/#breadcrumb\"},\"inLanguage\":\"es\",\"potentialAction\":[{\"@type\":\"ReadAction\",\"target\":[\"https:\/\/museutapies.org\/es\/producte\/asger-jorn\/\"]}]},{\"@type\":\"BreadcrumbList\",\"@id\":\"https:\/\/museutapies.org\/es\/producte\/asger-jorn\/#breadcrumb\",\"itemListElement\":[{\"@type\":\"ListItem\",\"position\":1,\"name\":\"Tots els productes\",\"item\":\"https:\/\/museutapies.org\/productes\/\"},{\"@type\":\"ListItem\",\"position\":2,\"name\":\"Asger Jorn\"}]},{\"@type\":\"WebSite\",\"@id\":\"https:\/\/museutapies.org\/en\/#website\",\"url\":\"https:\/\/museutapies.org\/en\/\",\"name\":\"Museu T\u00e0pies\",\"description\":\"\",\"publisher\":{\"@id\":\"https:\/\/museutapies.org\/en\/#organization\"},\"potentialAction\":[{\"@type\":\"SearchAction\",\"target\":{\"@type\":\"EntryPoint\",\"urlTemplate\":\"https:\/\/museutapies.org\/en\/?s={search_term_string}\"},\"query-input\":\"required name=search_term_string\"}],\"inLanguage\":\"es\"},{\"@type\":\"Organization\",\"@id\":\"https:\/\/museutapies.org\/en\/#organization\",\"name\":\"Museu T\u00e0pies\",\"url\":\"https:\/\/museutapies.org\/en\/\",\"logo\":{\"@type\":\"ImageObject\",\"inLanguage\":\"es\",\"@id\":\"https:\/\/museutapies.org\/en\/#\/schema\/logo\/image\/\",\"url\":\"https:\/\/museutapies.org\/wp-content\/uploads\/2024\/07\/mta.png\",\"contentUrl\":\"https:\/\/museutapies.org\/wp-content\/uploads\/2024\/07\/mta.png\",\"width\":244,\"height\":110,\"caption\":\"Museu T\u00e0pies\"},\"image\":{\"@id\":\"https:\/\/museutapies.org\/en\/#\/schema\/logo\/image\/\"},\"sameAs\":[\"https:\/\/www.facebook.com\/museutapies\",\"https:\/\/www.instagram.com\/museutapies\/\",\"https:\/\/www.youtube.com\/channel\/UCPi65HBb48RMeoa12lR51cQ\",\"https:\/\/x.com\/MuseuTapies\"]}]}<\/script>\n<!-- \/ Yoast SEO plugin. -->","yoast_head_json":{"title":"Asger Jorn - Museu T\u00e0pies","description":"Cat\u00e1logo de la exposici\u00f3n retrospectiva de pinturas, collages, dibujos y esculturas de Asger Jorn en que se presenta su perfil biogr\u00e1fico, y se documenta su participaci\u00f3n en la Internacional Situacionista.","robots":{"index":"index","follow":"follow","max-snippet":"max-snippet:-1","max-image-preview":"max-image-preview:large","max-video-preview":"max-video-preview:-1"},"og_locale":"es_ES","og_type":"article","og_title":"Asger Jorn - Museu T\u00e0pies","og_description":"Cat\u00e1logo de la exposici\u00f3n retrospectiva de pinturas, collages, dibujos y esculturas de Asger Jorn en que se presenta su perfil biogr\u00e1fico, y se documenta su participaci\u00f3n en la Internacional Situacionista.","og_url":"https:\/\/museutapies.org\/es\/producte\/asger-jorn\/","og_site_name":"Museu T\u00e0pies","article_publisher":"https:\/\/www.facebook.com\/museutapies","article_modified_time":"2021-11-29T00:17:21+00:00","og_image":[{"width":1400,"height":1400,"url":"https:\/\/museutapies.org\/wp-content\/uploads\/2018\/02\/asger-jorn.jpg","type":"image\/jpeg"}],"twitter_card":"summary_large_image","schema":{"@context":"https:\/\/schema.org","@graph":[{"@type":"WebPage","@id":"https:\/\/museutapies.org\/es\/producte\/asger-jorn\/","url":"https:\/\/museutapies.org\/es\/producte\/asger-jorn\/","name":"Asger Jorn - Museu T\u00e0pies","isPartOf":{"@id":"https:\/\/museutapies.org\/en\/#website"},"datePublished":"2018-02-14T11:27:55+00:00","dateModified":"2021-11-29T00:17:21+00:00","description":"Cat\u00e1logo de la exposici\u00f3n retrospectiva de pinturas, collages, dibujos y esculturas de Asger Jorn en que se presenta su perfil biogr\u00e1fico, y se documenta su participaci\u00f3n en la Internacional Situacionista.","breadcrumb":{"@id":"https:\/\/museutapies.org\/es\/producte\/asger-jorn\/#breadcrumb"},"inLanguage":"es","potentialAction":[{"@type":"ReadAction","target":["https:\/\/museutapies.org\/es\/producte\/asger-jorn\/"]}]},{"@type":"BreadcrumbList","@id":"https:\/\/museutapies.org\/es\/producte\/asger-jorn\/#breadcrumb","itemListElement":[{"@type":"ListItem","position":1,"name":"Tots els productes","item":"https:\/\/museutapies.org\/productes\/"},{"@type":"ListItem","position":2,"name":"Asger Jorn"}]},{"@type":"WebSite","@id":"https:\/\/museutapies.org\/en\/#website","url":"https:\/\/museutapies.org\/en\/","name":"Museu T\u00e0pies","description":"","publisher":{"@id":"https:\/\/museutapies.org\/en\/#organization"},"potentialAction":[{"@type":"SearchAction","target":{"@type":"EntryPoint","urlTemplate":"https:\/\/museutapies.org\/en\/?s={search_term_string}"},"query-input":"required name=search_term_string"}],"inLanguage":"es"},{"@type":"Organization","@id":"https:\/\/museutapies.org\/en\/#organization","name":"Museu T\u00e0pies","url":"https:\/\/museutapies.org\/en\/","logo":{"@type":"ImageObject","inLanguage":"es","@id":"https:\/\/museutapies.org\/en\/#\/schema\/logo\/image\/","url":"https:\/\/museutapies.org\/wp-content\/uploads\/2024\/07\/mta.png","contentUrl":"https:\/\/museutapies.org\/wp-content\/uploads\/2024\/07\/mta.png","width":244,"height":110,"caption":"Museu T\u00e0pies"},"image":{"@id":"https:\/\/museutapies.org\/en\/#\/schema\/logo\/image\/"},"sameAs":["https:\/\/www.facebook.com\/museutapies","https:\/\/www.instagram.com\/museutapies\/","https:\/\/www.youtube.com\/channel\/UCPi65HBb48RMeoa12lR51cQ","https:\/\/x.com\/MuseuTapies"]}]}},"_links":{"self":[{"href":"https:\/\/museutapies.org\/es\/wp-json\/wp\/v2\/product\/14328"}],"collection":[{"href":"https:\/\/museutapies.org\/es\/wp-json\/wp\/v2\/product"}],"about":[{"href":"https:\/\/museutapies.org\/es\/wp-json\/wp\/v2\/types\/product"}],"replies":[{"embeddable":true,"href":"https:\/\/museutapies.org\/es\/wp-json\/wp\/v2\/comments?post=14328"}],"version-history":[{"count":3,"href":"https:\/\/museutapies.org\/es\/wp-json\/wp\/v2\/product\/14328\/revisions"}],"predecessor-version":[{"id":18056,"href":"https:\/\/museutapies.org\/es\/wp-json\/wp\/v2\/product\/14328\/revisions\/18056"}],"wp:featuredmedia":[{"embeddable":true,"href":"https:\/\/museutapies.org\/es\/wp-json\/wp\/v2\/media\/15678"}],"wp:attachment":[{"href":"https:\/\/museutapies.org\/es\/wp-json\/wp\/v2\/media?parent=14328"}],"wp:term":[{"taxonomy":"product_cat","embeddable":true,"href":"https:\/\/museutapies.org\/es\/wp-json\/wp\/v2\/product_cat?post=14328"},{"taxonomy":"product_tag","embeddable":true,"href":"https:\/\/museutapies.org\/es\/wp-json\/wp\/v2\/product_tag?post=14328"}],"curies":[{"name":"wp","href":"https:\/\/api.w.org\/{rel}","templated":true}]}}

<p>Catálogo de la exposición retrospectiva de pinturas, collages, dibujos y esculturas de Asger Jorn en que se presenta un perfil biográfico del artista, se analiza su faceta de escritor y se documenta su participación en la Internacional Situacionista. Cuenta con ensayos o escritos, entre otros, de Pierre Alechinsky, Enrico Baj, Guy Debord, Antonio Saura y el mismo Jorn.</p>

<p>Catálogo de la exposición retrospectiva de pinturas, collages, dibujos y esculturas de Asger Jorn en que se presenta un perfil [&hellip;]</p>

<!-- This site is optimized with the Yoast SEO plugin v20.11 - https://yoast.com/wordpress/plugins/seo/ -->
<title>Asger Jorn - Museu Tàpies</title>
<meta name="description" content="Catálogo de la exposición retrospectiva de pinturas, collages, dibujos y esculturas de Asger Jorn en que se presenta su perfil biográfico, y se documenta su participación en la Internacional Situacionista." />
<meta name="robots" content="index, follow, max-snippet:-1, max-image-preview:large, max-video-preview:-1" />
<meta property="og:locale" content="es_ES" />
<meta property="og:type" content="article" />
<meta property="og:title" content="Asger Jorn - Museu Tàpies" />
<meta property="og:description" content="Catálogo de la exposición retrospectiva de pinturas, collages, dibujos y esculturas de Asger Jorn en que se presenta su perfil biográfico, y se documenta su participación en la Internacional Situacionista." />
<meta property="og:url" content="https://museutapies.org/es/producte/asger-jorn/" />
<meta property="og:site_name" content="Museu Tàpies" />
<meta property="article:publisher" content="https://www.facebook.com/museutapies" />
<meta property="article:modified_time" content="2021-11-29T00:17:21+00:00" />
<meta property="og:image" content="https://museutapies.org/wp-content/uploads/2018/02/asger-jorn.jpg" />
	<meta property="og:image:width" content="1400" />
	<meta property="og:image:height" content="1400" />
	<meta property="og:image:type" content="image/jpeg" />
<meta name="twitter:card" content="summary_large_image" />
<script type="application/ld+json" class="yoast-schema-graph">{"@context":"https://schema.org","@graph":[{"@type":"WebPage","@id":"https://museutapies.org/es/producte/asger-jorn/","url":"https://museutapies.org/es/producte/asger-jorn/","name":"Asger Jorn - Museu Tàpies","isPartOf":{"@id":"https://museutapies.org/en/#website"},"datePublished":"2018-02-14T11:27:55+00:00","dateModified":"2021-11-29T00:17:21+00:00","description":"Catálogo de la exposición retrospectiva de pinturas, collages, dibujos y esculturas de Asger Jorn en que se presenta su perfil biográfico, y se documenta su participación en la Internacional Situacionista.","breadcrumb":{"@id":"https://museutapies.org/es/producte/asger-jorn/#breadcrumb"},"inLanguage":"es","potentialAction":[{"@type":"ReadAction","target":["https://museutapies.org/es/producte/asger-jorn/"]}]},{"@type":"BreadcrumbList","@id":"https://museutapies.org/es/producte/asger-jorn/#breadcrumb","itemListElement":[{"@type":"ListItem","position":1,"name":"Tots els productes","item":"https://museutapies.org/productes/"},{"@type":"ListItem","position":2,"name":"Asger Jorn"}]},{"@type":"WebSite","@id":"https://museutapies.org/en/#website","url":"https://museutapies.org/en/","name":"Museu Tàpies","description":"","publisher":{"@id":"https://museutapies.org/en/#organization"},"potentialAction":[{"@type":"SearchAction","target":{"@type":"EntryPoint","urlTemplate":"https://museutapies.org/en/?s={search_term_string}"},"query-input":"required name=search_term_string"}],"inLanguage":"es"},{"@type":"Organization","@id":"https://museutapies.org/en/#organization","name":"Museu Tàpies","url":"https://museutapies.org/en/","logo":{"@type":"ImageObject","inLanguage":"es","@id":"https://museutapies.org/en/#/schema/logo/image/","url":"https://museutapies.org/wp-content/uploads/2024/07/mta.png","contentUrl":"https://museutapies.org/wp-content/uploads/2024/07/mta.png","width":244,"height":110,"caption":"Museu Tàpies"},"image":{"@id":"https://museutapies.org/en/#/schema/logo/image/"},"sameAs":["https://www.facebook.com/museutapies","https://www.instagram.com/museutapies/","https://www.youtube.com/channel/UCPi65HBb48RMeoa12lR51cQ","https://x.com/MuseuTapies"]}]}</script>
<!-- / Yoast SEO plugin. -->

Asger Jorn - Museu Tàpies

Catálogo de la exposición retrospectiva de pinturas, collages, dibujos y esculturas de Asger Jorn en que se presenta su perfil biográfico, y se documenta su participación en la Internacional Situacionista.

Museu Tàpies
