{"id":42905,"date":"2025-12-11T10:48:25","date_gmt":"2025-12-11T09:48:25","guid":{"rendered":"https:\/\/museutapies.org\/?post_type=product&#038;p=42905"},"modified":"2025-12-11T14:05:08","modified_gmt":"2025-12-11T13:05:08","slug":"tapies-y-yo-una","status":"publish","type":"product","link":"https:\/\/museutapies.org\/es\/producte\/tapies-y-yo-una\/","title":{"rendered":"T\u00e0pies y yo: una ex\u00e9gesis rec\u00edproca"},"content":{"rendered":"<p><em>T\u00e0pies y yo: una ex\u00e9gesis rec\u00edproca e<\/em>s el resultado de la primera edici\u00f3n del Premio Internacional de Ensayo\u00a0 &#8220;Gesto de ayer, pensamiento de hoy&#8221;, impulsado en el marco de la colaboraci\u00f3n entre el Museu T\u00e0pies y la C\u00e1tedra Antoni T\u00e0pies de Arte y Pensamiento Contempor\u00e1neos de la Universitat Pompeu Fabra.<\/p>\n<p>La antrop\u00f3loga Rita Laura Segato, autora del ensayo, utiliza la experiencia acumulada en la su larga trayectoria como\u00a0 investigadora para proponer una aproximaci\u00f3n in\u00e9dita al legado del artista Antoni T\u00e0pies.<\/p>\n","protected":false},"excerpt":{"rendered":"<p>T\u00e0pies y yo: una ex\u00e9gesis rec\u00edproca es el resultado de la primera edici\u00f3n del Premio Internacional de Ensayo\u00a0 &#8220;Gesto de [&hellip;]<\/p>\n","protected":false},"featured_media":42917,"comment_status":"closed","ping_status":"closed","template":"","meta":{"footnotes":""},"product_cat":[135],"product_tag":[],"acf":[],"yoast_head":"<!-- This site is optimized with the Yoast SEO plugin v20.11 - https:\/\/yoast.com\/wordpress\/plugins\/seo\/ -->\n<title>T\u00e0pies y yo: una ex\u00e9gesis rec\u00edproca - Museu T\u00e0pies<\/title>\n<meta name=\"description\" content=\"Es el resultado de la primera edici\u00f3n del Premio Internacional de Ensayo &quot;Gesto de ayer, pensamiento de hoy&quot;, impulsado en el marco de colaboraci\u00f3n entre el Museu T\u00e0pies y la C\u00e1tedra Antoni T\u00e0pies de Arte y Pensamiento Contempor\u00e1neos de la UPF\" \/>\n<meta name=\"robots\" content=\"index, follow, max-snippet:-1, max-image-preview:large, max-video-preview:-1\" \/>\n<meta property=\"og:locale\" content=\"es_ES\" \/>\n<meta property=\"og:type\" content=\"article\" \/>\n<meta property=\"og:title\" content=\"T\u00e0pies y yo: una ex\u00e9gesis rec\u00edproca - Museu T\u00e0pies\" \/>\n<meta property=\"og:description\" content=\"Es el resultado de la primera edici\u00f3n del Premio Internacional de Ensayo &quot;Gesto de ayer, pensamiento de hoy&quot;, impulsado en el marco de colaboraci\u00f3n entre el Museu T\u00e0pies y la C\u00e1tedra Antoni T\u00e0pies de Arte y Pensamiento Contempor\u00e1neos de la UPF\" \/>\n<meta property=\"og:url\" content=\"https:\/\/museutapies.org\/es\/producte\/tapies-y-yo-una\/\" \/>\n<meta property=\"og:site_name\" content=\"Museu T\u00e0pies\" \/>\n<meta property=\"article:publisher\" content=\"https:\/\/www.facebook.com\/museutapies\" \/>\n<meta property=\"article:modified_time\" content=\"2025-12-11T13:05:08+00:00\" \/>\n<meta property=\"og:image\" content=\"https:\/\/museutapies.org\/wp-content\/uploads\/2025\/12\/Portada-de-llibre-de-Rita-Segato-en-castellano.png\" \/>\n\t<meta property=\"og:image:width\" content=\"722\" \/>\n\t<meta property=\"og:image:height\" content=\"1080\" \/>\n\t<meta property=\"og:image:type\" content=\"image\/png\" \/>\n<meta name=\"twitter:card\" content=\"summary_large_image\" \/>\n<meta name=\"twitter:label1\" content=\"Tiempo de lectura\" \/>\n\t<meta name=\"twitter:data1\" content=\"1 minuto\" \/>\n<script type=\"application\/ld+json\" class=\"yoast-schema-graph\">{\"@context\":\"https:\/\/schema.org\",\"@graph\":[{\"@type\":\"WebPage\",\"@id\":\"https:\/\/museutapies.org\/es\/producte\/tapies-y-yo-una\/\",\"url\":\"https:\/\/museutapies.org\/es\/producte\/tapies-y-yo-una\/\",\"name\":\"T\u00e0pies y yo: una ex\u00e9gesis rec\u00edproca - Museu T\u00e0pies\",\"isPartOf\":{\"@id\":\"https:\/\/museutapies.org\/en\/#website\"},\"datePublished\":\"2025-12-11T09:48:25+00:00\",\"dateModified\":\"2025-12-11T13:05:08+00:00\",\"description\":\"Es el resultado de la primera edici\u00f3n del Premio Internacional de Ensayo \\\"Gesto de ayer, pensamiento de hoy\\\", impulsado en el marco de colaboraci\u00f3n entre el Museu T\u00e0pies y la C\u00e1tedra Antoni T\u00e0pies de Arte y Pensamiento Contempor\u00e1neos de la UPF\",\"breadcrumb\":{\"@id\":\"https:\/\/museutapies.org\/es\/producte\/tapies-y-yo-una\/#breadcrumb\"},\"inLanguage\":\"es\",\"potentialAction\":[{\"@type\":\"ReadAction\",\"target\":[\"https:\/\/museutapies.org\/es\/producte\/tapies-y-yo-una\/\"]}]},{\"@type\":\"BreadcrumbList\",\"@id\":\"https:\/\/museutapies.org\/es\/producte\/tapies-y-yo-una\/#breadcrumb\",\"itemListElement\":[{\"@type\":\"ListItem\",\"position\":1,\"name\":\"Tots els productes\",\"item\":\"https:\/\/museutapies.org\/productes\/\"},{\"@type\":\"ListItem\",\"position\":2,\"name\":\"T\u00e0pies y yo: una ex\u00e9gesis rec\u00edproca\"}]},{\"@type\":\"WebSite\",\"@id\":\"https:\/\/museutapies.org\/en\/#website\",\"url\":\"https:\/\/museutapies.org\/en\/\",\"name\":\"Museu T\u00e0pies\",\"description\":\"\",\"publisher\":{\"@id\":\"https:\/\/museutapies.org\/en\/#organization\"},\"potentialAction\":[{\"@type\":\"SearchAction\",\"target\":{\"@type\":\"EntryPoint\",\"urlTemplate\":\"https:\/\/museutapies.org\/en\/?s={search_term_string}\"},\"query-input\":\"required name=search_term_string\"}],\"inLanguage\":\"es\"},{\"@type\":\"Organization\",\"@id\":\"https:\/\/museutapies.org\/en\/#organization\",\"name\":\"Museu T\u00e0pies\",\"url\":\"https:\/\/museutapies.org\/en\/\",\"logo\":{\"@type\":\"ImageObject\",\"inLanguage\":\"es\",\"@id\":\"https:\/\/museutapies.org\/en\/#\/schema\/logo\/image\/\",\"url\":\"https:\/\/museutapies.org\/wp-content\/uploads\/2024\/07\/mta.png\",\"contentUrl\":\"https:\/\/museutapies.org\/wp-content\/uploads\/2024\/07\/mta.png\",\"width\":244,\"height\":110,\"caption\":\"Museu T\u00e0pies\"},\"image\":{\"@id\":\"https:\/\/museutapies.org\/en\/#\/schema\/logo\/image\/\"},\"sameAs\":[\"https:\/\/www.facebook.com\/museutapies\",\"https:\/\/www.instagram.com\/museutapies\/\",\"https:\/\/www.youtube.com\/channel\/UCPi65HBb48RMeoa12lR51cQ\",\"https:\/\/x.com\/MuseuTapies\"]}]}<\/script>\n<!-- \/ Yoast SEO plugin. -->","yoast_head_json":{"title":"T\u00e0pies y yo: una ex\u00e9gesis rec\u00edproca - Museu T\u00e0pies","description":"Es el resultado de la primera edici\u00f3n del Premio Internacional de Ensayo \"Gesto de ayer, pensamiento de hoy\", impulsado en el marco de colaboraci\u00f3n entre el Museu T\u00e0pies y la C\u00e1tedra Antoni T\u00e0pies de Arte y Pensamiento Contempor\u00e1neos de la UPF","robots":{"index":"index","follow":"follow","max-snippet":"max-snippet:-1","max-image-preview":"max-image-preview:large","max-video-preview":"max-video-preview:-1"},"og_locale":"es_ES","og_type":"article","og_title":"T\u00e0pies y yo: una ex\u00e9gesis rec\u00edproca - Museu T\u00e0pies","og_description":"Es el resultado de la primera edici\u00f3n del Premio Internacional de Ensayo \"Gesto de ayer, pensamiento de hoy\", impulsado en el marco de colaboraci\u00f3n entre el Museu T\u00e0pies y la C\u00e1tedra Antoni T\u00e0pies de Arte y Pensamiento Contempor\u00e1neos de la UPF","og_url":"https:\/\/museutapies.org\/es\/producte\/tapies-y-yo-una\/","og_site_name":"Museu T\u00e0pies","article_publisher":"https:\/\/www.facebook.com\/museutapies","article_modified_time":"2025-12-11T13:05:08+00:00","og_image":[{"width":722,"height":1080,"url":"https:\/\/museutapies.org\/wp-content\/uploads\/2025\/12\/Portada-de-llibre-de-Rita-Segato-en-castellano.png","type":"image\/png"}],"twitter_card":"summary_large_image","twitter_misc":{"Tiempo de lectura":"1 minuto"},"schema":{"@context":"https:\/\/schema.org","@graph":[{"@type":"WebPage","@id":"https:\/\/museutapies.org\/es\/producte\/tapies-y-yo-una\/","url":"https:\/\/museutapies.org\/es\/producte\/tapies-y-yo-una\/","name":"T\u00e0pies y yo: una ex\u00e9gesis rec\u00edproca - Museu T\u00e0pies","isPartOf":{"@id":"https:\/\/museutapies.org\/en\/#website"},"datePublished":"2025-12-11T09:48:25+00:00","dateModified":"2025-12-11T13:05:08+00:00","description":"Es el resultado de la primera edici\u00f3n del Premio Internacional de Ensayo \"Gesto de ayer, pensamiento de hoy\", impulsado en el marco de colaboraci\u00f3n entre el Museu T\u00e0pies y la C\u00e1tedra Antoni T\u00e0pies de Arte y Pensamiento Contempor\u00e1neos de la UPF","breadcrumb":{"@id":"https:\/\/museutapies.org\/es\/producte\/tapies-y-yo-una\/#breadcrumb"},"inLanguage":"es","potentialAction":[{"@type":"ReadAction","target":["https:\/\/museutapies.org\/es\/producte\/tapies-y-yo-una\/"]}]},{"@type":"BreadcrumbList","@id":"https:\/\/museutapies.org\/es\/producte\/tapies-y-yo-una\/#breadcrumb","itemListElement":[{"@type":"ListItem","position":1,"name":"Tots els productes","item":"https:\/\/museutapies.org\/productes\/"},{"@type":"ListItem","position":2,"name":"T\u00e0pies y yo: una ex\u00e9gesis rec\u00edproca"}]},{"@type":"WebSite","@id":"https:\/\/museutapies.org\/en\/#website","url":"https:\/\/museutapies.org\/en\/","name":"Museu T\u00e0pies","description":"","publisher":{"@id":"https:\/\/museutapies.org\/en\/#organization"},"potentialAction":[{"@type":"SearchAction","target":{"@type":"EntryPoint","urlTemplate":"https:\/\/museutapies.org\/en\/?s={search_term_string}"},"query-input":"required name=search_term_string"}],"inLanguage":"es"},{"@type":"Organization","@id":"https:\/\/museutapies.org\/en\/#organization","name":"Museu T\u00e0pies","url":"https:\/\/museutapies.org\/en\/","logo":{"@type":"ImageObject","inLanguage":"es","@id":"https:\/\/museutapies.org\/en\/#\/schema\/logo\/image\/","url":"https:\/\/museutapies.org\/wp-content\/uploads\/2024\/07\/mta.png","contentUrl":"https:\/\/museutapies.org\/wp-content\/uploads\/2024\/07\/mta.png","width":244,"height":110,"caption":"Museu T\u00e0pies"},"image":{"@id":"https:\/\/museutapies.org\/en\/#\/schema\/logo\/image\/"},"sameAs":["https:\/\/www.facebook.com\/museutapies","https:\/\/www.instagram.com\/museutapies\/","https:\/\/www.youtube.com\/channel\/UCPi65HBb48RMeoa12lR51cQ","https:\/\/x.com\/MuseuTapies"]}]}},"_links":{"self":[{"href":"https:\/\/museutapies.org\/es\/wp-json\/wp\/v2\/product\/42905"}],"collection":[{"href":"https:\/\/museutapies.org\/es\/wp-json\/wp\/v2\/product"}],"about":[{"href":"https:\/\/museutapies.org\/es\/wp-json\/wp\/v2\/types\/product"}],"replies":[{"embeddable":true,"href":"https:\/\/museutapies.org\/es\/wp-json\/wp\/v2\/comments?post=42905"}],"version-history":[{"count":3,"href":"https:\/\/museutapies.org\/es\/wp-json\/wp\/v2\/product\/42905\/revisions"}],"predecessor-version":[{"id":42920,"href":"https:\/\/museutapies.org\/es\/wp-json\/wp\/v2\/product\/42905\/revisions\/42920"}],"wp:featuredmedia":[{"embeddable":true,"href":"https:\/\/museutapies.org\/es\/wp-json\/wp\/v2\/media\/42917"}],"wp:attachment":[{"href":"https:\/\/museutapies.org\/es\/wp-json\/wp\/v2\/media?parent=42905"}],"wp:term":[{"taxonomy":"product_cat","embeddable":true,"href":"https:\/\/museutapies.org\/es\/wp-json\/wp\/v2\/product_cat?post=42905"},{"taxonomy":"product_tag","embeddable":true,"href":"https:\/\/museutapies.org\/es\/wp-json\/wp\/v2\/product_tag?post=42905"}],"curies":[{"name":"wp","href":"https:\/\/api.w.org\/{rel}","templated":true}]}}

Tàpies y yo: una exégesis recíproca

<p><em>Tàpies y yo: una exégesis recíproca e</em>s el resultado de la primera edición del Premio Internacional de Ensayo  &#8220;Gesto de ayer, pensamiento de hoy&#8221;, impulsado en el marco de la colaboración entre el Museu Tàpies y la Cátedra Antoni Tàpies de Arte y Pensamiento Contemporáneos de la Universitat Pompeu Fabra.</p>
<p>La antropóloga Rita Laura Segato, autora del ensayo, utiliza la experiencia acumulada en la su larga trayectoria como  investigadora para proponer una aproximación inédita al legado del artista Antoni Tàpies.</p>

<p>Tàpies y yo: una exégesis recíproca es el resultado de la primera edición del Premio Internacional de Ensayo  &#8220;Gesto de [&hellip;]</p>

<!-- This site is optimized with the Yoast SEO plugin v20.11 - https://yoast.com/wordpress/plugins/seo/ -->
<title>Tàpies y yo: una exégesis recíproca - Museu Tàpies</title>
<meta name="description" content="Es el resultado de la primera edición del Premio Internacional de Ensayo &quot;Gesto de ayer, pensamiento de hoy&quot;, impulsado en el marco de colaboración entre el Museu Tàpies y la Cátedra Antoni Tàpies de Arte y Pensamiento Contemporáneos de la UPF" />
<meta name="robots" content="index, follow, max-snippet:-1, max-image-preview:large, max-video-preview:-1" />
<meta property="og:locale" content="es_ES" />
<meta property="og:type" content="article" />
<meta property="og:title" content="Tàpies y yo: una exégesis recíproca - Museu Tàpies" />
<meta property="og:description" content="Es el resultado de la primera edición del Premio Internacional de Ensayo &quot;Gesto de ayer, pensamiento de hoy&quot;, impulsado en el marco de colaboración entre el Museu Tàpies y la Cátedra Antoni Tàpies de Arte y Pensamiento Contemporáneos de la UPF" />
<meta property="og:url" content="https://museutapies.org/es/producte/tapies-y-yo-una/" />
<meta property="og:site_name" content="Museu Tàpies" />
<meta property="article:publisher" content="https://www.facebook.com/museutapies" />
<meta property="article:modified_time" content="2025-12-11T13:05:08+00:00" />
<meta property="og:image" content="https://museutapies.org/wp-content/uploads/2025/12/Portada-de-llibre-de-Rita-Segato-en-castellano.png" />
	<meta property="og:image:width" content="722" />
	<meta property="og:image:height" content="1080" />
	<meta property="og:image:type" content="image/png" />
<meta name="twitter:card" content="summary_large_image" />
<meta name="twitter:label1" content="Tiempo de lectura" />
	<meta name="twitter:data1" content="1 minuto" />
<script type="application/ld+json" class="yoast-schema-graph">{"@context":"https://schema.org","@graph":[{"@type":"WebPage","@id":"https://museutapies.org/es/producte/tapies-y-yo-una/","url":"https://museutapies.org/es/producte/tapies-y-yo-una/","name":"Tàpies y yo: una exégesis recíproca - Museu Tàpies","isPartOf":{"@id":"https://museutapies.org/en/#website"},"datePublished":"2025-12-11T09:48:25+00:00","dateModified":"2025-12-11T13:05:08+00:00","description":"Es el resultado de la primera edición del Premio Internacional de Ensayo \"Gesto de ayer, pensamiento de hoy\", impulsado en el marco de colaboración entre el Museu Tàpies y la Cátedra Antoni Tàpies de Arte y Pensamiento Contemporáneos de la UPF","breadcrumb":{"@id":"https://museutapies.org/es/producte/tapies-y-yo-una/#breadcrumb"},"inLanguage":"es","potentialAction":[{"@type":"ReadAction","target":["https://museutapies.org/es/producte/tapies-y-yo-una/"]}]},{"@type":"BreadcrumbList","@id":"https://museutapies.org/es/producte/tapies-y-yo-una/#breadcrumb","itemListElement":[{"@type":"ListItem","position":1,"name":"Tots els productes","item":"https://museutapies.org/productes/"},{"@type":"ListItem","position":2,"name":"Tàpies y yo: una exégesis recíproca"}]},{"@type":"WebSite","@id":"https://museutapies.org/en/#website","url":"https://museutapies.org/en/","name":"Museu Tàpies","description":"","publisher":{"@id":"https://museutapies.org/en/#organization"},"potentialAction":[{"@type":"SearchAction","target":{"@type":"EntryPoint","urlTemplate":"https://museutapies.org/en/?s={search_term_string}"},"query-input":"required name=search_term_string"}],"inLanguage":"es"},{"@type":"Organization","@id":"https://museutapies.org/en/#organization","name":"Museu Tàpies","url":"https://museutapies.org/en/","logo":{"@type":"ImageObject","inLanguage":"es","@id":"https://museutapies.org/en/#/schema/logo/image/","url":"https://museutapies.org/wp-content/uploads/2024/07/mta.png","contentUrl":"https://museutapies.org/wp-content/uploads/2024/07/mta.png","width":244,"height":110,"caption":"Museu Tàpies"},"image":{"@id":"https://museutapies.org/en/#/schema/logo/image/"},"sameAs":["https://www.facebook.com/museutapies","https://www.instagram.com/museutapies/","https://www.youtube.com/channel/UCPi65HBb48RMeoa12lR51cQ","https://x.com/MuseuTapies"]}]}</script>
<!-- / Yoast SEO plugin. -->

Tàpies y yo: una exégesis recíproca - Museu Tàpies

Es el resultado de la primera edición del Premio Internacional de Ensayo "Gesto de ayer, pensamiento de hoy", impulsado en el marco de colaboración entre el Museu Tàpies y la Cátedra Antoni Tàpies de Arte y Pensamiento Contemporáneos de la UPF

Museu Tàpies
