{"id":34929,"date":"2024-07-18T09:39:18","date_gmt":"2024-07-18T07:39:18","guid":{"rendered":"https:\/\/museutapies.org\/?post_type=tribe_events&#038;p=34929"},"modified":"2024-07-23T09:39:11","modified_gmt":"2024-07-23T07:39:11","slug":"curso-gaudir-ub-antoni-tapies-y-la-practica-del-arte","status":"publish","type":"tribe_events","link":"https:\/\/museutapies.org\/es\/event\/curso-gaudir-ub-antoni-tapies-y-la-practica-del-arte\/","title":{"rendered":"Curso Gaudir UB. Antoni T\u00e0pies y la pr\u00e1ctica del arte"},"content":{"rendered":"<p><img loading=\"lazy\" decoding=\"async\" class=\"alignnone size-medium wp-image-35119\" src=\"https:\/\/museutapies.org\/wp-content\/uploads\/2024\/07\/curs-gaudir-ub-800x532.png\" alt=\"\" width=\"800\" height=\"532\" srcset=\"https:\/\/museutapies.org\/wp-content\/uploads\/2024\/07\/curs-gaudir-ub-800x532.png 800w, https:\/\/museutapies.org\/wp-content\/uploads\/2024\/07\/curs-gaudir-ub-768x511.png 768w, https:\/\/museutapies.org\/wp-content\/uploads\/2024\/07\/curs-gaudir-ub-500x333.png 500w, https:\/\/museutapies.org\/wp-content\/uploads\/2024\/07\/curs-gaudir-ub-380x253.png 380w, https:\/\/museutapies.org\/wp-content\/uploads\/2024\/07\/curs-gaudir-ub-600x399.png 600w, https:\/\/museutapies.org\/wp-content\/uploads\/2024\/07\/curs-gaudir-ub.png 870w\" sizes=\"(max-width: 800px) 100vw, 800px\" \/><\/p>\n<p><span style=\"font-weight: 400\">Antoni T\u00e0pies naci\u00f3 en Barcelona el 13 de diciembre de 1923. Hoy es reconocido como uno de los artistas m\u00e1s destacados del siglo <\/span><span style=\"font-weight: 400\">xx<\/span><span style=\"font-weight: 400\">. Sin embargo, su obra sigue siendo relativamente poco conocida y a menudo es considerada cr\u00edptica y de dif\u00edcil acceso. En este curso desvelaremos algunas claves para aproximarnos a la obra tapiana. A trav\u00e9s de sesiones te\u00f3ricas y pr\u00e1cticas que tendr\u00e1n lugar en diferentes espacios del museo, descubriremos varios aspectos: la concepci\u00f3n art\u00edstica que hay detr\u00e1s, las t\u00e9cnicas y procesos creativos, los v\u00ednculos con el arte de su tiempo y las aportaciones que han hecho a la historia del arte.<\/span><\/p>\n","protected":false},"excerpt":{"rendered":"<p>Antoni T\u00e0pies naci\u00f3 en Barcelona el 13 de diciembre de 1923. Hoy es reconocido como uno de los artistas m\u00e1s [&hellip;]<\/p>\n","protected":false},"author":208,"featured_media":35119,"comment_status":"closed","ping_status":"closed","template":"","meta":{"_tribe_events_status":"","_tribe_events_status_reason":"","_tribe_events_is_hybrid":"","_tribe_events_is_virtual":"","_tribe_events_virtual_video_source":"","_tribe_events_virtual_embed_video":"","_tribe_events_virtual_linked_button_text":"","_tribe_events_virtual_linked_button":"","_tribe_events_virtual_show_embed_at":"","_tribe_events_virtual_show_embed_to":[],"_tribe_events_virtual_show_on_event":"","_tribe_events_virtual_show_on_views":"","_tribe_events_virtual_url":"","footnotes":""},"tags":[],"tribe_events_cat":[5772],"acf":[],"yoast_head":"<!-- This site is optimized with the Yoast SEO plugin v20.11 - https:\/\/yoast.com\/wordpress\/plugins\/seo\/ -->\n<title>Curso Gaudir UB. Antoni T\u00e0pies y la pr\u00e1ctica del arte - Museu T\u00e0pies<\/title>\n<meta name=\"robots\" content=\"index, follow, max-snippet:-1, max-image-preview:large, max-video-preview:-1\" \/>\n<meta property=\"og:locale\" content=\"es_ES\" \/>\n<meta property=\"og:type\" content=\"article\" \/>\n<meta property=\"og:title\" content=\"Curso Gaudir UB. Antoni T\u00e0pies y la pr\u00e1ctica del arte - Museu T\u00e0pies\" \/>\n<meta property=\"og:description\" content=\"Antoni T\u00e0pies naci\u00f3 en Barcelona el 13 de diciembre de 1923. Hoy es reconocido como uno de los artistas m\u00e1s [&hellip;]\" \/>\n<meta property=\"og:url\" content=\"https:\/\/museutapies.org\/es\/event\/curso-gaudir-ub-antoni-tapies-y-la-practica-del-arte\/\" \/>\n<meta property=\"og:site_name\" content=\"Museu T\u00e0pies\" \/>\n<meta property=\"article:publisher\" content=\"https:\/\/www.facebook.com\/museutapies\" \/>\n<meta property=\"article:modified_time\" content=\"2024-07-23T07:39:11+00:00\" \/>\n<meta property=\"og:image\" content=\"https:\/\/museutapies.org\/wp-content\/uploads\/2024\/07\/curs-gaudir-ub.png\" \/>\n\t<meta property=\"og:image:width\" content=\"870\" \/>\n\t<meta property=\"og:image:height\" content=\"579\" \/>\n\t<meta property=\"og:image:type\" content=\"image\/png\" \/>\n<meta name=\"twitter:card\" content=\"summary_large_image\" \/>\n<meta name=\"twitter:label1\" content=\"Tiempo de lectura\" \/>\n\t<meta name=\"twitter:data1\" content=\"1 minuto\" \/>\n<script type=\"application\/ld+json\" class=\"yoast-schema-graph\">{\"@context\":\"https:\/\/schema.org\",\"@graph\":[{\"@type\":\"WebPage\",\"@id\":\"https:\/\/museutapies.org\/es\/event\/curso-gaudir-ub-antoni-tapies-y-la-practica-del-arte\/\",\"url\":\"https:\/\/museutapies.org\/es\/event\/curso-gaudir-ub-antoni-tapies-y-la-practica-del-arte\/\",\"name\":\"Curso Gaudir UB. Antoni T\u00e0pies y la pr\u00e1ctica del arte - Museu T\u00e0pies\",\"isPartOf\":{\"@id\":\"https:\/\/museutapies.org\/en\/#website\"},\"datePublished\":\"2024-07-18T07:39:18+00:00\",\"dateModified\":\"2024-07-23T07:39:11+00:00\",\"breadcrumb\":{\"@id\":\"https:\/\/museutapies.org\/es\/event\/curso-gaudir-ub-antoni-tapies-y-la-practica-del-arte\/#breadcrumb\"},\"inLanguage\":\"es\",\"potentialAction\":[{\"@type\":\"ReadAction\",\"target\":[\"https:\/\/museutapies.org\/es\/event\/curso-gaudir-ub-antoni-tapies-y-la-practica-del-arte\/\"]}]},{\"@type\":\"BreadcrumbList\",\"@id\":\"https:\/\/museutapies.org\/es\/event\/curso-gaudir-ub-antoni-tapies-y-la-practica-del-arte\/#breadcrumb\",\"itemListElement\":[{\"@type\":\"ListItem\",\"position\":1,\"name\":\"Esdeveniments\",\"item\":\"https:\/\/museutapies.org\/agenda\/\"},{\"@type\":\"ListItem\",\"position\":2,\"name\":\"Curso Gaudir UB. Antoni T\u00e0pies y la pr\u00e1ctica del arte\"}]},{\"@type\":\"WebSite\",\"@id\":\"https:\/\/museutapies.org\/en\/#website\",\"url\":\"https:\/\/museutapies.org\/en\/\",\"name\":\"Museu T\u00e0pies\",\"description\":\"\",\"publisher\":{\"@id\":\"https:\/\/museutapies.org\/en\/#organization\"},\"potentialAction\":[{\"@type\":\"SearchAction\",\"target\":{\"@type\":\"EntryPoint\",\"urlTemplate\":\"https:\/\/museutapies.org\/en\/?s={search_term_string}\"},\"query-input\":\"required name=search_term_string\"}],\"inLanguage\":\"es\"},{\"@type\":\"Organization\",\"@id\":\"https:\/\/museutapies.org\/en\/#organization\",\"name\":\"Museu T\u00e0pies\",\"url\":\"https:\/\/museutapies.org\/en\/\",\"logo\":{\"@type\":\"ImageObject\",\"inLanguage\":\"es\",\"@id\":\"https:\/\/museutapies.org\/en\/#\/schema\/logo\/image\/\",\"url\":\"https:\/\/museutapies.org\/wp-content\/uploads\/2024\/07\/mta.png\",\"contentUrl\":\"https:\/\/museutapies.org\/wp-content\/uploads\/2024\/07\/mta.png\",\"width\":244,\"height\":110,\"caption\":\"Museu T\u00e0pies\"},\"image\":{\"@id\":\"https:\/\/museutapies.org\/en\/#\/schema\/logo\/image\/\"},\"sameAs\":[\"https:\/\/www.facebook.com\/museutapies\",\"https:\/\/www.instagram.com\/museutapies\/\",\"https:\/\/www.youtube.com\/channel\/UCPi65HBb48RMeoa12lR51cQ\",\"https:\/\/x.com\/MuseuTapies\"]}]}<\/script>\n<!-- \/ Yoast SEO plugin. -->","yoast_head_json":{"title":"Curso Gaudir UB. Antoni T\u00e0pies y la pr\u00e1ctica del arte - Museu T\u00e0pies","robots":{"index":"index","follow":"follow","max-snippet":"max-snippet:-1","max-image-preview":"max-image-preview:large","max-video-preview":"max-video-preview:-1"},"og_locale":"es_ES","og_type":"article","og_title":"Curso Gaudir UB. Antoni T\u00e0pies y la pr\u00e1ctica del arte - Museu T\u00e0pies","og_description":"Antoni T\u00e0pies naci\u00f3 en Barcelona el 13 de diciembre de 1923. Hoy es reconocido como uno de los artistas m\u00e1s [&hellip;]","og_url":"https:\/\/museutapies.org\/es\/event\/curso-gaudir-ub-antoni-tapies-y-la-practica-del-arte\/","og_site_name":"Museu T\u00e0pies","article_publisher":"https:\/\/www.facebook.com\/museutapies","article_modified_time":"2024-07-23T07:39:11+00:00","og_image":[{"width":870,"height":579,"url":"https:\/\/museutapies.org\/wp-content\/uploads\/2024\/07\/curs-gaudir-ub.png","type":"image\/png"}],"twitter_card":"summary_large_image","twitter_misc":{"Tiempo de lectura":"1 minuto"},"schema":{"@context":"https:\/\/schema.org","@graph":[{"@type":"WebPage","@id":"https:\/\/museutapies.org\/es\/event\/curso-gaudir-ub-antoni-tapies-y-la-practica-del-arte\/","url":"https:\/\/museutapies.org\/es\/event\/curso-gaudir-ub-antoni-tapies-y-la-practica-del-arte\/","name":"Curso Gaudir UB. Antoni T\u00e0pies y la pr\u00e1ctica del arte - Museu T\u00e0pies","isPartOf":{"@id":"https:\/\/museutapies.org\/en\/#website"},"datePublished":"2024-07-18T07:39:18+00:00","dateModified":"2024-07-23T07:39:11+00:00","breadcrumb":{"@id":"https:\/\/museutapies.org\/es\/event\/curso-gaudir-ub-antoni-tapies-y-la-practica-del-arte\/#breadcrumb"},"inLanguage":"es","potentialAction":[{"@type":"ReadAction","target":["https:\/\/museutapies.org\/es\/event\/curso-gaudir-ub-antoni-tapies-y-la-practica-del-arte\/"]}]},{"@type":"BreadcrumbList","@id":"https:\/\/museutapies.org\/es\/event\/curso-gaudir-ub-antoni-tapies-y-la-practica-del-arte\/#breadcrumb","itemListElement":[{"@type":"ListItem","position":1,"name":"Esdeveniments","item":"https:\/\/museutapies.org\/agenda\/"},{"@type":"ListItem","position":2,"name":"Curso Gaudir UB. Antoni T\u00e0pies y la pr\u00e1ctica del arte"}]},{"@type":"WebSite","@id":"https:\/\/museutapies.org\/en\/#website","url":"https:\/\/museutapies.org\/en\/","name":"Museu T\u00e0pies","description":"","publisher":{"@id":"https:\/\/museutapies.org\/en\/#organization"},"potentialAction":[{"@type":"SearchAction","target":{"@type":"EntryPoint","urlTemplate":"https:\/\/museutapies.org\/en\/?s={search_term_string}"},"query-input":"required name=search_term_string"}],"inLanguage":"es"},{"@type":"Organization","@id":"https:\/\/museutapies.org\/en\/#organization","name":"Museu T\u00e0pies","url":"https:\/\/museutapies.org\/en\/","logo":{"@type":"ImageObject","inLanguage":"es","@id":"https:\/\/museutapies.org\/en\/#\/schema\/logo\/image\/","url":"https:\/\/museutapies.org\/wp-content\/uploads\/2024\/07\/mta.png","contentUrl":"https:\/\/museutapies.org\/wp-content\/uploads\/2024\/07\/mta.png","width":244,"height":110,"caption":"Museu T\u00e0pies"},"image":{"@id":"https:\/\/museutapies.org\/en\/#\/schema\/logo\/image\/"},"sameAs":["https:\/\/www.facebook.com\/museutapies","https:\/\/www.instagram.com\/museutapies\/","https:\/\/www.youtube.com\/channel\/UCPi65HBb48RMeoa12lR51cQ","https:\/\/x.com\/MuseuTapies"]}]}},"_links":{"self":[{"href":"https:\/\/museutapies.org\/es\/wp-json\/wp\/v2\/tribe_events\/34929"}],"collection":[{"href":"https:\/\/museutapies.org\/es\/wp-json\/wp\/v2\/tribe_events"}],"about":[{"href":"https:\/\/museutapies.org\/es\/wp-json\/wp\/v2\/types\/tribe_events"}],"author":[{"embeddable":true,"href":"https:\/\/museutapies.org\/es\/wp-json\/wp\/v2\/users\/208"}],"replies":[{"embeddable":true,"href":"https:\/\/museutapies.org\/es\/wp-json\/wp\/v2\/comments?post=34929"}],"version-history":[{"count":2,"href":"https:\/\/museutapies.org\/es\/wp-json\/wp\/v2\/tribe_events\/34929\/revisions"}],"predecessor-version":[{"id":35121,"href":"https:\/\/museutapies.org\/es\/wp-json\/wp\/v2\/tribe_events\/34929\/revisions\/35121"}],"wp:featuredmedia":[{"embeddable":true,"href":"https:\/\/museutapies.org\/es\/wp-json\/wp\/v2\/media\/35119"}],"wp:attachment":[{"href":"https:\/\/museutapies.org\/es\/wp-json\/wp\/v2\/media?parent=34929"}],"wp:term":[{"taxonomy":"post_tag","embeddable":true,"href":"https:\/\/museutapies.org\/es\/wp-json\/wp\/v2\/tags?post=34929"},{"taxonomy":"tribe_events_cat","embeddable":true,"href":"https:\/\/museutapies.org\/es\/wp-json\/wp\/v2\/tribe_events_cat?post=34929"}],"curies":[{"name":"wp","href":"https:\/\/api.w.org\/{rel}","templated":true}]}}

Curso Gaudir UB. Antoni Tàpies y la práctica del arte

<p><img loading="lazy" decoding="async" class="alignnone size-medium wp-image-35119" src="https://museutapies.org/wp-content/uploads/2024/07/curs-gaudir-ub-800x532.png" alt="" width="800" height="532" srcset="https://museutapies.org/wp-content/uploads/2024/07/curs-gaudir-ub-800x532.png 800w, https://museutapies.org/wp-content/uploads/2024/07/curs-gaudir-ub-768x511.png 768w, https://museutapies.org/wp-content/uploads/2024/07/curs-gaudir-ub-500x333.png 500w, https://museutapies.org/wp-content/uploads/2024/07/curs-gaudir-ub-380x253.png 380w, https://museutapies.org/wp-content/uploads/2024/07/curs-gaudir-ub-600x399.png 600w, https://museutapies.org/wp-content/uploads/2024/07/curs-gaudir-ub.png 870w" sizes="(max-width: 800px) 100vw, 800px" /></p>
<p><span style="font-weight: 400">Antoni Tàpies nació en Barcelona el 13 de diciembre de 1923. Hoy es reconocido como uno de los artistas más destacados del siglo </span><span style="font-weight: 400">xx</span><span style="font-weight: 400">. Sin embargo, su obra sigue siendo relativamente poco conocida y a menudo es considerada críptica y de difícil acceso. En este curso desvelaremos algunas claves para aproximarnos a la obra tapiana. A través de sesiones teóricas y prácticas que tendrán lugar en diferentes espacios del museo, descubriremos varios aspectos: la concepción artística que hay detrás, las técnicas y procesos creativos, los vínculos con el arte de su tiempo y las aportaciones que han hecho a la historia del arte.</span></p>

<p>Antoni Tàpies nació en Barcelona el 13 de diciembre de 1923. Hoy es reconocido como uno de los artistas más [&hellip;]</p>

<!-- This site is optimized with the Yoast SEO plugin v20.11 - https://yoast.com/wordpress/plugins/seo/ -->
<title>Curso Gaudir UB. Antoni Tàpies y la práctica del arte - Museu Tàpies</title>
<meta name="robots" content="index, follow, max-snippet:-1, max-image-preview:large, max-video-preview:-1" />
<meta property="og:locale" content="es_ES" />
<meta property="og:type" content="article" />
<meta property="og:title" content="Curso Gaudir UB. Antoni Tàpies y la práctica del arte - Museu Tàpies" />
<meta property="og:description" content="Antoni Tàpies nació en Barcelona el 13 de diciembre de 1923. Hoy es reconocido como uno de los artistas más [&hellip;]" />
<meta property="og:url" content="https://museutapies.org/es/event/curso-gaudir-ub-antoni-tapies-y-la-practica-del-arte/" />
<meta property="og:site_name" content="Museu Tàpies" />
<meta property="article:publisher" content="https://www.facebook.com/museutapies" />
<meta property="article:modified_time" content="2024-07-23T07:39:11+00:00" />
<meta property="og:image" content="https://museutapies.org/wp-content/uploads/2024/07/curs-gaudir-ub.png" />
	<meta property="og:image:width" content="870" />
	<meta property="og:image:height" content="579" />
	<meta property="og:image:type" content="image/png" />
<meta name="twitter:card" content="summary_large_image" />
<meta name="twitter:label1" content="Tiempo de lectura" />
	<meta name="twitter:data1" content="1 minuto" />
<script type="application/ld+json" class="yoast-schema-graph">{"@context":"https://schema.org","@graph":[{"@type":"WebPage","@id":"https://museutapies.org/es/event/curso-gaudir-ub-antoni-tapies-y-la-practica-del-arte/","url":"https://museutapies.org/es/event/curso-gaudir-ub-antoni-tapies-y-la-practica-del-arte/","name":"Curso Gaudir UB. Antoni Tàpies y la práctica del arte - Museu Tàpies","isPartOf":{"@id":"https://museutapies.org/en/#website"},"datePublished":"2024-07-18T07:39:18+00:00","dateModified":"2024-07-23T07:39:11+00:00","breadcrumb":{"@id":"https://museutapies.org/es/event/curso-gaudir-ub-antoni-tapies-y-la-practica-del-arte/#breadcrumb"},"inLanguage":"es","potentialAction":[{"@type":"ReadAction","target":["https://museutapies.org/es/event/curso-gaudir-ub-antoni-tapies-y-la-practica-del-arte/"]}]},{"@type":"BreadcrumbList","@id":"https://museutapies.org/es/event/curso-gaudir-ub-antoni-tapies-y-la-practica-del-arte/#breadcrumb","itemListElement":[{"@type":"ListItem","position":1,"name":"Esdeveniments","item":"https://museutapies.org/agenda/"},{"@type":"ListItem","position":2,"name":"Curso Gaudir UB. Antoni Tàpies y la práctica del arte"}]},{"@type":"WebSite","@id":"https://museutapies.org/en/#website","url":"https://museutapies.org/en/","name":"Museu Tàpies","description":"","publisher":{"@id":"https://museutapies.org/en/#organization"},"potentialAction":[{"@type":"SearchAction","target":{"@type":"EntryPoint","urlTemplate":"https://museutapies.org/en/?s={search_term_string}"},"query-input":"required name=search_term_string"}],"inLanguage":"es"},{"@type":"Organization","@id":"https://museutapies.org/en/#organization","name":"Museu Tàpies","url":"https://museutapies.org/en/","logo":{"@type":"ImageObject","inLanguage":"es","@id":"https://museutapies.org/en/#/schema/logo/image/","url":"https://museutapies.org/wp-content/uploads/2024/07/mta.png","contentUrl":"https://museutapies.org/wp-content/uploads/2024/07/mta.png","width":244,"height":110,"caption":"Museu Tàpies"},"image":{"@id":"https://museutapies.org/en/#/schema/logo/image/"},"sameAs":["https://www.facebook.com/museutapies","https://www.instagram.com/museutapies/","https://www.youtube.com/channel/UCPi65HBb48RMeoa12lR51cQ","https://x.com/MuseuTapies"]}]}</script>
<!-- / Yoast SEO plugin. -->

Curso Gaudir UB. Antoni Tàpies y la práctica del arte - Museu Tàpies

Antoni Tàpies nació en Barcelona el 13 de diciembre de 1923. Hoy es reconocido como uno de los artistas más [&hellip;]

Museu Tàpies
