{"id":34945,"date":"2024-07-18T09:44:16","date_gmt":"2024-07-18T07:44:16","guid":{"rendered":"https:\/\/museutapies.org\/?post_type=tribe_events&#038;p=34945"},"modified":"2024-11-26T13:07:08","modified_gmt":"2024-11-26T12:07:08","slug":"premio-de-escritura-critica","status":"publish","type":"tribe_events","link":"https:\/\/museutapies.org\/es\/event\/premio-de-escritura-critica\/","title":{"rendered":"Concurso de escritura cr\u00edtica Teresa Barba"},"content":{"rendered":"<p><img loading=\"lazy\" decoding=\"async\" class=\"alignnone size-medium wp-image-29384\" src=\"https:\/\/museutapies.org\/wp-content\/uploads\/2023\/11\/Antoni-Tapies-Cartes-per-a-la-Teresa-1974-1-800x487.jpg\" alt=\"\" width=\"800\" height=\"487\" srcset=\"https:\/\/museutapies.org\/wp-content\/uploads\/2023\/11\/Antoni-Tapies-Cartes-per-a-la-Teresa-1974-1-800x487.jpg 800w, https:\/\/museutapies.org\/wp-content\/uploads\/2023\/11\/Antoni-Tapies-Cartes-per-a-la-Teresa-1974-1-768x467.jpg 768w, https:\/\/museutapies.org\/wp-content\/uploads\/2023\/11\/Antoni-Tapies-Cartes-per-a-la-Teresa-1974-1-500x304.jpg 500w, https:\/\/museutapies.org\/wp-content\/uploads\/2023\/11\/Antoni-Tapies-Cartes-per-a-la-Teresa-1974-1-380x231.jpg 380w, https:\/\/museutapies.org\/wp-content\/uploads\/2023\/11\/Antoni-Tapies-Cartes-per-a-la-Teresa-1974-1-600x365.jpg 600w, https:\/\/museutapies.org\/wp-content\/uploads\/2023\/11\/Antoni-Tapies-Cartes-per-a-la-Teresa-1974-1.jpg 850w\" sizes=\"(max-width: 800px) 100vw, 800px\" \/><\/p>\n<p><span style=\"font-weight: 400\">Entrega de premios del <a href=\"https:\/\/museutapies.org\/es\/servei-educatiu\/i-concurso-de-escritura-critica-teresa-barba\/\">Primer Concurso Teresa Barba de Escritura Cr\u00edtica<\/a><\/span><\/p>\n<p><span style=\"font-weight: 400\">Con la voluntad de difundir el pensamiento y la obra de Antoni T\u00e0pies y potenciar el pensamiento cr\u00edtico en los j\u00f3venes, el Museu T\u00e0pies organiz\u00f3 para el curso 2023-2024 un concurso de escritura cr\u00edtica dirigido al alumnado del ciclo superior de primaria, de ESO, de bachillerato y de ciclos formativos de grado medio. El jurado, integrado por Caterina Almirall, Roberta Bosco, Joan Burdeus, Frederic Montorn\u00e9s, Antoni Ribas Tur y Eva V\u00e1zquez se reuni\u00f3 presencialmente en el Museu T\u00e0pies el viernes 7 de junio de 2024 y otorg\u00f3 el primer premio al alumnado de 6\u00ba de educaci\u00f3n primaria (12-13 a\u00f1os) de la Escola Samuntada de Sabadell, con el texto \u00abArte para ir m\u00e1s all\u00e1\u00bb (categor\u00eda del ciclo superior de primaria); a Mireia Ca\u00eds (15 a\u00f1os) de la Escola Solc de Barcelona, con el texto \u00abConcierto de T\u00e0pies\u00bb (categor\u00eda de ESO), y a Nat\u00e0lia Garcia Jarque (16 a\u00f1os) del IEA Oriol Martorell de Barcelona, con el texto \u00abMateria en forma de pie\u00bb (categor\u00eda de bachillerato y ciclos formativos de grado medio).<\/span><\/p>\n<p><span style=\"font-weight: 400\">La entrega de los premios, un vale de 300 \u20ac en libros para cada texto ganador, y una publicaci\u00f3n de los textos premiados y los semifinalistas, tendr\u00e1 lugar el d\u00eda 11 de diciembre de 2024 en el Museu T\u00e0pies. El acto, conducido por la actriz y escritora Marta Bassols, consistir\u00e1 en la lectura p\u00fablica de fragmentos de los textos ganadores y de un concierto de la serie <a href=\"https:\/\/museutapies.org\/es\/event\/la-maleta-de-antoni-tapies\/\">La maleta de Antoni T\u00e0pies<\/a>, a cargo de estudiantes de la ESMUC.<\/span><\/p>\n<p>&nbsp;<\/p>\n<p><em><span style=\"font-size: 10pt\"><span style=\"font-weight: 400\">Cr\u00e9ditos de la imagen: <\/span>Antoni T\u00e0pies. Cartes per a la Teresa, 1974. Litograf\u00eda. \u00a9 Comissi\u00f3 T\u00e0pies \/ VEGAP. De la fotograf\u00eda: \u00a9 Llu\u00eds Bover, 2023.<\/span><\/em><\/p>\n","protected":false},"excerpt":{"rendered":"<p>Acto de entrega de premios de la primera edici\u00f3n<\/p>\n","protected":false},"author":208,"featured_media":29384,"comment_status":"closed","ping_status":"closed","template":"","meta":{"_tribe_events_status":"","_tribe_events_status_reason":"","_tribe_events_is_hybrid":"","_tribe_events_is_virtual":"","_tribe_events_virtual_video_source":"","_tribe_events_virtual_embed_video":"","_tribe_events_virtual_linked_button_text":"","_tribe_events_virtual_linked_button":"","_tribe_events_virtual_show_embed_at":"","_tribe_events_virtual_show_embed_to":[],"_tribe_events_virtual_show_on_event":"","_tribe_events_virtual_show_on_views":"","_tribe_events_virtual_url":"","footnotes":""},"tags":[],"tribe_events_cat":[5772],"acf":[],"yoast_head":"<!-- This site is optimized with the Yoast SEO plugin v20.11 - https:\/\/yoast.com\/wordpress\/plugins\/seo\/ -->\n<title>Concurso de escritura cr\u00edtica Teresa Barba - Museu T\u00e0pies<\/title>\n<meta name=\"robots\" content=\"index, follow, max-snippet:-1, max-image-preview:large, max-video-preview:-1\" \/>\n<meta property=\"og:locale\" content=\"es_ES\" \/>\n<meta property=\"og:type\" content=\"article\" \/>\n<meta property=\"og:title\" content=\"Concurso de escritura cr\u00edtica Teresa Barba - Museu T\u00e0pies\" \/>\n<meta property=\"og:description\" content=\"Acto de entrega de premios de la primera edici\u00f3n\" \/>\n<meta property=\"og:url\" content=\"https:\/\/museutapies.org\/es\/event\/premio-de-escritura-critica\/\" \/>\n<meta property=\"og:site_name\" content=\"Museu T\u00e0pies\" \/>\n<meta property=\"article:publisher\" content=\"https:\/\/www.facebook.com\/museutapies\" \/>\n<meta property=\"article:modified_time\" content=\"2024-11-26T12:07:08+00:00\" \/>\n<meta property=\"og:image\" content=\"https:\/\/museutapies.org\/wp-content\/uploads\/2023\/11\/Antoni-Tapies-Cartes-per-a-la-Teresa-1974-1.jpg\" \/>\n\t<meta property=\"og:image:width\" content=\"850\" \/>\n\t<meta property=\"og:image:height\" content=\"517\" \/>\n\t<meta property=\"og:image:type\" content=\"image\/jpeg\" \/>\n<meta name=\"twitter:card\" content=\"summary_large_image\" \/>\n<meta name=\"twitter:label1\" content=\"Tiempo de lectura\" \/>\n\t<meta name=\"twitter:data1\" content=\"2 minutos\" \/>\n<script type=\"application\/ld+json\" class=\"yoast-schema-graph\">{\"@context\":\"https:\/\/schema.org\",\"@graph\":[{\"@type\":\"WebPage\",\"@id\":\"https:\/\/museutapies.org\/es\/event\/premio-de-escritura-critica\/\",\"url\":\"https:\/\/museutapies.org\/es\/event\/premio-de-escritura-critica\/\",\"name\":\"Concurso de escritura cr\u00edtica Teresa Barba - Museu T\u00e0pies\",\"isPartOf\":{\"@id\":\"https:\/\/museutapies.org\/en\/#website\"},\"datePublished\":\"2024-07-18T07:44:16+00:00\",\"dateModified\":\"2024-11-26T12:07:08+00:00\",\"breadcrumb\":{\"@id\":\"https:\/\/museutapies.org\/es\/event\/premio-de-escritura-critica\/#breadcrumb\"},\"inLanguage\":\"es\",\"potentialAction\":[{\"@type\":\"ReadAction\",\"target\":[\"https:\/\/museutapies.org\/es\/event\/premio-de-escritura-critica\/\"]}]},{\"@type\":\"BreadcrumbList\",\"@id\":\"https:\/\/museutapies.org\/es\/event\/premio-de-escritura-critica\/#breadcrumb\",\"itemListElement\":[{\"@type\":\"ListItem\",\"position\":1,\"name\":\"Esdeveniments\",\"item\":\"https:\/\/museutapies.org\/agenda\/\"},{\"@type\":\"ListItem\",\"position\":2,\"name\":\"Concurso de escritura cr\u00edtica Teresa Barba\"}]},{\"@type\":\"WebSite\",\"@id\":\"https:\/\/museutapies.org\/en\/#website\",\"url\":\"https:\/\/museutapies.org\/en\/\",\"name\":\"Museu T\u00e0pies\",\"description\":\"\",\"publisher\":{\"@id\":\"https:\/\/museutapies.org\/en\/#organization\"},\"potentialAction\":[{\"@type\":\"SearchAction\",\"target\":{\"@type\":\"EntryPoint\",\"urlTemplate\":\"https:\/\/museutapies.org\/en\/?s={search_term_string}\"},\"query-input\":\"required name=search_term_string\"}],\"inLanguage\":\"es\"},{\"@type\":\"Organization\",\"@id\":\"https:\/\/museutapies.org\/en\/#organization\",\"name\":\"Museu T\u00e0pies\",\"url\":\"https:\/\/museutapies.org\/en\/\",\"logo\":{\"@type\":\"ImageObject\",\"inLanguage\":\"es\",\"@id\":\"https:\/\/museutapies.org\/en\/#\/schema\/logo\/image\/\",\"url\":\"https:\/\/museutapies.org\/wp-content\/uploads\/2024\/07\/mta.png\",\"contentUrl\":\"https:\/\/museutapies.org\/wp-content\/uploads\/2024\/07\/mta.png\",\"width\":244,\"height\":110,\"caption\":\"Museu T\u00e0pies\"},\"image\":{\"@id\":\"https:\/\/museutapies.org\/en\/#\/schema\/logo\/image\/\"},\"sameAs\":[\"https:\/\/www.facebook.com\/museutapies\",\"https:\/\/www.instagram.com\/museutapies\/\",\"https:\/\/www.youtube.com\/channel\/UCPi65HBb48RMeoa12lR51cQ\",\"https:\/\/x.com\/MuseuTapies\"]}]}<\/script>\n<!-- \/ Yoast SEO plugin. -->","yoast_head_json":{"title":"Concurso de escritura cr\u00edtica Teresa Barba - Museu T\u00e0pies","robots":{"index":"index","follow":"follow","max-snippet":"max-snippet:-1","max-image-preview":"max-image-preview:large","max-video-preview":"max-video-preview:-1"},"og_locale":"es_ES","og_type":"article","og_title":"Concurso de escritura cr\u00edtica Teresa Barba - Museu T\u00e0pies","og_description":"Acto de entrega de premios de la primera edici\u00f3n","og_url":"https:\/\/museutapies.org\/es\/event\/premio-de-escritura-critica\/","og_site_name":"Museu T\u00e0pies","article_publisher":"https:\/\/www.facebook.com\/museutapies","article_modified_time":"2024-11-26T12:07:08+00:00","og_image":[{"width":850,"height":517,"url":"https:\/\/museutapies.org\/wp-content\/uploads\/2023\/11\/Antoni-Tapies-Cartes-per-a-la-Teresa-1974-1.jpg","type":"image\/jpeg"}],"twitter_card":"summary_large_image","twitter_misc":{"Tiempo de lectura":"2 minutos"},"schema":{"@context":"https:\/\/schema.org","@graph":[{"@type":"WebPage","@id":"https:\/\/museutapies.org\/es\/event\/premio-de-escritura-critica\/","url":"https:\/\/museutapies.org\/es\/event\/premio-de-escritura-critica\/","name":"Concurso de escritura cr\u00edtica Teresa Barba - Museu T\u00e0pies","isPartOf":{"@id":"https:\/\/museutapies.org\/en\/#website"},"datePublished":"2024-07-18T07:44:16+00:00","dateModified":"2024-11-26T12:07:08+00:00","breadcrumb":{"@id":"https:\/\/museutapies.org\/es\/event\/premio-de-escritura-critica\/#breadcrumb"},"inLanguage":"es","potentialAction":[{"@type":"ReadAction","target":["https:\/\/museutapies.org\/es\/event\/premio-de-escritura-critica\/"]}]},{"@type":"BreadcrumbList","@id":"https:\/\/museutapies.org\/es\/event\/premio-de-escritura-critica\/#breadcrumb","itemListElement":[{"@type":"ListItem","position":1,"name":"Esdeveniments","item":"https:\/\/museutapies.org\/agenda\/"},{"@type":"ListItem","position":2,"name":"Concurso de escritura cr\u00edtica Teresa Barba"}]},{"@type":"WebSite","@id":"https:\/\/museutapies.org\/en\/#website","url":"https:\/\/museutapies.org\/en\/","name":"Museu T\u00e0pies","description":"","publisher":{"@id":"https:\/\/museutapies.org\/en\/#organization"},"potentialAction":[{"@type":"SearchAction","target":{"@type":"EntryPoint","urlTemplate":"https:\/\/museutapies.org\/en\/?s={search_term_string}"},"query-input":"required name=search_term_string"}],"inLanguage":"es"},{"@type":"Organization","@id":"https:\/\/museutapies.org\/en\/#organization","name":"Museu T\u00e0pies","url":"https:\/\/museutapies.org\/en\/","logo":{"@type":"ImageObject","inLanguage":"es","@id":"https:\/\/museutapies.org\/en\/#\/schema\/logo\/image\/","url":"https:\/\/museutapies.org\/wp-content\/uploads\/2024\/07\/mta.png","contentUrl":"https:\/\/museutapies.org\/wp-content\/uploads\/2024\/07\/mta.png","width":244,"height":110,"caption":"Museu T\u00e0pies"},"image":{"@id":"https:\/\/museutapies.org\/en\/#\/schema\/logo\/image\/"},"sameAs":["https:\/\/www.facebook.com\/museutapies","https:\/\/www.instagram.com\/museutapies\/","https:\/\/www.youtube.com\/channel\/UCPi65HBb48RMeoa12lR51cQ","https:\/\/x.com\/MuseuTapies"]}]}},"_links":{"self":[{"href":"https:\/\/museutapies.org\/es\/wp-json\/wp\/v2\/tribe_events\/34945"}],"collection":[{"href":"https:\/\/museutapies.org\/es\/wp-json\/wp\/v2\/tribe_events"}],"about":[{"href":"https:\/\/museutapies.org\/es\/wp-json\/wp\/v2\/types\/tribe_events"}],"author":[{"embeddable":true,"href":"https:\/\/museutapies.org\/es\/wp-json\/wp\/v2\/users\/208"}],"replies":[{"embeddable":true,"href":"https:\/\/museutapies.org\/es\/wp-json\/wp\/v2\/comments?post=34945"}],"version-history":[{"count":7,"href":"https:\/\/museutapies.org\/es\/wp-json\/wp\/v2\/tribe_events\/34945\/revisions"}],"predecessor-version":[{"id":36955,"href":"https:\/\/museutapies.org\/es\/wp-json\/wp\/v2\/tribe_events\/34945\/revisions\/36955"}],"wp:featuredmedia":[{"embeddable":true,"href":"https:\/\/museutapies.org\/es\/wp-json\/wp\/v2\/media\/29384"}],"wp:attachment":[{"href":"https:\/\/museutapies.org\/es\/wp-json\/wp\/v2\/media?parent=34945"}],"wp:term":[{"taxonomy":"post_tag","embeddable":true,"href":"https:\/\/museutapies.org\/es\/wp-json\/wp\/v2\/tags?post=34945"},{"taxonomy":"tribe_events_cat","embeddable":true,"href":"https:\/\/museutapies.org\/es\/wp-json\/wp\/v2\/tribe_events_cat?post=34945"}],"curies":[{"name":"wp","href":"https:\/\/api.w.org\/{rel}","templated":true}]}}

Concurso de escritura crítica Teresa Barba

<p><img loading="lazy" decoding="async" class="alignnone size-medium wp-image-29384" src="https://museutapies.org/wp-content/uploads/2023/11/Antoni-Tapies-Cartes-per-a-la-Teresa-1974-1-800x487.jpg" alt="" width="800" height="487" srcset="https://museutapies.org/wp-content/uploads/2023/11/Antoni-Tapies-Cartes-per-a-la-Teresa-1974-1-800x487.jpg 800w, https://museutapies.org/wp-content/uploads/2023/11/Antoni-Tapies-Cartes-per-a-la-Teresa-1974-1-768x467.jpg 768w, https://museutapies.org/wp-content/uploads/2023/11/Antoni-Tapies-Cartes-per-a-la-Teresa-1974-1-500x304.jpg 500w, https://museutapies.org/wp-content/uploads/2023/11/Antoni-Tapies-Cartes-per-a-la-Teresa-1974-1-380x231.jpg 380w, https://museutapies.org/wp-content/uploads/2023/11/Antoni-Tapies-Cartes-per-a-la-Teresa-1974-1-600x365.jpg 600w, https://museutapies.org/wp-content/uploads/2023/11/Antoni-Tapies-Cartes-per-a-la-Teresa-1974-1.jpg 850w" sizes="(max-width: 800px) 100vw, 800px" /></p>
<p><span style="font-weight: 400">Entrega de premios del <a href="https://museutapies.org/es/servei-educatiu/i-concurso-de-escritura-critica-teresa-barba/">Primer Concurso Teresa Barba de Escritura Crítica</a></span></p>
<p><span style="font-weight: 400">Con la voluntad de difundir el pensamiento y la obra de Antoni Tàpies y potenciar el pensamiento crítico en los jóvenes, el Museu Tàpies organizó para el curso 2023-2024 un concurso de escritura crítica dirigido al alumnado del ciclo superior de primaria, de ESO, de bachillerato y de ciclos formativos de grado medio. El jurado, integrado por Caterina Almirall, Roberta Bosco, Joan Burdeus, Frederic Montornés, Antoni Ribas Tur y Eva Vázquez se reunió presencialmente en el Museu Tàpies el viernes 7 de junio de 2024 y otorgó el primer premio al alumnado de 6º de educación primaria (12-13 años) de la Escola Samuntada de Sabadell, con el texto «Arte para ir más allá» (categoría del ciclo superior de primaria); a Mireia Caís (15 años) de la Escola Solc de Barcelona, con el texto «Concierto de Tàpies» (categoría de ESO), y a Natàlia Garcia Jarque (16 años) del IEA Oriol Martorell de Barcelona, con el texto «Materia en forma de pie» (categoría de bachillerato y ciclos formativos de grado medio).</span></p>
<p><span style="font-weight: 400">La entrega de los premios, un vale de 300 € en libros para cada texto ganador, y una publicación de los textos premiados y los semifinalistas, tendrá lugar el día 11 de diciembre de 2024 en el Museu Tàpies. El acto, conducido por la actriz y escritora Marta Bassols, consistirá en la lectura pública de fragmentos de los textos ganadores y de un concierto de la serie <a href="https://museutapies.org/es/event/la-maleta-de-antoni-tapies/">La maleta de Antoni Tàpies</a>, a cargo de estudiantes de la ESMUC.</span></p>
<p>&nbsp;</p>
<p><em><span style="font-size: 10pt"><span style="font-weight: 400">Créditos de la imagen: </span>Antoni Tàpies. Cartes per a la Teresa, 1974. Litografía. © Comissió Tàpies / VEGAP. De la fotografía: © Lluís Bover, 2023.</span></em></p>

<p>Acto de entrega de premios de la primera edición</p>

<!-- This site is optimized with the Yoast SEO plugin v20.11 - https://yoast.com/wordpress/plugins/seo/ -->
<title>Concurso de escritura crítica Teresa Barba - Museu Tàpies</title>
<meta name="robots" content="index, follow, max-snippet:-1, max-image-preview:large, max-video-preview:-1" />
<meta property="og:locale" content="es_ES" />
<meta property="og:type" content="article" />
<meta property="og:title" content="Concurso de escritura crítica Teresa Barba - Museu Tàpies" />
<meta property="og:description" content="Acto de entrega de premios de la primera edición" />
<meta property="og:url" content="https://museutapies.org/es/event/premio-de-escritura-critica/" />
<meta property="og:site_name" content="Museu Tàpies" />
<meta property="article:publisher" content="https://www.facebook.com/museutapies" />
<meta property="article:modified_time" content="2024-11-26T12:07:08+00:00" />
<meta property="og:image" content="https://museutapies.org/wp-content/uploads/2023/11/Antoni-Tapies-Cartes-per-a-la-Teresa-1974-1.jpg" />
	<meta property="og:image:width" content="850" />
	<meta property="og:image:height" content="517" />
	<meta property="og:image:type" content="image/jpeg" />
<meta name="twitter:card" content="summary_large_image" />
<meta name="twitter:label1" content="Tiempo de lectura" />
	<meta name="twitter:data1" content="2 minutos" />
<script type="application/ld+json" class="yoast-schema-graph">{"@context":"https://schema.org","@graph":[{"@type":"WebPage","@id":"https://museutapies.org/es/event/premio-de-escritura-critica/","url":"https://museutapies.org/es/event/premio-de-escritura-critica/","name":"Concurso de escritura crítica Teresa Barba - Museu Tàpies","isPartOf":{"@id":"https://museutapies.org/en/#website"},"datePublished":"2024-07-18T07:44:16+00:00","dateModified":"2024-11-26T12:07:08+00:00","breadcrumb":{"@id":"https://museutapies.org/es/event/premio-de-escritura-critica/#breadcrumb"},"inLanguage":"es","potentialAction":[{"@type":"ReadAction","target":["https://museutapies.org/es/event/premio-de-escritura-critica/"]}]},{"@type":"BreadcrumbList","@id":"https://museutapies.org/es/event/premio-de-escritura-critica/#breadcrumb","itemListElement":[{"@type":"ListItem","position":1,"name":"Esdeveniments","item":"https://museutapies.org/agenda/"},{"@type":"ListItem","position":2,"name":"Concurso de escritura crítica Teresa Barba"}]},{"@type":"WebSite","@id":"https://museutapies.org/en/#website","url":"https://museutapies.org/en/","name":"Museu Tàpies","description":"","publisher":{"@id":"https://museutapies.org/en/#organization"},"potentialAction":[{"@type":"SearchAction","target":{"@type":"EntryPoint","urlTemplate":"https://museutapies.org/en/?s={search_term_string}"},"query-input":"required name=search_term_string"}],"inLanguage":"es"},{"@type":"Organization","@id":"https://museutapies.org/en/#organization","name":"Museu Tàpies","url":"https://museutapies.org/en/","logo":{"@type":"ImageObject","inLanguage":"es","@id":"https://museutapies.org/en/#/schema/logo/image/","url":"https://museutapies.org/wp-content/uploads/2024/07/mta.png","contentUrl":"https://museutapies.org/wp-content/uploads/2024/07/mta.png","width":244,"height":110,"caption":"Museu Tàpies"},"image":{"@id":"https://museutapies.org/en/#/schema/logo/image/"},"sameAs":["https://www.facebook.com/museutapies","https://www.instagram.com/museutapies/","https://www.youtube.com/channel/UCPi65HBb48RMeoa12lR51cQ","https://x.com/MuseuTapies"]}]}</script>
<!-- / Yoast SEO plugin. -->

Concurso de escritura crítica Teresa Barba - Museu Tàpies

Acto de entrega de premios de la primera edición

Museu Tàpies
