{"id":36868,"date":"2024-11-19T10:34:11","date_gmt":"2024-11-19T09:34:11","guid":{"rendered":"https:\/\/museutapies.org\/?post_type=tribe_events&#038;p=36868"},"modified":"2024-11-20T14:59:25","modified_gmt":"2024-11-20T13:59:25","slug":"memoria-vegetal-una-deriva","status":"publish","type":"tribe_events","link":"https:\/\/museutapies.org\/es\/event\/memoria-vegetal-una-deriva\/","title":{"rendered":"Memoria vegetal. Una deriva"},"content":{"rendered":"<p><img loading=\"lazy\" decoding=\"async\" class=\"alignnone size-medium wp-image-36864\" src=\"https:\/\/museutapies.org\/wp-content\/uploads\/2024\/11\/unnamed-800x600.jpg\" alt=\"\" width=\"800\" height=\"600\" srcset=\"https:\/\/museutapies.org\/wp-content\/uploads\/2024\/11\/unnamed-800x600.jpg 800w, https:\/\/museutapies.org\/wp-content\/uploads\/2024\/11\/unnamed-900x675.jpg 900w, https:\/\/museutapies.org\/wp-content\/uploads\/2024\/11\/unnamed-768x576.jpg 768w, https:\/\/museutapies.org\/wp-content\/uploads\/2024\/11\/unnamed-1536x1152.jpg 1536w, https:\/\/museutapies.org\/wp-content\/uploads\/2024\/11\/unnamed-2048x1536.jpg 2048w, https:\/\/museutapies.org\/wp-content\/uploads\/2024\/11\/unnamed-500x375.jpg 500w, https:\/\/museutapies.org\/wp-content\/uploads\/2024\/11\/unnamed-380x285.jpg 380w, https:\/\/museutapies.org\/wp-content\/uploads\/2024\/11\/unnamed-600x450.jpg 600w\" sizes=\"(max-width: 800px) 100vw, 800px\" \/><\/p>\n<p><b><i>rizoma {cuaderno de apuntes} inteligencia vegetal<\/i><\/b><b>. <\/b><b><i>Una deriva<\/i><\/b><\/p>\n<p><span style=\"font-weight: 400\">En el marco del programa <\/span><i><span style=\"font-weight: 400\">Espais C <\/span><\/i><span style=\"font-weight: 400\">y del proyecto de investigaci\u00f3n-acci\u00f3n <\/span><i><span style=\"font-weight: 400\">rizoma {cuaderno de apuntes} inteligencia vegetal<\/span><\/i><span style=\"font-weight: 400\"> de la artista Anita Garc\u00eda, se propone una deriva alrededor del Museu T\u00e0pies. Una deriva es una caminata, habitualmente urbana, que no tiene un destino espec\u00edfico. Anita Garc\u00eda utiliza esta pr\u00e1ctica como una herramienta para investigar sobre c\u00f3mo percibimos las especies vegetales y c\u00f3mo nos relacionamos con ellas. Con las observaciones que se extraigan de esta deriva y de los otros procesos de investigaci\u00f3n, la artista quiere crear herramientas de divulgaci\u00f3n y aprendizaje para integrar en proyectos de dise\u00f1o social, de mediaci\u00f3n art\u00edstica-comunitaria abiertos a programas de educaci\u00f3n formal e informal que promuevan la conciencia ecol\u00f3gica y la convivencia multiespecie.<\/span><\/p>\n<p><span style=\"font-weight: 400\">La actividad se dirige a personas de todas las edades interesadas en el arte y la educaci\u00f3n.<\/span><\/p>\n<p>&nbsp;<\/p>\n<p><b>Anita Garc\u00eda<\/b><span style=\"font-weight: 400\"> es licenciada en dise\u00f1o, con un recorrido profesional dentro del ecodise\u00f1o, el arte, la mediaci\u00f3n y el dise\u00f1o social. Tiene experiencia en gesti\u00f3n cultural, docencia, consultor\u00eda en educaci\u00f3n y sostenibilidad, proyectos de investigaci\u00f3n y mediaci\u00f3n art\u00edstica, participaci\u00f3n y c<\/span><span style=\"font-weight: 400\">ocreaci\u00f3n c<\/span><span style=\"font-weight: 400\">iudadana.<\/span><\/p>\n<p><span style=\"font-weight: 400\">Como artista investiga y centra su obra en el di\u00e1logo entre el arte, la ciencia y el dise\u00f1o. Se inspira en la naturaleza y explora para entenderse como un ser emocional-sensorial en convivencia con el resto de seres vivos. Con su trabajo reflexiona para crear bases cr\u00edticas\/creativas\/conceptuales para colaborar en acciones que fomenten el equilibrio social, medioambiental y econ\u00f3mico.<\/span><\/p>\n<p><span style=\"font-weight: 400\">Como dise\u00f1adora social y mediadora art\u00edstica-comunitaria dise\u00f1a talleres, acciones, kits, dispositivos y maletas educativas. Conceptualiza, facilita y coordina proyectos dirigidos a entidades educativas, culturales, empresas, administraci\u00f3n p\u00fablica y colectivos. Adem\u00e1s, aborda temas diversos como la perspectiva de g\u00e9nero, los derechos humanos, el medio ambiente, la arquitectura, el paisaje, el espacio p\u00fablico y la convivencia.<\/span><\/p>\n<p>&nbsp;<\/p>\n","protected":false},"excerpt":{"rendered":"<p>Actividad dirigida a personas interesadas en el arte y la educaci\u00f3n de todas las edades.<\/p>\n","protected":false},"author":3,"featured_media":36864,"comment_status":"closed","ping_status":"closed","template":"","meta":{"_tribe_events_status":"","_tribe_events_status_reason":"","_tribe_events_is_hybrid":"","_tribe_events_is_virtual":"","_tribe_events_virtual_video_source":"","_tribe_events_virtual_embed_video":"","_tribe_events_virtual_linked_button_text":"","_tribe_events_virtual_linked_button":"","_tribe_events_virtual_show_embed_at":"","_tribe_events_virtual_show_embed_to":[],"_tribe_events_virtual_show_on_event":"","_tribe_events_virtual_show_on_views":"","_tribe_events_virtual_url":"","footnotes":""},"tags":[],"tribe_events_cat":[5772],"acf":[],"yoast_head":"<!-- This site is optimized with the Yoast SEO plugin v20.11 - https:\/\/yoast.com\/wordpress\/plugins\/seo\/ -->\n<title>Memoria vegetal. Una deriva - Museu T\u00e0pies<\/title>\n<meta name=\"description\" content=\"Actividad del Museu T\u00e0pies de Barcelona dirigida a personas interesadas en el arte y la educaci\u00f3n de todas las edades.\" \/>\n<meta name=\"robots\" content=\"index, follow, max-snippet:-1, max-image-preview:large, max-video-preview:-1\" \/>\n<meta property=\"og:locale\" content=\"es_ES\" \/>\n<meta property=\"og:type\" content=\"article\" \/>\n<meta property=\"og:title\" content=\"Memoria vegetal. Una deriva - Museu T\u00e0pies\" \/>\n<meta property=\"og:description\" content=\"Actividad del Museu T\u00e0pies de Barcelona dirigida a personas interesadas en el arte y la educaci\u00f3n de todas las edades.\" \/>\n<meta property=\"og:url\" content=\"https:\/\/museutapies.org\/es\/event\/memoria-vegetal-una-deriva\/\" \/>\n<meta property=\"og:site_name\" content=\"Museu T\u00e0pies\" \/>\n<meta property=\"article:publisher\" content=\"https:\/\/www.facebook.com\/museutapies\" \/>\n<meta property=\"article:modified_time\" content=\"2024-11-20T13:59:25+00:00\" \/>\n<meta property=\"og:image\" content=\"https:\/\/museutapies.org\/wp-content\/uploads\/2024\/11\/unnamed-scaled.jpg\" \/>\n\t<meta property=\"og:image:width\" content=\"2560\" \/>\n\t<meta property=\"og:image:height\" content=\"1920\" \/>\n\t<meta property=\"og:image:type\" content=\"image\/jpeg\" \/>\n<meta name=\"twitter:card\" content=\"summary_large_image\" \/>\n<meta name=\"twitter:label1\" content=\"Tiempo de lectura\" \/>\n\t<meta name=\"twitter:data1\" content=\"2 minutos\" \/>\n<script type=\"application\/ld+json\" class=\"yoast-schema-graph\">{\"@context\":\"https:\/\/schema.org\",\"@graph\":[{\"@type\":\"WebPage\",\"@id\":\"https:\/\/museutapies.org\/es\/event\/memoria-vegetal-una-deriva\/\",\"url\":\"https:\/\/museutapies.org\/es\/event\/memoria-vegetal-una-deriva\/\",\"name\":\"Memoria vegetal. Una deriva - Museu T\u00e0pies\",\"isPartOf\":{\"@id\":\"https:\/\/museutapies.org\/en\/#website\"},\"datePublished\":\"2024-11-19T09:34:11+00:00\",\"dateModified\":\"2024-11-20T13:59:25+00:00\",\"description\":\"Actividad del Museu T\u00e0pies de Barcelona dirigida a personas interesadas en el arte y la educaci\u00f3n de todas las edades.\",\"breadcrumb\":{\"@id\":\"https:\/\/museutapies.org\/es\/event\/memoria-vegetal-una-deriva\/#breadcrumb\"},\"inLanguage\":\"es\",\"potentialAction\":[{\"@type\":\"ReadAction\",\"target\":[\"https:\/\/museutapies.org\/es\/event\/memoria-vegetal-una-deriva\/\"]}]},{\"@type\":\"BreadcrumbList\",\"@id\":\"https:\/\/museutapies.org\/es\/event\/memoria-vegetal-una-deriva\/#breadcrumb\",\"itemListElement\":[{\"@type\":\"ListItem\",\"position\":1,\"name\":\"Esdeveniments\",\"item\":\"https:\/\/museutapies.org\/agenda\/\"},{\"@type\":\"ListItem\",\"position\":2,\"name\":\"Memoria vegetal. Una deriva\"}]},{\"@type\":\"WebSite\",\"@id\":\"https:\/\/museutapies.org\/en\/#website\",\"url\":\"https:\/\/museutapies.org\/en\/\",\"name\":\"Museu T\u00e0pies\",\"description\":\"\",\"publisher\":{\"@id\":\"https:\/\/museutapies.org\/en\/#organization\"},\"potentialAction\":[{\"@type\":\"SearchAction\",\"target\":{\"@type\":\"EntryPoint\",\"urlTemplate\":\"https:\/\/museutapies.org\/en\/?s={search_term_string}\"},\"query-input\":\"required name=search_term_string\"}],\"inLanguage\":\"es\"},{\"@type\":\"Organization\",\"@id\":\"https:\/\/museutapies.org\/en\/#organization\",\"name\":\"Museu T\u00e0pies\",\"url\":\"https:\/\/museutapies.org\/en\/\",\"logo\":{\"@type\":\"ImageObject\",\"inLanguage\":\"es\",\"@id\":\"https:\/\/museutapies.org\/en\/#\/schema\/logo\/image\/\",\"url\":\"https:\/\/museutapies.org\/wp-content\/uploads\/2024\/07\/mta.png\",\"contentUrl\":\"https:\/\/museutapies.org\/wp-content\/uploads\/2024\/07\/mta.png\",\"width\":244,\"height\":110,\"caption\":\"Museu T\u00e0pies\"},\"image\":{\"@id\":\"https:\/\/museutapies.org\/en\/#\/schema\/logo\/image\/\"},\"sameAs\":[\"https:\/\/www.facebook.com\/museutapies\",\"https:\/\/www.instagram.com\/museutapies\/\",\"https:\/\/www.youtube.com\/channel\/UCPi65HBb48RMeoa12lR51cQ\",\"https:\/\/x.com\/MuseuTapies\"]}]}<\/script>\n<!-- \/ Yoast SEO plugin. -->","yoast_head_json":{"title":"Memoria vegetal. Una deriva - Museu T\u00e0pies","description":"Actividad del Museu T\u00e0pies de Barcelona dirigida a personas interesadas en el arte y la educaci\u00f3n de todas las edades.","robots":{"index":"index","follow":"follow","max-snippet":"max-snippet:-1","max-image-preview":"max-image-preview:large","max-video-preview":"max-video-preview:-1"},"og_locale":"es_ES","og_type":"article","og_title":"Memoria vegetal. Una deriva - Museu T\u00e0pies","og_description":"Actividad del Museu T\u00e0pies de Barcelona dirigida a personas interesadas en el arte y la educaci\u00f3n de todas las edades.","og_url":"https:\/\/museutapies.org\/es\/event\/memoria-vegetal-una-deriva\/","og_site_name":"Museu T\u00e0pies","article_publisher":"https:\/\/www.facebook.com\/museutapies","article_modified_time":"2024-11-20T13:59:25+00:00","og_image":[{"width":2560,"height":1920,"url":"https:\/\/museutapies.org\/wp-content\/uploads\/2024\/11\/unnamed-scaled.jpg","type":"image\/jpeg"}],"twitter_card":"summary_large_image","twitter_misc":{"Tiempo de lectura":"2 minutos"},"schema":{"@context":"https:\/\/schema.org","@graph":[{"@type":"WebPage","@id":"https:\/\/museutapies.org\/es\/event\/memoria-vegetal-una-deriva\/","url":"https:\/\/museutapies.org\/es\/event\/memoria-vegetal-una-deriva\/","name":"Memoria vegetal. Una deriva - Museu T\u00e0pies","isPartOf":{"@id":"https:\/\/museutapies.org\/en\/#website"},"datePublished":"2024-11-19T09:34:11+00:00","dateModified":"2024-11-20T13:59:25+00:00","description":"Actividad del Museu T\u00e0pies de Barcelona dirigida a personas interesadas en el arte y la educaci\u00f3n de todas las edades.","breadcrumb":{"@id":"https:\/\/museutapies.org\/es\/event\/memoria-vegetal-una-deriva\/#breadcrumb"},"inLanguage":"es","potentialAction":[{"@type":"ReadAction","target":["https:\/\/museutapies.org\/es\/event\/memoria-vegetal-una-deriva\/"]}]},{"@type":"BreadcrumbList","@id":"https:\/\/museutapies.org\/es\/event\/memoria-vegetal-una-deriva\/#breadcrumb","itemListElement":[{"@type":"ListItem","position":1,"name":"Esdeveniments","item":"https:\/\/museutapies.org\/agenda\/"},{"@type":"ListItem","position":2,"name":"Memoria vegetal. Una deriva"}]},{"@type":"WebSite","@id":"https:\/\/museutapies.org\/en\/#website","url":"https:\/\/museutapies.org\/en\/","name":"Museu T\u00e0pies","description":"","publisher":{"@id":"https:\/\/museutapies.org\/en\/#organization"},"potentialAction":[{"@type":"SearchAction","target":{"@type":"EntryPoint","urlTemplate":"https:\/\/museutapies.org\/en\/?s={search_term_string}"},"query-input":"required name=search_term_string"}],"inLanguage":"es"},{"@type":"Organization","@id":"https:\/\/museutapies.org\/en\/#organization","name":"Museu T\u00e0pies","url":"https:\/\/museutapies.org\/en\/","logo":{"@type":"ImageObject","inLanguage":"es","@id":"https:\/\/museutapies.org\/en\/#\/schema\/logo\/image\/","url":"https:\/\/museutapies.org\/wp-content\/uploads\/2024\/07\/mta.png","contentUrl":"https:\/\/museutapies.org\/wp-content\/uploads\/2024\/07\/mta.png","width":244,"height":110,"caption":"Museu T\u00e0pies"},"image":{"@id":"https:\/\/museutapies.org\/en\/#\/schema\/logo\/image\/"},"sameAs":["https:\/\/www.facebook.com\/museutapies","https:\/\/www.instagram.com\/museutapies\/","https:\/\/www.youtube.com\/channel\/UCPi65HBb48RMeoa12lR51cQ","https:\/\/x.com\/MuseuTapies"]}]}},"_links":{"self":[{"href":"https:\/\/museutapies.org\/es\/wp-json\/wp\/v2\/tribe_events\/36868"}],"collection":[{"href":"https:\/\/museutapies.org\/es\/wp-json\/wp\/v2\/tribe_events"}],"about":[{"href":"https:\/\/museutapies.org\/es\/wp-json\/wp\/v2\/types\/tribe_events"}],"author":[{"embeddable":true,"href":"https:\/\/museutapies.org\/es\/wp-json\/wp\/v2\/users\/3"}],"replies":[{"embeddable":true,"href":"https:\/\/museutapies.org\/es\/wp-json\/wp\/v2\/comments?post=36868"}],"version-history":[{"count":5,"href":"https:\/\/museutapies.org\/es\/wp-json\/wp\/v2\/tribe_events\/36868\/revisions"}],"predecessor-version":[{"id":36926,"href":"https:\/\/museutapies.org\/es\/wp-json\/wp\/v2\/tribe_events\/36868\/revisions\/36926"}],"wp:featuredmedia":[{"embeddable":true,"href":"https:\/\/museutapies.org\/es\/wp-json\/wp\/v2\/media\/36864"}],"wp:attachment":[{"href":"https:\/\/museutapies.org\/es\/wp-json\/wp\/v2\/media?parent=36868"}],"wp:term":[{"taxonomy":"post_tag","embeddable":true,"href":"https:\/\/museutapies.org\/es\/wp-json\/wp\/v2\/tags?post=36868"},{"taxonomy":"tribe_events_cat","embeddable":true,"href":"https:\/\/museutapies.org\/es\/wp-json\/wp\/v2\/tribe_events_cat?post=36868"}],"curies":[{"name":"wp","href":"https:\/\/api.w.org\/{rel}","templated":true}]}}

<p><img loading="lazy" decoding="async" class="alignnone size-medium wp-image-36864" src="https://museutapies.org/wp-content/uploads/2024/11/unnamed-800x600.jpg" alt="" width="800" height="600" srcset="https://museutapies.org/wp-content/uploads/2024/11/unnamed-800x600.jpg 800w, https://museutapies.org/wp-content/uploads/2024/11/unnamed-900x675.jpg 900w, https://museutapies.org/wp-content/uploads/2024/11/unnamed-768x576.jpg 768w, https://museutapies.org/wp-content/uploads/2024/11/unnamed-1536x1152.jpg 1536w, https://museutapies.org/wp-content/uploads/2024/11/unnamed-2048x1536.jpg 2048w, https://museutapies.org/wp-content/uploads/2024/11/unnamed-500x375.jpg 500w, https://museutapies.org/wp-content/uploads/2024/11/unnamed-380x285.jpg 380w, https://museutapies.org/wp-content/uploads/2024/11/unnamed-600x450.jpg 600w" sizes="(max-width: 800px) 100vw, 800px" /></p>
<p><b><i>rizoma {cuaderno de apuntes} inteligencia vegetal</i></b><b>. </b><b><i>Una deriva</i></b></p>
<p><span style="font-weight: 400">En el marco del programa </span><i><span style="font-weight: 400">Espais C </span></i><span style="font-weight: 400">y del proyecto de investigación-acción </span><i><span style="font-weight: 400">rizoma {cuaderno de apuntes} inteligencia vegetal</span></i><span style="font-weight: 400"> de la artista Anita García, se propone una deriva alrededor del Museu Tàpies. Una deriva es una caminata, habitualmente urbana, que no tiene un destino específico. Anita García utiliza esta práctica como una herramienta para investigar sobre cómo percibimos las especies vegetales y cómo nos relacionamos con ellas. Con las observaciones que se extraigan de esta deriva y de los otros procesos de investigación, la artista quiere crear herramientas de divulgación y aprendizaje para integrar en proyectos de diseño social, de mediación artística-comunitaria abiertos a programas de educación formal e informal que promuevan la conciencia ecológica y la convivencia multiespecie.</span></p>
<p><span style="font-weight: 400">La actividad se dirige a personas de todas las edades interesadas en el arte y la educación.</span></p>
<p>&nbsp;</p>
<p><b>Anita García</b><span style="font-weight: 400"> es licenciada en diseño, con un recorrido profesional dentro del ecodiseño, el arte, la mediación y el diseño social. Tiene experiencia en gestión cultural, docencia, consultoría en educación y sostenibilidad, proyectos de investigación y mediación artística, participación y c</span><span style="font-weight: 400">ocreación c</span><span style="font-weight: 400">iudadana.</span></p>
<p><span style="font-weight: 400">Como artista investiga y centra su obra en el diálogo entre el arte, la ciencia y el diseño. Se inspira en la naturaleza y explora para entenderse como un ser emocional-sensorial en convivencia con el resto de seres vivos. Con su trabajo reflexiona para crear bases críticas/creativas/conceptuales para colaborar en acciones que fomenten el equilibrio social, medioambiental y económico.</span></p>
<p><span style="font-weight: 400">Como diseñadora social y mediadora artística-comunitaria diseña talleres, acciones, kits, dispositivos y maletas educativas. Conceptualiza, facilita y coordina proyectos dirigidos a entidades educativas, culturales, empresas, administración pública y colectivos. Además, aborda temas diversos como la perspectiva de género, los derechos humanos, el medio ambiente, la arquitectura, el paisaje, el espacio público y la convivencia.</span></p>
<p>&nbsp;</p>

<p>Actividad dirigida a personas interesadas en el arte y la educación de todas las edades.</p>

<!-- This site is optimized with the Yoast SEO plugin v20.11 - https://yoast.com/wordpress/plugins/seo/ -->
<title>Memoria vegetal. Una deriva - Museu Tàpies</title>
<meta name="description" content="Actividad del Museu Tàpies de Barcelona dirigida a personas interesadas en el arte y la educación de todas las edades." />
<meta name="robots" content="index, follow, max-snippet:-1, max-image-preview:large, max-video-preview:-1" />
<meta property="og:locale" content="es_ES" />
<meta property="og:type" content="article" />
<meta property="og:title" content="Memoria vegetal. Una deriva - Museu Tàpies" />
<meta property="og:description" content="Actividad del Museu Tàpies de Barcelona dirigida a personas interesadas en el arte y la educación de todas las edades." />
<meta property="og:url" content="https://museutapies.org/es/event/memoria-vegetal-una-deriva/" />
<meta property="og:site_name" content="Museu Tàpies" />
<meta property="article:publisher" content="https://www.facebook.com/museutapies" />
<meta property="article:modified_time" content="2024-11-20T13:59:25+00:00" />
<meta property="og:image" content="https://museutapies.org/wp-content/uploads/2024/11/unnamed-scaled.jpg" />
	<meta property="og:image:width" content="2560" />
	<meta property="og:image:height" content="1920" />
	<meta property="og:image:type" content="image/jpeg" />
<meta name="twitter:card" content="summary_large_image" />
<meta name="twitter:label1" content="Tiempo de lectura" />
	<meta name="twitter:data1" content="2 minutos" />
<script type="application/ld+json" class="yoast-schema-graph">{"@context":"https://schema.org","@graph":[{"@type":"WebPage","@id":"https://museutapies.org/es/event/memoria-vegetal-una-deriva/","url":"https://museutapies.org/es/event/memoria-vegetal-una-deriva/","name":"Memoria vegetal. Una deriva - Museu Tàpies","isPartOf":{"@id":"https://museutapies.org/en/#website"},"datePublished":"2024-11-19T09:34:11+00:00","dateModified":"2024-11-20T13:59:25+00:00","description":"Actividad del Museu Tàpies de Barcelona dirigida a personas interesadas en el arte y la educación de todas las edades.","breadcrumb":{"@id":"https://museutapies.org/es/event/memoria-vegetal-una-deriva/#breadcrumb"},"inLanguage":"es","potentialAction":[{"@type":"ReadAction","target":["https://museutapies.org/es/event/memoria-vegetal-una-deriva/"]}]},{"@type":"BreadcrumbList","@id":"https://museutapies.org/es/event/memoria-vegetal-una-deriva/#breadcrumb","itemListElement":[{"@type":"ListItem","position":1,"name":"Esdeveniments","item":"https://museutapies.org/agenda/"},{"@type":"ListItem","position":2,"name":"Memoria vegetal. Una deriva"}]},{"@type":"WebSite","@id":"https://museutapies.org/en/#website","url":"https://museutapies.org/en/","name":"Museu Tàpies","description":"","publisher":{"@id":"https://museutapies.org/en/#organization"},"potentialAction":[{"@type":"SearchAction","target":{"@type":"EntryPoint","urlTemplate":"https://museutapies.org/en/?s={search_term_string}"},"query-input":"required name=search_term_string"}],"inLanguage":"es"},{"@type":"Organization","@id":"https://museutapies.org/en/#organization","name":"Museu Tàpies","url":"https://museutapies.org/en/","logo":{"@type":"ImageObject","inLanguage":"es","@id":"https://museutapies.org/en/#/schema/logo/image/","url":"https://museutapies.org/wp-content/uploads/2024/07/mta.png","contentUrl":"https://museutapies.org/wp-content/uploads/2024/07/mta.png","width":244,"height":110,"caption":"Museu Tàpies"},"image":{"@id":"https://museutapies.org/en/#/schema/logo/image/"},"sameAs":["https://www.facebook.com/museutapies","https://www.instagram.com/museutapies/","https://www.youtube.com/channel/UCPi65HBb48RMeoa12lR51cQ","https://x.com/MuseuTapies"]}]}</script>
<!-- / Yoast SEO plugin. -->

Memoria vegetal. Una deriva - Museu Tàpies

Actividad del Museu Tàpies de Barcelona dirigida a personas interesadas en el arte y la educación de todas las edades.

Museu Tàpies
