{"id":37345,"date":"2025-01-17T14:06:54","date_gmt":"2025-01-17T13:06:54","guid":{"rendered":"https:\/\/museutapies.org\/?post_type=tribe_events&#038;p=37345"},"modified":"2025-01-28T13:01:38","modified_gmt":"2025-01-28T12:01:38","slug":"inauguracion-de-la-exposicion-antoni-tapies-la-imaginacion-del-mundo","status":"publish","type":"tribe_events","link":"https:\/\/museutapies.org\/es\/event\/inauguracion-de-la-exposicion-antoni-tapies-la-imaginacion-del-mundo\/","title":{"rendered":"Inauguraci\u00f3n de la exposici\u00f3n &#8220;Antoni T\u00e0pies. La imaginaci\u00f3n del mundo&#8221;"},"content":{"rendered":"<p><img loading=\"lazy\" decoding=\"async\" class=\"alignnone size-full wp-image-37342\" src=\"https:\/\/museutapies.org\/wp-content\/uploads\/2025\/01\/Screenshot_2.png\" alt=\"\" width=\"692\" height=\"402\" srcset=\"https:\/\/museutapies.org\/wp-content\/uploads\/2025\/01\/Screenshot_2.png 692w, https:\/\/museutapies.org\/wp-content\/uploads\/2025\/01\/Screenshot_2-500x290.png 500w, https:\/\/museutapies.org\/wp-content\/uploads\/2025\/01\/Screenshot_2-380x221.png 380w, https:\/\/museutapies.org\/wp-content\/uploads\/2025\/01\/Screenshot_2-600x349.png 600w\" sizes=\"(max-width: 692px) 100vw, 692px\" \/><\/p>\n<p>El pr\u00f3ximo jueves 13 de febrero de 2025, a las 19.00 h, tendr\u00e1 lugar la inauguraci\u00f3n de la exposici\u00f3n <a href=\"https:\/\/museutapies.org\/es\/exposicio\/antoni-tapies-la-imaginacion-del-mundo\/\"><em>Antoni T\u00e0pies. La imaginaci\u00f3n del mundo<\/em><\/a>, muestra comisariada por Imma Prieto, directora del Museu T\u00e0pies, y Pablo Allepuz, conservador de la colecci\u00f3n del Museu T\u00e0pies.<\/p>\n<p>Acceso libre hasta completar el aforo.<\/p>\n<p>Os esperamos.<\/p>\n","protected":false},"excerpt":{"rendered":"<p>Inauguraci\u00f3n de la exposici\u00f3n &#8220;Antoni T\u00e0pies. La imaginaci\u00f3n del mundo&#8221;.<\/p>\n","protected":false},"author":3,"featured_media":37342,"comment_status":"closed","ping_status":"closed","template":"","meta":{"_tribe_events_status":"","_tribe_events_status_reason":"","_tribe_events_is_hybrid":"","_tribe_events_is_virtual":"","_tribe_events_virtual_video_source":"","_tribe_events_virtual_embed_video":"","_tribe_events_virtual_linked_button_text":"","_tribe_events_virtual_linked_button":"","_tribe_events_virtual_show_embed_at":"","_tribe_events_virtual_show_embed_to":[],"_tribe_events_virtual_show_on_event":"","_tribe_events_virtual_show_on_views":"","_tribe_events_virtual_url":"","footnotes":""},"tags":[],"tribe_events_cat":[],"acf":[],"yoast_head":"<!-- This site is optimized with the Yoast SEO plugin v20.11 - https:\/\/yoast.com\/wordpress\/plugins\/seo\/ -->\n<title>Inauguraci\u00f3n de la exposici\u00f3n &quot;Antoni T\u00e0pies. La imaginaci\u00f3n del mundo&quot; - Museu T\u00e0pies<\/title>\n<meta name=\"description\" content=\"Inauguraci\u00f3n de la exposici\u00f3n de arte &quot;Antoni T\u00e0pies. La imaginaci\u00f3n del mundo&quot; del Museu T\u00e0pies de Barcelona, \u200b\u200bCatalu\u00f1a.\" \/>\n<meta name=\"robots\" content=\"index, follow, max-snippet:-1, max-image-preview:large, max-video-preview:-1\" \/>\n<meta property=\"og:locale\" content=\"es_ES\" \/>\n<meta property=\"og:type\" content=\"article\" \/>\n<meta property=\"og:title\" content=\"Inauguraci\u00f3n de la exposici\u00f3n &quot;Antoni T\u00e0pies. La imaginaci\u00f3n del mundo&quot; - Museu T\u00e0pies\" \/>\n<meta property=\"og:description\" content=\"Inauguraci\u00f3n de la exposici\u00f3n de arte &quot;Antoni T\u00e0pies. La imaginaci\u00f3n del mundo&quot; del Museu T\u00e0pies de Barcelona, \u200b\u200bCatalu\u00f1a.\" \/>\n<meta property=\"og:url\" content=\"https:\/\/museutapies.org\/es\/event\/inauguracion-de-la-exposicion-antoni-tapies-la-imaginacion-del-mundo\/\" \/>\n<meta property=\"og:site_name\" content=\"Museu T\u00e0pies\" \/>\n<meta property=\"article:publisher\" content=\"https:\/\/www.facebook.com\/museutapies\" \/>\n<meta property=\"article:modified_time\" content=\"2025-01-28T12:01:38+00:00\" \/>\n<meta property=\"og:image\" content=\"https:\/\/museutapies.org\/wp-content\/uploads\/2025\/01\/Screenshot_2.png\" \/>\n\t<meta property=\"og:image:width\" content=\"692\" \/>\n\t<meta property=\"og:image:height\" content=\"402\" \/>\n\t<meta property=\"og:image:type\" content=\"image\/png\" \/>\n<meta name=\"twitter:card\" content=\"summary_large_image\" \/>\n<meta name=\"twitter:label1\" content=\"Tiempo de lectura\" \/>\n\t<meta name=\"twitter:data1\" content=\"1 minuto\" \/>\n<script type=\"application\/ld+json\" class=\"yoast-schema-graph\">{\"@context\":\"https:\/\/schema.org\",\"@graph\":[{\"@type\":\"WebPage\",\"@id\":\"https:\/\/museutapies.org\/es\/event\/inauguracion-de-la-exposicion-antoni-tapies-la-imaginacion-del-mundo\/\",\"url\":\"https:\/\/museutapies.org\/es\/event\/inauguracion-de-la-exposicion-antoni-tapies-la-imaginacion-del-mundo\/\",\"name\":\"Inauguraci\u00f3n de la exposici\u00f3n \\\"Antoni T\u00e0pies. La imaginaci\u00f3n del mundo\\\" - Museu T\u00e0pies\",\"isPartOf\":{\"@id\":\"https:\/\/museutapies.org\/en\/#website\"},\"datePublished\":\"2025-01-17T13:06:54+00:00\",\"dateModified\":\"2025-01-28T12:01:38+00:00\",\"description\":\"Inauguraci\u00f3n de la exposici\u00f3n de arte \\\"Antoni T\u00e0pies. La imaginaci\u00f3n del mundo\\\" del Museu T\u00e0pies de Barcelona, \u200b\u200bCatalu\u00f1a.\",\"breadcrumb\":{\"@id\":\"https:\/\/museutapies.org\/es\/event\/inauguracion-de-la-exposicion-antoni-tapies-la-imaginacion-del-mundo\/#breadcrumb\"},\"inLanguage\":\"es\",\"potentialAction\":[{\"@type\":\"ReadAction\",\"target\":[\"https:\/\/museutapies.org\/es\/event\/inauguracion-de-la-exposicion-antoni-tapies-la-imaginacion-del-mundo\/\"]}]},{\"@type\":\"BreadcrumbList\",\"@id\":\"https:\/\/museutapies.org\/es\/event\/inauguracion-de-la-exposicion-antoni-tapies-la-imaginacion-del-mundo\/#breadcrumb\",\"itemListElement\":[{\"@type\":\"ListItem\",\"position\":1,\"name\":\"Esdeveniments\",\"item\":\"https:\/\/museutapies.org\/agenda\/\"},{\"@type\":\"ListItem\",\"position\":2,\"name\":\"Inauguraci\u00f3n de la exposici\u00f3n &#8220;Antoni T\u00e0pies. La imaginaci\u00f3n del mundo&#8221;\"}]},{\"@type\":\"WebSite\",\"@id\":\"https:\/\/museutapies.org\/en\/#website\",\"url\":\"https:\/\/museutapies.org\/en\/\",\"name\":\"Museu T\u00e0pies\",\"description\":\"\",\"publisher\":{\"@id\":\"https:\/\/museutapies.org\/en\/#organization\"},\"potentialAction\":[{\"@type\":\"SearchAction\",\"target\":{\"@type\":\"EntryPoint\",\"urlTemplate\":\"https:\/\/museutapies.org\/en\/?s={search_term_string}\"},\"query-input\":\"required name=search_term_string\"}],\"inLanguage\":\"es\"},{\"@type\":\"Organization\",\"@id\":\"https:\/\/museutapies.org\/en\/#organization\",\"name\":\"Museu T\u00e0pies\",\"url\":\"https:\/\/museutapies.org\/en\/\",\"logo\":{\"@type\":\"ImageObject\",\"inLanguage\":\"es\",\"@id\":\"https:\/\/museutapies.org\/en\/#\/schema\/logo\/image\/\",\"url\":\"https:\/\/museutapies.org\/wp-content\/uploads\/2024\/07\/mta.png\",\"contentUrl\":\"https:\/\/museutapies.org\/wp-content\/uploads\/2024\/07\/mta.png\",\"width\":244,\"height\":110,\"caption\":\"Museu T\u00e0pies\"},\"image\":{\"@id\":\"https:\/\/museutapies.org\/en\/#\/schema\/logo\/image\/\"},\"sameAs\":[\"https:\/\/www.facebook.com\/museutapies\",\"https:\/\/www.instagram.com\/museutapies\/\",\"https:\/\/www.youtube.com\/channel\/UCPi65HBb48RMeoa12lR51cQ\",\"https:\/\/x.com\/MuseuTapies\"]}]}<\/script>\n<!-- \/ Yoast SEO plugin. -->","yoast_head_json":{"title":"Inauguraci\u00f3n de la exposici\u00f3n \"Antoni T\u00e0pies. La imaginaci\u00f3n del mundo\" - Museu T\u00e0pies","description":"Inauguraci\u00f3n de la exposici\u00f3n de arte \"Antoni T\u00e0pies. La imaginaci\u00f3n del mundo\" del Museu T\u00e0pies de Barcelona, \u200b\u200bCatalu\u00f1a.","robots":{"index":"index","follow":"follow","max-snippet":"max-snippet:-1","max-image-preview":"max-image-preview:large","max-video-preview":"max-video-preview:-1"},"og_locale":"es_ES","og_type":"article","og_title":"Inauguraci\u00f3n de la exposici\u00f3n \"Antoni T\u00e0pies. La imaginaci\u00f3n del mundo\" - Museu T\u00e0pies","og_description":"Inauguraci\u00f3n de la exposici\u00f3n de arte \"Antoni T\u00e0pies. La imaginaci\u00f3n del mundo\" del Museu T\u00e0pies de Barcelona, \u200b\u200bCatalu\u00f1a.","og_url":"https:\/\/museutapies.org\/es\/event\/inauguracion-de-la-exposicion-antoni-tapies-la-imaginacion-del-mundo\/","og_site_name":"Museu T\u00e0pies","article_publisher":"https:\/\/www.facebook.com\/museutapies","article_modified_time":"2025-01-28T12:01:38+00:00","og_image":[{"width":692,"height":402,"url":"https:\/\/museutapies.org\/wp-content\/uploads\/2025\/01\/Screenshot_2.png","type":"image\/png"}],"twitter_card":"summary_large_image","twitter_misc":{"Tiempo de lectura":"1 minuto"},"schema":{"@context":"https:\/\/schema.org","@graph":[{"@type":"WebPage","@id":"https:\/\/museutapies.org\/es\/event\/inauguracion-de-la-exposicion-antoni-tapies-la-imaginacion-del-mundo\/","url":"https:\/\/museutapies.org\/es\/event\/inauguracion-de-la-exposicion-antoni-tapies-la-imaginacion-del-mundo\/","name":"Inauguraci\u00f3n de la exposici\u00f3n \"Antoni T\u00e0pies. La imaginaci\u00f3n del mundo\" - Museu T\u00e0pies","isPartOf":{"@id":"https:\/\/museutapies.org\/en\/#website"},"datePublished":"2025-01-17T13:06:54+00:00","dateModified":"2025-01-28T12:01:38+00:00","description":"Inauguraci\u00f3n de la exposici\u00f3n de arte \"Antoni T\u00e0pies. La imaginaci\u00f3n del mundo\" del Museu T\u00e0pies de Barcelona, \u200b\u200bCatalu\u00f1a.","breadcrumb":{"@id":"https:\/\/museutapies.org\/es\/event\/inauguracion-de-la-exposicion-antoni-tapies-la-imaginacion-del-mundo\/#breadcrumb"},"inLanguage":"es","potentialAction":[{"@type":"ReadAction","target":["https:\/\/museutapies.org\/es\/event\/inauguracion-de-la-exposicion-antoni-tapies-la-imaginacion-del-mundo\/"]}]},{"@type":"BreadcrumbList","@id":"https:\/\/museutapies.org\/es\/event\/inauguracion-de-la-exposicion-antoni-tapies-la-imaginacion-del-mundo\/#breadcrumb","itemListElement":[{"@type":"ListItem","position":1,"name":"Esdeveniments","item":"https:\/\/museutapies.org\/agenda\/"},{"@type":"ListItem","position":2,"name":"Inauguraci\u00f3n de la exposici\u00f3n &#8220;Antoni T\u00e0pies. La imaginaci\u00f3n del mundo&#8221;"}]},{"@type":"WebSite","@id":"https:\/\/museutapies.org\/en\/#website","url":"https:\/\/museutapies.org\/en\/","name":"Museu T\u00e0pies","description":"","publisher":{"@id":"https:\/\/museutapies.org\/en\/#organization"},"potentialAction":[{"@type":"SearchAction","target":{"@type":"EntryPoint","urlTemplate":"https:\/\/museutapies.org\/en\/?s={search_term_string}"},"query-input":"required name=search_term_string"}],"inLanguage":"es"},{"@type":"Organization","@id":"https:\/\/museutapies.org\/en\/#organization","name":"Museu T\u00e0pies","url":"https:\/\/museutapies.org\/en\/","logo":{"@type":"ImageObject","inLanguage":"es","@id":"https:\/\/museutapies.org\/en\/#\/schema\/logo\/image\/","url":"https:\/\/museutapies.org\/wp-content\/uploads\/2024\/07\/mta.png","contentUrl":"https:\/\/museutapies.org\/wp-content\/uploads\/2024\/07\/mta.png","width":244,"height":110,"caption":"Museu T\u00e0pies"},"image":{"@id":"https:\/\/museutapies.org\/en\/#\/schema\/logo\/image\/"},"sameAs":["https:\/\/www.facebook.com\/museutapies","https:\/\/www.instagram.com\/museutapies\/","https:\/\/www.youtube.com\/channel\/UCPi65HBb48RMeoa12lR51cQ","https:\/\/x.com\/MuseuTapies"]}]}},"_links":{"self":[{"href":"https:\/\/museutapies.org\/es\/wp-json\/wp\/v2\/tribe_events\/37345"}],"collection":[{"href":"https:\/\/museutapies.org\/es\/wp-json\/wp\/v2\/tribe_events"}],"about":[{"href":"https:\/\/museutapies.org\/es\/wp-json\/wp\/v2\/types\/tribe_events"}],"author":[{"embeddable":true,"href":"https:\/\/museutapies.org\/es\/wp-json\/wp\/v2\/users\/3"}],"replies":[{"embeddable":true,"href":"https:\/\/museutapies.org\/es\/wp-json\/wp\/v2\/comments?post=37345"}],"version-history":[{"count":3,"href":"https:\/\/museutapies.org\/es\/wp-json\/wp\/v2\/tribe_events\/37345\/revisions"}],"predecessor-version":[{"id":37505,"href":"https:\/\/museutapies.org\/es\/wp-json\/wp\/v2\/tribe_events\/37345\/revisions\/37505"}],"wp:featuredmedia":[{"embeddable":true,"href":"https:\/\/museutapies.org\/es\/wp-json\/wp\/v2\/media\/37342"}],"wp:attachment":[{"href":"https:\/\/museutapies.org\/es\/wp-json\/wp\/v2\/media?parent=37345"}],"wp:term":[{"taxonomy":"post_tag","embeddable":true,"href":"https:\/\/museutapies.org\/es\/wp-json\/wp\/v2\/tags?post=37345"},{"taxonomy":"tribe_events_cat","embeddable":true,"href":"https:\/\/museutapies.org\/es\/wp-json\/wp\/v2\/tribe_events_cat?post=37345"}],"curies":[{"name":"wp","href":"https:\/\/api.w.org\/{rel}","templated":true}]}}

Inauguración de la exposición &#8220;Antoni Tàpies. La imaginación del mundo&#8221;

<p><img loading="lazy" decoding="async" class="alignnone size-full wp-image-37342" src="https://museutapies.org/wp-content/uploads/2025/01/Screenshot_2.png" alt="" width="692" height="402" srcset="https://museutapies.org/wp-content/uploads/2025/01/Screenshot_2.png 692w, https://museutapies.org/wp-content/uploads/2025/01/Screenshot_2-500x290.png 500w, https://museutapies.org/wp-content/uploads/2025/01/Screenshot_2-380x221.png 380w, https://museutapies.org/wp-content/uploads/2025/01/Screenshot_2-600x349.png 600w" sizes="(max-width: 692px) 100vw, 692px" /></p>
<p>El próximo jueves 13 de febrero de 2025, a las 19.00 h, tendrá lugar la inauguración de la exposición <a href="https://museutapies.org/es/exposicio/antoni-tapies-la-imaginacion-del-mundo/"><em>Antoni Tàpies. La imaginación del mundo</em></a>, muestra comisariada por Imma Prieto, directora del Museu Tàpies, y Pablo Allepuz, conservador de la colección del Museu Tàpies.</p>
<p>Acceso libre hasta completar el aforo.</p>
<p>Os esperamos.</p>

<p>Inauguración de la exposición &#8220;Antoni Tàpies. La imaginación del mundo&#8221;.</p>

<!-- This site is optimized with the Yoast SEO plugin v20.11 - https://yoast.com/wordpress/plugins/seo/ -->
<title>Inauguración de la exposición &quot;Antoni Tàpies. La imaginación del mundo&quot; - Museu Tàpies</title>
<meta name="description" content="Inauguración de la exposición de arte &quot;Antoni Tàpies. La imaginación del mundo&quot; del Museu Tàpies de Barcelona, ​​Cataluña." />
<meta name="robots" content="index, follow, max-snippet:-1, max-image-preview:large, max-video-preview:-1" />
<meta property="og:locale" content="es_ES" />
<meta property="og:type" content="article" />
<meta property="og:title" content="Inauguración de la exposición &quot;Antoni Tàpies. La imaginación del mundo&quot; - Museu Tàpies" />
<meta property="og:description" content="Inauguración de la exposición de arte &quot;Antoni Tàpies. La imaginación del mundo&quot; del Museu Tàpies de Barcelona, ​​Cataluña." />
<meta property="og:url" content="https://museutapies.org/es/event/inauguracion-de-la-exposicion-antoni-tapies-la-imaginacion-del-mundo/" />
<meta property="og:site_name" content="Museu Tàpies" />
<meta property="article:publisher" content="https://www.facebook.com/museutapies" />
<meta property="article:modified_time" content="2025-01-28T12:01:38+00:00" />
<meta property="og:image" content="https://museutapies.org/wp-content/uploads/2025/01/Screenshot_2.png" />
	<meta property="og:image:width" content="692" />
	<meta property="og:image:height" content="402" />
	<meta property="og:image:type" content="image/png" />
<meta name="twitter:card" content="summary_large_image" />
<meta name="twitter:label1" content="Tiempo de lectura" />
	<meta name="twitter:data1" content="1 minuto" />
<script type="application/ld+json" class="yoast-schema-graph">{"@context":"https://schema.org","@graph":[{"@type":"WebPage","@id":"https://museutapies.org/es/event/inauguracion-de-la-exposicion-antoni-tapies-la-imaginacion-del-mundo/","url":"https://museutapies.org/es/event/inauguracion-de-la-exposicion-antoni-tapies-la-imaginacion-del-mundo/","name":"Inauguración de la exposición \"Antoni Tàpies. La imaginación del mundo\" - Museu Tàpies","isPartOf":{"@id":"https://museutapies.org/en/#website"},"datePublished":"2025-01-17T13:06:54+00:00","dateModified":"2025-01-28T12:01:38+00:00","description":"Inauguración de la exposición de arte \"Antoni Tàpies. La imaginación del mundo\" del Museu Tàpies de Barcelona, ​​Cataluña.","breadcrumb":{"@id":"https://museutapies.org/es/event/inauguracion-de-la-exposicion-antoni-tapies-la-imaginacion-del-mundo/#breadcrumb"},"inLanguage":"es","potentialAction":[{"@type":"ReadAction","target":["https://museutapies.org/es/event/inauguracion-de-la-exposicion-antoni-tapies-la-imaginacion-del-mundo/"]}]},{"@type":"BreadcrumbList","@id":"https://museutapies.org/es/event/inauguracion-de-la-exposicion-antoni-tapies-la-imaginacion-del-mundo/#breadcrumb","itemListElement":[{"@type":"ListItem","position":1,"name":"Esdeveniments","item":"https://museutapies.org/agenda/"},{"@type":"ListItem","position":2,"name":"Inauguración de la exposición &#8220;Antoni Tàpies. La imaginación del mundo&#8221;"}]},{"@type":"WebSite","@id":"https://museutapies.org/en/#website","url":"https://museutapies.org/en/","name":"Museu Tàpies","description":"","publisher":{"@id":"https://museutapies.org/en/#organization"},"potentialAction":[{"@type":"SearchAction","target":{"@type":"EntryPoint","urlTemplate":"https://museutapies.org/en/?s={search_term_string}"},"query-input":"required name=search_term_string"}],"inLanguage":"es"},{"@type":"Organization","@id":"https://museutapies.org/en/#organization","name":"Museu Tàpies","url":"https://museutapies.org/en/","logo":{"@type":"ImageObject","inLanguage":"es","@id":"https://museutapies.org/en/#/schema/logo/image/","url":"https://museutapies.org/wp-content/uploads/2024/07/mta.png","contentUrl":"https://museutapies.org/wp-content/uploads/2024/07/mta.png","width":244,"height":110,"caption":"Museu Tàpies"},"image":{"@id":"https://museutapies.org/en/#/schema/logo/image/"},"sameAs":["https://www.facebook.com/museutapies","https://www.instagram.com/museutapies/","https://www.youtube.com/channel/UCPi65HBb48RMeoa12lR51cQ","https://x.com/MuseuTapies"]}]}</script>
<!-- / Yoast SEO plugin. -->

Inauguración de la exposición "Antoni Tàpies. La imaginación del mundo" - Museu Tàpies

Inauguración de la exposición de arte "Antoni Tàpies. La imaginación del mundo" del Museu Tàpies de Barcelona, ​​Cataluña.

Museu Tàpies
