{"id":37964,"date":"2025-02-18T17:10:32","date_gmt":"2025-02-18T16:10:32","guid":{"rendered":"https:\/\/museutapies.org\/?post_type=tribe_events&#038;p=37964"},"modified":"2025-02-25T11:05:15","modified_gmt":"2025-02-25T10:05:15","slug":"inauguracio-marta-palau-actuacion-adelaida","status":"publish","type":"tribe_events","link":"https:\/\/museutapies.org\/es\/event\/inauguracio-marta-palau-actuacion-adelaida\/","title":{"rendered":"Inauguraci\u00f3n de la exposici\u00f3n &#8220;Marta Palau. Mis caminos son terrestres&#8221;, con actuaci\u00f3n de Adelaida"},"content":{"rendered":"<p><img decoding=\"async\" src=\"https:\/\/museutapies.org\/wp-content\/uploads\/2025\/02\/press-pic-1-16-9-800x632.jpg\" \/><\/p>\n<p>&nbsp;<\/p>\n<p>El pr\u00f3ximo jueves, 27 de febrero de 2025, a las 19 h, tendr\u00e1 lugar la inauguraci\u00f3n de la exposici\u00f3n titulada <a href=\"https:\/\/museutapies.org\/es\/exposicio\/marta-palau-mis-caminos-son-terrestres\/\"><em>Marta Palau. Mis caminos son terrestres<\/em><\/a>, comisariada por Imma Prieto, directora del Museu T\u00e0pies.<\/p>\n<p>La inauguraci\u00f3n contar\u00e1 con la actuaci\u00f3n de la compositora y cantante catalana Adelaida, que dialogar\u00e1 con el universo simb\u00f3lico y la fuerza expresiva de la obra de Marta Palau, estableciendo una resonancia entre lo ancestral y lo contempor\u00e1neo e invitando al p\u00fablico a explorar la obra de la artista leridana desde una experiencia sensorial.<\/p>\n<p>Os esperamos.<\/p>\n<p>&nbsp;<\/p>\n<p><span style=\"font-size: 8pt\">Foto: Bo Bannink<\/span><\/p>\n","protected":false},"excerpt":{"rendered":"<p>&nbsp; El pr\u00f3ximo jueves, 27 de febrero de 2025, a las 19 h, tendr\u00e1 lugar la inauguraci\u00f3n de la exposici\u00f3n [&hellip;]<\/p>\n","protected":false},"author":207,"featured_media":37956,"comment_status":"closed","ping_status":"closed","template":"","meta":{"_tribe_events_status":"","_tribe_events_status_reason":"","_tribe_events_is_hybrid":"","_tribe_events_is_virtual":"","_tribe_events_virtual_video_source":"","_tribe_events_virtual_embed_video":"","_tribe_events_virtual_linked_button_text":"","_tribe_events_virtual_linked_button":"","_tribe_events_virtual_show_embed_at":"","_tribe_events_virtual_show_embed_to":[],"_tribe_events_virtual_show_on_event":"","_tribe_events_virtual_show_on_views":"","_tribe_events_virtual_url":"","footnotes":""},"tags":[],"tribe_events_cat":[],"acf":[],"yoast_head":"<!-- This site is optimized with the Yoast SEO plugin v20.11 - https:\/\/yoast.com\/wordpress\/plugins\/seo\/ -->\n<title>Inauguraci\u00f3n de la exposici\u00f3n &quot;Marta Palau. Mis caminos son terrestres&quot;, con actuaci\u00f3n de Adelaida - Museu T\u00e0pies<\/title>\n<meta name=\"robots\" content=\"index, follow, max-snippet:-1, max-image-preview:large, max-video-preview:-1\" \/>\n<meta property=\"og:locale\" content=\"es_ES\" \/>\n<meta property=\"og:type\" content=\"article\" \/>\n<meta property=\"og:title\" content=\"Inauguraci\u00f3n de la exposici\u00f3n &quot;Marta Palau. Mis caminos son terrestres&quot;, con actuaci\u00f3n de Adelaida - Museu T\u00e0pies\" \/>\n<meta property=\"og:description\" content=\"&nbsp; El pr\u00f3ximo jueves, 27 de febrero de 2025, a las 19 h, tendr\u00e1 lugar la inauguraci\u00f3n de la exposici\u00f3n [&hellip;]\" \/>\n<meta property=\"og:url\" content=\"https:\/\/museutapies.org\/es\/event\/inauguracio-marta-palau-actuacion-adelaida\/\" \/>\n<meta property=\"og:site_name\" content=\"Museu T\u00e0pies\" \/>\n<meta property=\"article:publisher\" content=\"https:\/\/www.facebook.com\/museutapies\" \/>\n<meta property=\"article:modified_time\" content=\"2025-02-25T10:05:15+00:00\" \/>\n<meta property=\"og:image\" content=\"https:\/\/museutapies.org\/wp-content\/uploads\/2025\/02\/press-pic-1-16-9.jpg\" \/>\n\t<meta property=\"og:image:width\" content=\"1134\" \/>\n\t<meta property=\"og:image:height\" content=\"896\" \/>\n\t<meta property=\"og:image:type\" content=\"image\/jpeg\" \/>\n<meta name=\"twitter:card\" content=\"summary_large_image\" \/>\n<meta name=\"twitter:label1\" content=\"Tiempo de lectura\" \/>\n\t<meta name=\"twitter:data1\" content=\"1 minuto\" \/>\n<script type=\"application\/ld+json\" class=\"yoast-schema-graph\">{\"@context\":\"https:\/\/schema.org\",\"@graph\":[{\"@type\":\"WebPage\",\"@id\":\"https:\/\/museutapies.org\/es\/event\/inauguracio-marta-palau-actuacion-adelaida\/\",\"url\":\"https:\/\/museutapies.org\/es\/event\/inauguracio-marta-palau-actuacion-adelaida\/\",\"name\":\"Inauguraci\u00f3n de la exposici\u00f3n \\\"Marta Palau. Mis caminos son terrestres\\\", con actuaci\u00f3n de Adelaida - Museu T\u00e0pies\",\"isPartOf\":{\"@id\":\"https:\/\/museutapies.org\/en\/#website\"},\"datePublished\":\"2025-02-18T16:10:32+00:00\",\"dateModified\":\"2025-02-25T10:05:15+00:00\",\"breadcrumb\":{\"@id\":\"https:\/\/museutapies.org\/es\/event\/inauguracio-marta-palau-actuacion-adelaida\/#breadcrumb\"},\"inLanguage\":\"es\",\"potentialAction\":[{\"@type\":\"ReadAction\",\"target\":[\"https:\/\/museutapies.org\/es\/event\/inauguracio-marta-palau-actuacion-adelaida\/\"]}]},{\"@type\":\"BreadcrumbList\",\"@id\":\"https:\/\/museutapies.org\/es\/event\/inauguracio-marta-palau-actuacion-adelaida\/#breadcrumb\",\"itemListElement\":[{\"@type\":\"ListItem\",\"position\":1,\"name\":\"Esdeveniments\",\"item\":\"https:\/\/museutapies.org\/agenda\/\"},{\"@type\":\"ListItem\",\"position\":2,\"name\":\"Inauguraci\u00f3n de la exposici\u00f3n &#8220;Marta Palau. Mis caminos son terrestres&#8221;, con actuaci\u00f3n de Adelaida\"}]},{\"@type\":\"WebSite\",\"@id\":\"https:\/\/museutapies.org\/en\/#website\",\"url\":\"https:\/\/museutapies.org\/en\/\",\"name\":\"Museu T\u00e0pies\",\"description\":\"\",\"publisher\":{\"@id\":\"https:\/\/museutapies.org\/en\/#organization\"},\"potentialAction\":[{\"@type\":\"SearchAction\",\"target\":{\"@type\":\"EntryPoint\",\"urlTemplate\":\"https:\/\/museutapies.org\/en\/?s={search_term_string}\"},\"query-input\":\"required name=search_term_string\"}],\"inLanguage\":\"es\"},{\"@type\":\"Organization\",\"@id\":\"https:\/\/museutapies.org\/en\/#organization\",\"name\":\"Museu T\u00e0pies\",\"url\":\"https:\/\/museutapies.org\/en\/\",\"logo\":{\"@type\":\"ImageObject\",\"inLanguage\":\"es\",\"@id\":\"https:\/\/museutapies.org\/en\/#\/schema\/logo\/image\/\",\"url\":\"https:\/\/museutapies.org\/wp-content\/uploads\/2024\/07\/mta.png\",\"contentUrl\":\"https:\/\/museutapies.org\/wp-content\/uploads\/2024\/07\/mta.png\",\"width\":244,\"height\":110,\"caption\":\"Museu T\u00e0pies\"},\"image\":{\"@id\":\"https:\/\/museutapies.org\/en\/#\/schema\/logo\/image\/\"},\"sameAs\":[\"https:\/\/www.facebook.com\/museutapies\",\"https:\/\/www.instagram.com\/museutapies\/\",\"https:\/\/www.youtube.com\/channel\/UCPi65HBb48RMeoa12lR51cQ\",\"https:\/\/x.com\/MuseuTapies\"]}]}<\/script>\n<!-- \/ Yoast SEO plugin. -->","yoast_head_json":{"title":"Inauguraci\u00f3n de la exposici\u00f3n \"Marta Palau. Mis caminos son terrestres\", con actuaci\u00f3n de Adelaida - Museu T\u00e0pies","robots":{"index":"index","follow":"follow","max-snippet":"max-snippet:-1","max-image-preview":"max-image-preview:large","max-video-preview":"max-video-preview:-1"},"og_locale":"es_ES","og_type":"article","og_title":"Inauguraci\u00f3n de la exposici\u00f3n \"Marta Palau. Mis caminos son terrestres\", con actuaci\u00f3n de Adelaida - Museu T\u00e0pies","og_description":"&nbsp; El pr\u00f3ximo jueves, 27 de febrero de 2025, a las 19 h, tendr\u00e1 lugar la inauguraci\u00f3n de la exposici\u00f3n [&hellip;]","og_url":"https:\/\/museutapies.org\/es\/event\/inauguracio-marta-palau-actuacion-adelaida\/","og_site_name":"Museu T\u00e0pies","article_publisher":"https:\/\/www.facebook.com\/museutapies","article_modified_time":"2025-02-25T10:05:15+00:00","og_image":[{"width":1134,"height":896,"url":"https:\/\/museutapies.org\/wp-content\/uploads\/2025\/02\/press-pic-1-16-9.jpg","type":"image\/jpeg"}],"twitter_card":"summary_large_image","twitter_misc":{"Tiempo de lectura":"1 minuto"},"schema":{"@context":"https:\/\/schema.org","@graph":[{"@type":"WebPage","@id":"https:\/\/museutapies.org\/es\/event\/inauguracio-marta-palau-actuacion-adelaida\/","url":"https:\/\/museutapies.org\/es\/event\/inauguracio-marta-palau-actuacion-adelaida\/","name":"Inauguraci\u00f3n de la exposici\u00f3n \"Marta Palau. Mis caminos son terrestres\", con actuaci\u00f3n de Adelaida - Museu T\u00e0pies","isPartOf":{"@id":"https:\/\/museutapies.org\/en\/#website"},"datePublished":"2025-02-18T16:10:32+00:00","dateModified":"2025-02-25T10:05:15+00:00","breadcrumb":{"@id":"https:\/\/museutapies.org\/es\/event\/inauguracio-marta-palau-actuacion-adelaida\/#breadcrumb"},"inLanguage":"es","potentialAction":[{"@type":"ReadAction","target":["https:\/\/museutapies.org\/es\/event\/inauguracio-marta-palau-actuacion-adelaida\/"]}]},{"@type":"BreadcrumbList","@id":"https:\/\/museutapies.org\/es\/event\/inauguracio-marta-palau-actuacion-adelaida\/#breadcrumb","itemListElement":[{"@type":"ListItem","position":1,"name":"Esdeveniments","item":"https:\/\/museutapies.org\/agenda\/"},{"@type":"ListItem","position":2,"name":"Inauguraci\u00f3n de la exposici\u00f3n &#8220;Marta Palau. Mis caminos son terrestres&#8221;, con actuaci\u00f3n de Adelaida"}]},{"@type":"WebSite","@id":"https:\/\/museutapies.org\/en\/#website","url":"https:\/\/museutapies.org\/en\/","name":"Museu T\u00e0pies","description":"","publisher":{"@id":"https:\/\/museutapies.org\/en\/#organization"},"potentialAction":[{"@type":"SearchAction","target":{"@type":"EntryPoint","urlTemplate":"https:\/\/museutapies.org\/en\/?s={search_term_string}"},"query-input":"required name=search_term_string"}],"inLanguage":"es"},{"@type":"Organization","@id":"https:\/\/museutapies.org\/en\/#organization","name":"Museu T\u00e0pies","url":"https:\/\/museutapies.org\/en\/","logo":{"@type":"ImageObject","inLanguage":"es","@id":"https:\/\/museutapies.org\/en\/#\/schema\/logo\/image\/","url":"https:\/\/museutapies.org\/wp-content\/uploads\/2024\/07\/mta.png","contentUrl":"https:\/\/museutapies.org\/wp-content\/uploads\/2024\/07\/mta.png","width":244,"height":110,"caption":"Museu T\u00e0pies"},"image":{"@id":"https:\/\/museutapies.org\/en\/#\/schema\/logo\/image\/"},"sameAs":["https:\/\/www.facebook.com\/museutapies","https:\/\/www.instagram.com\/museutapies\/","https:\/\/www.youtube.com\/channel\/UCPi65HBb48RMeoa12lR51cQ","https:\/\/x.com\/MuseuTapies"]}]}},"_links":{"self":[{"href":"https:\/\/museutapies.org\/es\/wp-json\/wp\/v2\/tribe_events\/37964"}],"collection":[{"href":"https:\/\/museutapies.org\/es\/wp-json\/wp\/v2\/tribe_events"}],"about":[{"href":"https:\/\/museutapies.org\/es\/wp-json\/wp\/v2\/types\/tribe_events"}],"author":[{"embeddable":true,"href":"https:\/\/museutapies.org\/es\/wp-json\/wp\/v2\/users\/207"}],"replies":[{"embeddable":true,"href":"https:\/\/museutapies.org\/es\/wp-json\/wp\/v2\/comments?post=37964"}],"version-history":[{"count":5,"href":"https:\/\/museutapies.org\/es\/wp-json\/wp\/v2\/tribe_events\/37964\/revisions"}],"predecessor-version":[{"id":38055,"href":"https:\/\/museutapies.org\/es\/wp-json\/wp\/v2\/tribe_events\/37964\/revisions\/38055"}],"wp:featuredmedia":[{"embeddable":true,"href":"https:\/\/museutapies.org\/es\/wp-json\/wp\/v2\/media\/37956"}],"wp:attachment":[{"href":"https:\/\/museutapies.org\/es\/wp-json\/wp\/v2\/media?parent=37964"}],"wp:term":[{"taxonomy":"post_tag","embeddable":true,"href":"https:\/\/museutapies.org\/es\/wp-json\/wp\/v2\/tags?post=37964"},{"taxonomy":"tribe_events_cat","embeddable":true,"href":"https:\/\/museutapies.org\/es\/wp-json\/wp\/v2\/tribe_events_cat?post=37964"}],"curies":[{"name":"wp","href":"https:\/\/api.w.org\/{rel}","templated":true}]}}

Inauguración de la exposición &#8220;Marta Palau. Mis caminos son terrestres&#8221;, con actuación de Adelaida

<p><img decoding="async" src="https://museutapies.org/wp-content/uploads/2025/02/press-pic-1-16-9-800x632.jpg" /></p>
<p>&nbsp;</p>
<p>El próximo jueves, 27 de febrero de 2025, a las 19 h, tendrá lugar la inauguración de la exposición titulada <a href="https://museutapies.org/es/exposicio/marta-palau-mis-caminos-son-terrestres/"><em>Marta Palau. Mis caminos son terrestres</em></a>, comisariada por Imma Prieto, directora del Museu Tàpies.</p>
<p>La inauguración contará con la actuación de la compositora y cantante catalana Adelaida, que dialogará con el universo simbólico y la fuerza expresiva de la obra de Marta Palau, estableciendo una resonancia entre lo ancestral y lo contemporáneo e invitando al público a explorar la obra de la artista leridana desde una experiencia sensorial.</p>
<p>Os esperamos.</p>
<p>&nbsp;</p>
<p><span style="font-size: 8pt">Foto: Bo Bannink</span></p>

<p>&nbsp; El próximo jueves, 27 de febrero de 2025, a las 19 h, tendrá lugar la inauguración de la exposición [&hellip;]</p>

<!-- This site is optimized with the Yoast SEO plugin v20.11 - https://yoast.com/wordpress/plugins/seo/ -->
<title>Inauguración de la exposición &quot;Marta Palau. Mis caminos son terrestres&quot;, con actuación de Adelaida - Museu Tàpies</title>
<meta name="robots" content="index, follow, max-snippet:-1, max-image-preview:large, max-video-preview:-1" />
<meta property="og:locale" content="es_ES" />
<meta property="og:type" content="article" />
<meta property="og:title" content="Inauguración de la exposición &quot;Marta Palau. Mis caminos son terrestres&quot;, con actuación de Adelaida - Museu Tàpies" />
<meta property="og:description" content="&nbsp; El próximo jueves, 27 de febrero de 2025, a las 19 h, tendrá lugar la inauguración de la exposición [&hellip;]" />
<meta property="og:url" content="https://museutapies.org/es/event/inauguracio-marta-palau-actuacion-adelaida/" />
<meta property="og:site_name" content="Museu Tàpies" />
<meta property="article:publisher" content="https://www.facebook.com/museutapies" />
<meta property="article:modified_time" content="2025-02-25T10:05:15+00:00" />
<meta property="og:image" content="https://museutapies.org/wp-content/uploads/2025/02/press-pic-1-16-9.jpg" />
	<meta property="og:image:width" content="1134" />
	<meta property="og:image:height" content="896" />
	<meta property="og:image:type" content="image/jpeg" />
<meta name="twitter:card" content="summary_large_image" />
<meta name="twitter:label1" content="Tiempo de lectura" />
	<meta name="twitter:data1" content="1 minuto" />
<script type="application/ld+json" class="yoast-schema-graph">{"@context":"https://schema.org","@graph":[{"@type":"WebPage","@id":"https://museutapies.org/es/event/inauguracio-marta-palau-actuacion-adelaida/","url":"https://museutapies.org/es/event/inauguracio-marta-palau-actuacion-adelaida/","name":"Inauguración de la exposición \"Marta Palau. Mis caminos son terrestres\", con actuación de Adelaida - Museu Tàpies","isPartOf":{"@id":"https://museutapies.org/en/#website"},"datePublished":"2025-02-18T16:10:32+00:00","dateModified":"2025-02-25T10:05:15+00:00","breadcrumb":{"@id":"https://museutapies.org/es/event/inauguracio-marta-palau-actuacion-adelaida/#breadcrumb"},"inLanguage":"es","potentialAction":[{"@type":"ReadAction","target":["https://museutapies.org/es/event/inauguracio-marta-palau-actuacion-adelaida/"]}]},{"@type":"BreadcrumbList","@id":"https://museutapies.org/es/event/inauguracio-marta-palau-actuacion-adelaida/#breadcrumb","itemListElement":[{"@type":"ListItem","position":1,"name":"Esdeveniments","item":"https://museutapies.org/agenda/"},{"@type":"ListItem","position":2,"name":"Inauguración de la exposición &#8220;Marta Palau. Mis caminos son terrestres&#8221;, con actuación de Adelaida"}]},{"@type":"WebSite","@id":"https://museutapies.org/en/#website","url":"https://museutapies.org/en/","name":"Museu Tàpies","description":"","publisher":{"@id":"https://museutapies.org/en/#organization"},"potentialAction":[{"@type":"SearchAction","target":{"@type":"EntryPoint","urlTemplate":"https://museutapies.org/en/?s={search_term_string}"},"query-input":"required name=search_term_string"}],"inLanguage":"es"},{"@type":"Organization","@id":"https://museutapies.org/en/#organization","name":"Museu Tàpies","url":"https://museutapies.org/en/","logo":{"@type":"ImageObject","inLanguage":"es","@id":"https://museutapies.org/en/#/schema/logo/image/","url":"https://museutapies.org/wp-content/uploads/2024/07/mta.png","contentUrl":"https://museutapies.org/wp-content/uploads/2024/07/mta.png","width":244,"height":110,"caption":"Museu Tàpies"},"image":{"@id":"https://museutapies.org/en/#/schema/logo/image/"},"sameAs":["https://www.facebook.com/museutapies","https://www.instagram.com/museutapies/","https://www.youtube.com/channel/UCPi65HBb48RMeoa12lR51cQ","https://x.com/MuseuTapies"]}]}</script>
<!-- / Yoast SEO plugin. -->

Inauguración de la exposición "Marta Palau. Mis caminos son terrestres", con actuación de Adelaida - Museu Tàpies

&nbsp; El próximo jueves, 27 de febrero de 2025, a las 19 h, tendrá lugar la inauguración de la exposición [&hellip;]

Museu Tàpies
