{"id":39008,"date":"2025-04-10T17:24:16","date_gmt":"2025-04-10T15:24:16","guid":{"rendered":"https:\/\/museutapies.org\/?post_type=tribe_events&#038;p=39008"},"modified":"2025-04-11T10:16:26","modified_gmt":"2025-04-11T08:16:26","slug":"muerdago","status":"publish","type":"tribe_events","link":"https:\/\/museutapies.org\/es\/event\/muerdago\/","title":{"rendered":"Mu\u00e9rdago"},"content":{"rendered":"<p><img loading=\"lazy\" decoding=\"async\" class=\"alignnone size-medium wp-image-39006\" src=\"https:\/\/museutapies.org\/wp-content\/uploads\/2025\/04\/Adelaida.-Muerdago-800x450.jpg\" alt=\"\" width=\"800\" height=\"450\" srcset=\"https:\/\/museutapies.org\/wp-content\/uploads\/2025\/04\/Adelaida.-Muerdago-800x450.jpg 800w, https:\/\/museutapies.org\/wp-content\/uploads\/2025\/04\/Adelaida.-Muerdago-768x432.jpg 768w, https:\/\/museutapies.org\/wp-content\/uploads\/2025\/04\/Adelaida.-Muerdago-500x281.jpg 500w, https:\/\/museutapies.org\/wp-content\/uploads\/2025\/04\/Adelaida.-Muerdago-380x214.jpg 380w, https:\/\/museutapies.org\/wp-content\/uploads\/2025\/04\/Adelaida.-Muerdago-600x338.jpg 600w, https:\/\/museutapies.org\/wp-content\/uploads\/2025\/04\/Adelaida.-Muerdago.jpg 885w\" sizes=\"(max-width: 800px) 100vw, 800px\" \/><\/p>\n<p>El Museu T\u00e0pies invita a Adelaida a dialogar con el universo creativo de Marta Palau, con un concierto que pone de manifiesto c\u00f3mo la cantante y la artista comparten una dimensi\u00f3n ritual\u00edstica que conecta el cuerpo con la naturaleza y la memoria ancestral. A trav\u00e9s de sonoridades org\u00e1nicas y atm\u00f3sferas envolventes, <em>Mu\u00e9rdago<\/em> evoca un espacio de transici\u00f3n y transformaci\u00f3n similar a los territorios simb\u00f3licos que Palau construye con sus materiales primigenios, como la madera, la tierra o las fibras vegetales. Ambas creaciones invocan una experiencia sensorial y m\u00edstica, en la que la materia y el gesto se convierten en canales para una conexi\u00f3n profunda con lo sagrado y lo tel\u00farico.<\/p>\n<p><strong>Adelaida<\/strong> vive y trabaja en la luna llena. Sirena del cielo y del infierno, alza la voz en un conjuro. Nacida y crecida en Barcelona, se grad\u00faa en Bellas Artes en la Central Saint Martins alimentando la naturaleza performativa de su proyecto. Su formaci\u00f3n en canto cl\u00e1sico en el Orfe\u00f3 Catal\u00e0 se palpa en su innovador y personal lenguaje compositivo, con el que explora los l\u00edmites de la voz y sus potenciales expresivos y ritual\u00edsticos. En el escenario se transforma en ave f\u00e9nix; de ave f\u00e9nix, en rapsoda; de rapsoda, en nereida&#8230;<\/p>\n<p>La cantautora y productora catalana ha sacado recientemente su segundo \u00e1lbum, <a href=\"https:\/\/adelaidamusic.bandcamp.com\/album\/mu-rdago\"><em>Mu\u00e9rdago<\/em>.<\/a> Se trata de un \u00e1lbum con muchas preguntas y pocas respuestas. Infinitos y delicados mantras sonoros marcan este laberinto ASMR repleto de penas y deseos estremecidos. En \u00e9l re\u00fane desde el ambiente m\u00e1s coral a la electr\u00f3nica m\u00e1s oscura y barroca, siempre manteniendo la voz como protagonista. El \u00e1lbum cuenta con la colaboraci\u00f3n de los productores catalanes MANS\u00a0O y Pura\u00a0Cadera, y ha sido masterizado por Rashad Becker. El directo se estren\u00f3 en el S\u00f3nar 2024 con una propuesta hipn\u00f3tica y atmosf\u00e9rica, y desde entonces ha ido girando por Europa y, recientemente, M\u00e9xico.<\/p>\n<p>Adelaida debut\u00f3 con <a href=\"https:\/\/adelaidamusic.bandcamp.com\/album\/c-ntaro-2\"><em>C\u00e1<\/em><\/a><a href=\"https:\/\/adelaidamusic.bandcamp.com\/album\/c-ntaro-2\"><em>ntaro<\/em><\/a>, un \u00e1lbum trabajado junto con LANAV y que sali\u00f3 en septiembre de 2022, construido con capas de voz infinitas. Lo present\u00f3 en Primavera Sound 2022 y 2023, en el Euf\u00f2nic 2022 en la Fundaci\u00f3 Joan Mir\u00f3, en el Festival BAM 2023 y en She Makes Noise 2023, entre muchos otros.<\/p>\n<p>&nbsp;<\/p>\n<p><span style=\"font-size: 8pt\">\u00a9 Bo Bannink<\/span><\/p>\n","protected":false},"excerpt":{"rendered":"<p>El Museu T\u00e0pies invita a Adelaida a dialogar con el universo creativo de Marta Palau<\/p>\n","protected":false},"author":207,"featured_media":39006,"comment_status":"closed","ping_status":"closed","template":"","meta":{"_tribe_events_status":"","_tribe_events_status_reason":"","_tribe_events_is_hybrid":"","_tribe_events_is_virtual":"","_tribe_events_virtual_video_source":"","_tribe_events_virtual_embed_video":"","_tribe_events_virtual_linked_button_text":"","_tribe_events_virtual_linked_button":"","_tribe_events_virtual_show_embed_at":"","_tribe_events_virtual_show_embed_to":[],"_tribe_events_virtual_show_on_event":"","_tribe_events_virtual_show_on_views":"","_tribe_events_virtual_url":"","footnotes":""},"tags":[],"tribe_events_cat":[5769],"acf":[],"yoast_head":"<!-- This site is optimized with the Yoast SEO plugin v20.11 - https:\/\/yoast.com\/wordpress\/plugins\/seo\/ -->\n<title>Mu\u00e9rdago - Museu T\u00e0pies<\/title>\n<meta name=\"description\" content=\"El Museu T\u00e0pies invita a Adelaida a dialogar con el universo creativo de Marta Palau\" \/>\n<meta name=\"robots\" content=\"index, follow, max-snippet:-1, max-image-preview:large, max-video-preview:-1\" \/>\n<meta property=\"og:locale\" content=\"es_ES\" \/>\n<meta property=\"og:type\" content=\"article\" \/>\n<meta property=\"og:title\" content=\"Mu\u00e9rdago - Museu T\u00e0pies\" \/>\n<meta property=\"og:description\" content=\"El Museu T\u00e0pies invita a Adelaida a dialogar con el universo creativo de Marta Palau\" \/>\n<meta property=\"og:url\" content=\"https:\/\/museutapies.org\/es\/event\/muerdago\/\" \/>\n<meta property=\"og:site_name\" content=\"Museu T\u00e0pies\" \/>\n<meta property=\"article:publisher\" content=\"https:\/\/www.facebook.com\/museutapies\" \/>\n<meta property=\"article:modified_time\" content=\"2025-04-11T08:16:26+00:00\" \/>\n<meta property=\"og:image\" content=\"https:\/\/museutapies.org\/wp-content\/uploads\/2025\/04\/Adelaida.-Muerdago.jpg\" \/>\n\t<meta property=\"og:image:width\" content=\"885\" \/>\n\t<meta property=\"og:image:height\" content=\"498\" \/>\n\t<meta property=\"og:image:type\" content=\"image\/jpeg\" \/>\n<meta name=\"twitter:card\" content=\"summary_large_image\" \/>\n<meta name=\"twitter:label1\" content=\"Tiempo de lectura\" \/>\n\t<meta name=\"twitter:data1\" content=\"3 minutos\" \/>\n<script type=\"application\/ld+json\" class=\"yoast-schema-graph\">{\"@context\":\"https:\/\/schema.org\",\"@graph\":[{\"@type\":\"WebPage\",\"@id\":\"https:\/\/museutapies.org\/es\/event\/muerdago\/\",\"url\":\"https:\/\/museutapies.org\/es\/event\/muerdago\/\",\"name\":\"Mu\u00e9rdago - Museu T\u00e0pies\",\"isPartOf\":{\"@id\":\"https:\/\/museutapies.org\/en\/#website\"},\"datePublished\":\"2025-04-10T15:24:16+00:00\",\"dateModified\":\"2025-04-11T08:16:26+00:00\",\"description\":\"El Museu T\u00e0pies invita a Adelaida a dialogar con el universo creativo de Marta Palau\",\"breadcrumb\":{\"@id\":\"https:\/\/museutapies.org\/es\/event\/muerdago\/#breadcrumb\"},\"inLanguage\":\"es\",\"potentialAction\":[{\"@type\":\"ReadAction\",\"target\":[\"https:\/\/museutapies.org\/es\/event\/muerdago\/\"]}]},{\"@type\":\"BreadcrumbList\",\"@id\":\"https:\/\/museutapies.org\/es\/event\/muerdago\/#breadcrumb\",\"itemListElement\":[{\"@type\":\"ListItem\",\"position\":1,\"name\":\"Esdeveniments\",\"item\":\"https:\/\/museutapies.org\/agenda\/\"},{\"@type\":\"ListItem\",\"position\":2,\"name\":\"Mu\u00e9rdago\"}]},{\"@type\":\"WebSite\",\"@id\":\"https:\/\/museutapies.org\/en\/#website\",\"url\":\"https:\/\/museutapies.org\/en\/\",\"name\":\"Museu T\u00e0pies\",\"description\":\"\",\"publisher\":{\"@id\":\"https:\/\/museutapies.org\/en\/#organization\"},\"potentialAction\":[{\"@type\":\"SearchAction\",\"target\":{\"@type\":\"EntryPoint\",\"urlTemplate\":\"https:\/\/museutapies.org\/en\/?s={search_term_string}\"},\"query-input\":\"required name=search_term_string\"}],\"inLanguage\":\"es\"},{\"@type\":\"Organization\",\"@id\":\"https:\/\/museutapies.org\/en\/#organization\",\"name\":\"Museu T\u00e0pies\",\"url\":\"https:\/\/museutapies.org\/en\/\",\"logo\":{\"@type\":\"ImageObject\",\"inLanguage\":\"es\",\"@id\":\"https:\/\/museutapies.org\/en\/#\/schema\/logo\/image\/\",\"url\":\"https:\/\/museutapies.org\/wp-content\/uploads\/2024\/07\/mta.png\",\"contentUrl\":\"https:\/\/museutapies.org\/wp-content\/uploads\/2024\/07\/mta.png\",\"width\":244,\"height\":110,\"caption\":\"Museu T\u00e0pies\"},\"image\":{\"@id\":\"https:\/\/museutapies.org\/en\/#\/schema\/logo\/image\/\"},\"sameAs\":[\"https:\/\/www.facebook.com\/museutapies\",\"https:\/\/www.instagram.com\/museutapies\/\",\"https:\/\/www.youtube.com\/channel\/UCPi65HBb48RMeoa12lR51cQ\",\"https:\/\/x.com\/MuseuTapies\"]}]}<\/script>\n<!-- \/ Yoast SEO plugin. -->","yoast_head_json":{"title":"Mu\u00e9rdago - Museu T\u00e0pies","description":"El Museu T\u00e0pies invita a Adelaida a dialogar con el universo creativo de Marta Palau","robots":{"index":"index","follow":"follow","max-snippet":"max-snippet:-1","max-image-preview":"max-image-preview:large","max-video-preview":"max-video-preview:-1"},"og_locale":"es_ES","og_type":"article","og_title":"Mu\u00e9rdago - Museu T\u00e0pies","og_description":"El Museu T\u00e0pies invita a Adelaida a dialogar con el universo creativo de Marta Palau","og_url":"https:\/\/museutapies.org\/es\/event\/muerdago\/","og_site_name":"Museu T\u00e0pies","article_publisher":"https:\/\/www.facebook.com\/museutapies","article_modified_time":"2025-04-11T08:16:26+00:00","og_image":[{"width":885,"height":498,"url":"https:\/\/museutapies.org\/wp-content\/uploads\/2025\/04\/Adelaida.-Muerdago.jpg","type":"image\/jpeg"}],"twitter_card":"summary_large_image","twitter_misc":{"Tiempo de lectura":"3 minutos"},"schema":{"@context":"https:\/\/schema.org","@graph":[{"@type":"WebPage","@id":"https:\/\/museutapies.org\/es\/event\/muerdago\/","url":"https:\/\/museutapies.org\/es\/event\/muerdago\/","name":"Mu\u00e9rdago - Museu T\u00e0pies","isPartOf":{"@id":"https:\/\/museutapies.org\/en\/#website"},"datePublished":"2025-04-10T15:24:16+00:00","dateModified":"2025-04-11T08:16:26+00:00","description":"El Museu T\u00e0pies invita a Adelaida a dialogar con el universo creativo de Marta Palau","breadcrumb":{"@id":"https:\/\/museutapies.org\/es\/event\/muerdago\/#breadcrumb"},"inLanguage":"es","potentialAction":[{"@type":"ReadAction","target":["https:\/\/museutapies.org\/es\/event\/muerdago\/"]}]},{"@type":"BreadcrumbList","@id":"https:\/\/museutapies.org\/es\/event\/muerdago\/#breadcrumb","itemListElement":[{"@type":"ListItem","position":1,"name":"Esdeveniments","item":"https:\/\/museutapies.org\/agenda\/"},{"@type":"ListItem","position":2,"name":"Mu\u00e9rdago"}]},{"@type":"WebSite","@id":"https:\/\/museutapies.org\/en\/#website","url":"https:\/\/museutapies.org\/en\/","name":"Museu T\u00e0pies","description":"","publisher":{"@id":"https:\/\/museutapies.org\/en\/#organization"},"potentialAction":[{"@type":"SearchAction","target":{"@type":"EntryPoint","urlTemplate":"https:\/\/museutapies.org\/en\/?s={search_term_string}"},"query-input":"required name=search_term_string"}],"inLanguage":"es"},{"@type":"Organization","@id":"https:\/\/museutapies.org\/en\/#organization","name":"Museu T\u00e0pies","url":"https:\/\/museutapies.org\/en\/","logo":{"@type":"ImageObject","inLanguage":"es","@id":"https:\/\/museutapies.org\/en\/#\/schema\/logo\/image\/","url":"https:\/\/museutapies.org\/wp-content\/uploads\/2024\/07\/mta.png","contentUrl":"https:\/\/museutapies.org\/wp-content\/uploads\/2024\/07\/mta.png","width":244,"height":110,"caption":"Museu T\u00e0pies"},"image":{"@id":"https:\/\/museutapies.org\/en\/#\/schema\/logo\/image\/"},"sameAs":["https:\/\/www.facebook.com\/museutapies","https:\/\/www.instagram.com\/museutapies\/","https:\/\/www.youtube.com\/channel\/UCPi65HBb48RMeoa12lR51cQ","https:\/\/x.com\/MuseuTapies"]}]}},"_links":{"self":[{"href":"https:\/\/museutapies.org\/es\/wp-json\/wp\/v2\/tribe_events\/39008"}],"collection":[{"href":"https:\/\/museutapies.org\/es\/wp-json\/wp\/v2\/tribe_events"}],"about":[{"href":"https:\/\/museutapies.org\/es\/wp-json\/wp\/v2\/types\/tribe_events"}],"author":[{"embeddable":true,"href":"https:\/\/museutapies.org\/es\/wp-json\/wp\/v2\/users\/207"}],"replies":[{"embeddable":true,"href":"https:\/\/museutapies.org\/es\/wp-json\/wp\/v2\/comments?post=39008"}],"version-history":[{"count":4,"href":"https:\/\/museutapies.org\/es\/wp-json\/wp\/v2\/tribe_events\/39008\/revisions"}],"predecessor-version":[{"id":39018,"href":"https:\/\/museutapies.org\/es\/wp-json\/wp\/v2\/tribe_events\/39008\/revisions\/39018"}],"wp:featuredmedia":[{"embeddable":true,"href":"https:\/\/museutapies.org\/es\/wp-json\/wp\/v2\/media\/39006"}],"wp:attachment":[{"href":"https:\/\/museutapies.org\/es\/wp-json\/wp\/v2\/media?parent=39008"}],"wp:term":[{"taxonomy":"post_tag","embeddable":true,"href":"https:\/\/museutapies.org\/es\/wp-json\/wp\/v2\/tags?post=39008"},{"taxonomy":"tribe_events_cat","embeddable":true,"href":"https:\/\/museutapies.org\/es\/wp-json\/wp\/v2\/tribe_events_cat?post=39008"}],"curies":[{"name":"wp","href":"https:\/\/api.w.org\/{rel}","templated":true}]}}

Muérdago

<p><img loading="lazy" decoding="async" class="alignnone size-medium wp-image-39006" src="https://museutapies.org/wp-content/uploads/2025/04/Adelaida.-Muerdago-800x450.jpg" alt="" width="800" height="450" srcset="https://museutapies.org/wp-content/uploads/2025/04/Adelaida.-Muerdago-800x450.jpg 800w, https://museutapies.org/wp-content/uploads/2025/04/Adelaida.-Muerdago-768x432.jpg 768w, https://museutapies.org/wp-content/uploads/2025/04/Adelaida.-Muerdago-500x281.jpg 500w, https://museutapies.org/wp-content/uploads/2025/04/Adelaida.-Muerdago-380x214.jpg 380w, https://museutapies.org/wp-content/uploads/2025/04/Adelaida.-Muerdago-600x338.jpg 600w, https://museutapies.org/wp-content/uploads/2025/04/Adelaida.-Muerdago.jpg 885w" sizes="(max-width: 800px) 100vw, 800px" /></p>
<p>El Museu Tàpies invita a Adelaida a dialogar con el universo creativo de Marta Palau, con un concierto que pone de manifiesto cómo la cantante y la artista comparten una dimensión ritualística que conecta el cuerpo con la naturaleza y la memoria ancestral. A través de sonoridades orgánicas y atmósferas envolventes, <em>Muérdago</em> evoca un espacio de transición y transformación similar a los territorios simbólicos que Palau construye con sus materiales primigenios, como la madera, la tierra o las fibras vegetales. Ambas creaciones invocan una experiencia sensorial y mística, en la que la materia y el gesto se convierten en canales para una conexión profunda con lo sagrado y lo telúrico.</p>
<p><strong>Adelaida</strong> vive y trabaja en la luna llena. Sirena del cielo y del infierno, alza la voz en un conjuro. Nacida y crecida en Barcelona, se gradúa en Bellas Artes en la Central Saint Martins alimentando la naturaleza performativa de su proyecto. Su formación en canto clásico en el Orfeó Català se palpa en su innovador y personal lenguaje compositivo, con el que explora los límites de la voz y sus potenciales expresivos y ritualísticos. En el escenario se transforma en ave fénix; de ave fénix, en rapsoda; de rapsoda, en nereida&#8230;</p>
<p>La cantautora y productora catalana ha sacado recientemente su segundo álbum, <a href="https://adelaidamusic.bandcamp.com/album/mu-rdago"><em>Muérdago</em>.</a> Se trata de un álbum con muchas preguntas y pocas respuestas. Infinitos y delicados mantras sonoros marcan este laberinto ASMR repleto de penas y deseos estremecidos. En él reúne desde el ambiente más coral a la electrónica más oscura y barroca, siempre manteniendo la voz como protagonista. El álbum cuenta con la colaboración de los productores catalanes MANS O y Pura Cadera, y ha sido masterizado por Rashad Becker. El directo se estrenó en el Sónar 2024 con una propuesta hipnótica y atmosférica, y desde entonces ha ido girando por Europa y, recientemente, México.</p>
<p>Adelaida debutó con <a href="https://adelaidamusic.bandcamp.com/album/c-ntaro-2"><em>Cá</em></a><a href="https://adelaidamusic.bandcamp.com/album/c-ntaro-2"><em>ntaro</em></a>, un álbum trabajado junto con LANAV y que salió en septiembre de 2022, construido con capas de voz infinitas. Lo presentó en Primavera Sound 2022 y 2023, en el Eufònic 2022 en la Fundació Joan Miró, en el Festival BAM 2023 y en She Makes Noise 2023, entre muchos otros.</p>
<p>&nbsp;</p>
<p><span style="font-size: 8pt">© Bo Bannink</span></p>

<p>El Museu Tàpies invita a Adelaida a dialogar con el universo creativo de Marta Palau</p>

<!-- This site is optimized with the Yoast SEO plugin v20.11 - https://yoast.com/wordpress/plugins/seo/ -->
<title>Muérdago - Museu Tàpies</title>
<meta name="description" content="El Museu Tàpies invita a Adelaida a dialogar con el universo creativo de Marta Palau" />
<meta name="robots" content="index, follow, max-snippet:-1, max-image-preview:large, max-video-preview:-1" />
<meta property="og:locale" content="es_ES" />
<meta property="og:type" content="article" />
<meta property="og:title" content="Muérdago - Museu Tàpies" />
<meta property="og:description" content="El Museu Tàpies invita a Adelaida a dialogar con el universo creativo de Marta Palau" />
<meta property="og:url" content="https://museutapies.org/es/event/muerdago/" />
<meta property="og:site_name" content="Museu Tàpies" />
<meta property="article:publisher" content="https://www.facebook.com/museutapies" />
<meta property="article:modified_time" content="2025-04-11T08:16:26+00:00" />
<meta property="og:image" content="https://museutapies.org/wp-content/uploads/2025/04/Adelaida.-Muerdago.jpg" />
	<meta property="og:image:width" content="885" />
	<meta property="og:image:height" content="498" />
	<meta property="og:image:type" content="image/jpeg" />
<meta name="twitter:card" content="summary_large_image" />
<meta name="twitter:label1" content="Tiempo de lectura" />
	<meta name="twitter:data1" content="3 minutos" />
<script type="application/ld+json" class="yoast-schema-graph">{"@context":"https://schema.org","@graph":[{"@type":"WebPage","@id":"https://museutapies.org/es/event/muerdago/","url":"https://museutapies.org/es/event/muerdago/","name":"Muérdago - Museu Tàpies","isPartOf":{"@id":"https://museutapies.org/en/#website"},"datePublished":"2025-04-10T15:24:16+00:00","dateModified":"2025-04-11T08:16:26+00:00","description":"El Museu Tàpies invita a Adelaida a dialogar con el universo creativo de Marta Palau","breadcrumb":{"@id":"https://museutapies.org/es/event/muerdago/#breadcrumb"},"inLanguage":"es","potentialAction":[{"@type":"ReadAction","target":["https://museutapies.org/es/event/muerdago/"]}]},{"@type":"BreadcrumbList","@id":"https://museutapies.org/es/event/muerdago/#breadcrumb","itemListElement":[{"@type":"ListItem","position":1,"name":"Esdeveniments","item":"https://museutapies.org/agenda/"},{"@type":"ListItem","position":2,"name":"Muérdago"}]},{"@type":"WebSite","@id":"https://museutapies.org/en/#website","url":"https://museutapies.org/en/","name":"Museu Tàpies","description":"","publisher":{"@id":"https://museutapies.org/en/#organization"},"potentialAction":[{"@type":"SearchAction","target":{"@type":"EntryPoint","urlTemplate":"https://museutapies.org/en/?s={search_term_string}"},"query-input":"required name=search_term_string"}],"inLanguage":"es"},{"@type":"Organization","@id":"https://museutapies.org/en/#organization","name":"Museu Tàpies","url":"https://museutapies.org/en/","logo":{"@type":"ImageObject","inLanguage":"es","@id":"https://museutapies.org/en/#/schema/logo/image/","url":"https://museutapies.org/wp-content/uploads/2024/07/mta.png","contentUrl":"https://museutapies.org/wp-content/uploads/2024/07/mta.png","width":244,"height":110,"caption":"Museu Tàpies"},"image":{"@id":"https://museutapies.org/en/#/schema/logo/image/"},"sameAs":["https://www.facebook.com/museutapies","https://www.instagram.com/museutapies/","https://www.youtube.com/channel/UCPi65HBb48RMeoa12lR51cQ","https://x.com/MuseuTapies"]}]}</script>
<!-- / Yoast SEO plugin. -->

Muérdago - Museu Tàpies

El Museu Tàpies invita a Adelaida a dialogar con el universo creativo de Marta Palau

Museu Tàpies
