{"id":40084,"date":"2025-06-19T17:34:30","date_gmt":"2025-06-19T15:34:30","guid":{"rendered":"https:\/\/museutapies.org\/?post_type=tribe_events&#038;p=40084"},"modified":"2025-06-23T09:50:57","modified_gmt":"2025-06-23T07:50:57","slug":"antoni-llena-memorias-de-humo","status":"publish","type":"tribe_events","link":"https:\/\/museutapies.org\/es\/event\/antoni-llena-memorias-de-humo\/","title":{"rendered":"Antoni Llena. Memorias de humo"},"content":{"rendered":"<p><img loading=\"lazy\" decoding=\"async\" class=\"alignnone size-medium wp-image-40079\" src=\"https:\/\/museutapies.org\/wp-content\/uploads\/2025\/06\/Tapies_Llena-800x648.jpg\" alt=\"\" width=\"800\" height=\"648\" srcset=\"https:\/\/museutapies.org\/wp-content\/uploads\/2025\/06\/Tapies_Llena-800x648.jpg 800w, https:\/\/museutapies.org\/wp-content\/uploads\/2025\/06\/Tapies_Llena-864x700.jpg 864w, https:\/\/museutapies.org\/wp-content\/uploads\/2025\/06\/Tapies_Llena-768x622.jpg 768w, https:\/\/museutapies.org\/wp-content\/uploads\/2025\/06\/Tapies_Llena-500x405.jpg 500w, https:\/\/museutapies.org\/wp-content\/uploads\/2025\/06\/Tapies_Llena-380x308.jpg 380w, https:\/\/museutapies.org\/wp-content\/uploads\/2025\/06\/Tapies_Llena-600x486.jpg 600w, https:\/\/museutapies.org\/wp-content\/uploads\/2025\/06\/Tapies_Llena.jpg 1418w\" sizes=\"(max-width: 800px) 100vw, 800px\" \/><\/p>\n<p>Las editoriales L\u2019Aven\u00e7 y Blume presentan conjuntamente la publicaci\u00f3n <em>Antoni Llena. Memorias de humo<\/em> en la terraza del Museu T\u00e0pies.<\/p>\n<p>En este libro, Antoni Llena trata de explicar una conciencia art\u00edstica a partir de carencias y miedos, en un fresco que va despleg\u00e1ndose como un mural lleno de contradicciones. Primero esboza el entorno familiar, el conocimiento de quien se convirti\u00f3 en su primera pareja y con quien todav\u00eda vive, la permanencia de una amistad. Contin\u00faa explicando su singular descubrimiento del arte, su querer estar en el mundo desde la distancia, buscar la modernidad desde el anacronismo. Su apuesta por vivir en el mundo desde fuera del mundo. Su descubrimiento del arte, sus intereses y ambiciones. Su apuesta particular y las ra\u00edces que la han hecho crecer. La lucha por encontrar un espacio propio, rompedor, pero que no estuviera desligado de la tradici\u00f3n. Las personalidades art\u00edsticas que lo han formado. Las obras que ha realizado y las que lo han signado. El camino recorrido trazarse metas para conseguirlo. El erotismo, los amores y las fobias y un largo etc\u00e9tera. El entender el arte como un hecho pol\u00edtico desligado de las opciones pol\u00edticas de moda. Y todo ello intentando que est\u00e9 bien escrito<\/p>\n<p>El acto contar\u00e1 con la participaci\u00f3n del autor, Antoni Llena, del fil\u00f3sofo Xavier Antich y de los editores Leopoldo Blume y Josep M. Mu\u00f1oz.<\/p>\n<p><img loading=\"lazy\" decoding=\"async\" class=\"alignnone size-medium wp-image-40082\" src=\"https:\/\/museutapies.org\/wp-content\/uploads\/2025\/06\/Invi-Llena.-Memories-de-fum-800x800.jpeg\" alt=\"\" width=\"800\" height=\"800\" srcset=\"https:\/\/museutapies.org\/wp-content\/uploads\/2025\/06\/Invi-Llena.-Memories-de-fum-800x800.jpeg 800w, https:\/\/museutapies.org\/wp-content\/uploads\/2025\/06\/Invi-Llena.-Memories-de-fum-700x700.jpeg 700w, https:\/\/museutapies.org\/wp-content\/uploads\/2025\/06\/Invi-Llena.-Memories-de-fum-768x768.jpeg 768w, https:\/\/museutapies.org\/wp-content\/uploads\/2025\/06\/Invi-Llena.-Memories-de-fum-500x500.jpeg 500w, https:\/\/museutapies.org\/wp-content\/uploads\/2025\/06\/Invi-Llena.-Memories-de-fum-380x380.jpeg 380w, https:\/\/museutapies.org\/wp-content\/uploads\/2025\/06\/Invi-Llena.-Memories-de-fum-350x350.jpeg 350w, https:\/\/museutapies.org\/wp-content\/uploads\/2025\/06\/Invi-Llena.-Memories-de-fum-300x300.jpeg 300w, https:\/\/museutapies.org\/wp-content\/uploads\/2025\/06\/Invi-Llena.-Memories-de-fum-600x600.jpeg 600w, https:\/\/museutapies.org\/wp-content\/uploads\/2025\/06\/Invi-Llena.-Memories-de-fum-100x100.jpeg 100w, https:\/\/museutapies.org\/wp-content\/uploads\/2025\/06\/Invi-Llena.-Memories-de-fum.jpeg 1280w\" sizes=\"(max-width: 800px) 100vw, 800px\" \/><\/p>\n<p>&nbsp;<\/p>\n<p><span style=\"font-size: 8pt\">Foto: Antoni Bernad<\/span><\/p>\n","protected":false},"excerpt":{"rendered":"<p>Presentaci\u00f3n del libro editado por L\u2019Aven\u00e7 y Blume en la terraza del Museu T\u00e0pies<\/p>\n","protected":false},"author":207,"featured_media":40079,"comment_status":"closed","ping_status":"closed","template":"","meta":{"_tribe_events_status":"","_tribe_events_status_reason":"","_tribe_events_is_hybrid":"","_tribe_events_is_virtual":"","_tribe_events_virtual_video_source":"","_tribe_events_virtual_embed_video":"","_tribe_events_virtual_linked_button_text":"","_tribe_events_virtual_linked_button":"","_tribe_events_virtual_show_embed_at":"","_tribe_events_virtual_show_embed_to":[],"_tribe_events_virtual_show_on_event":"","_tribe_events_virtual_show_on_views":"","_tribe_events_virtual_url":"","footnotes":""},"tags":[],"tribe_events_cat":[5769],"acf":[],"yoast_head":"<!-- This site is optimized with the Yoast SEO plugin v20.11 - https:\/\/yoast.com\/wordpress\/plugins\/seo\/ -->\n<title>Antoni Llena. Memorias de humo - Museu T\u00e0pies<\/title>\n<meta name=\"robots\" content=\"index, follow, max-snippet:-1, max-image-preview:large, max-video-preview:-1\" \/>\n<meta property=\"og:locale\" content=\"es_ES\" \/>\n<meta property=\"og:type\" content=\"article\" \/>\n<meta property=\"og:title\" content=\"Antoni Llena. Memorias de humo - Museu T\u00e0pies\" \/>\n<meta property=\"og:description\" content=\"Presentaci\u00f3n del libro editado por L\u2019Aven\u00e7 y Blume en la terraza del Museu T\u00e0pies\" \/>\n<meta property=\"og:url\" content=\"https:\/\/museutapies.org\/es\/event\/antoni-llena-memorias-de-humo\/\" \/>\n<meta property=\"og:site_name\" content=\"Museu T\u00e0pies\" \/>\n<meta property=\"article:publisher\" content=\"https:\/\/www.facebook.com\/museutapies\" \/>\n<meta property=\"article:modified_time\" content=\"2025-06-23T07:50:57+00:00\" \/>\n<meta property=\"og:image\" content=\"https:\/\/museutapies.org\/wp-content\/uploads\/2025\/06\/Tapies_Llena.jpg\" \/>\n\t<meta property=\"og:image:width\" content=\"1418\" \/>\n\t<meta property=\"og:image:height\" content=\"1149\" \/>\n\t<meta property=\"og:image:type\" content=\"image\/jpeg\" \/>\n<meta name=\"twitter:card\" content=\"summary_large_image\" \/>\n<meta name=\"twitter:label1\" content=\"Tiempo de lectura\" \/>\n\t<meta name=\"twitter:data1\" content=\"2 minutos\" \/>\n<script type=\"application\/ld+json\" class=\"yoast-schema-graph\">{\"@context\":\"https:\/\/schema.org\",\"@graph\":[{\"@type\":\"WebPage\",\"@id\":\"https:\/\/museutapies.org\/es\/event\/antoni-llena-memorias-de-humo\/\",\"url\":\"https:\/\/museutapies.org\/es\/event\/antoni-llena-memorias-de-humo\/\",\"name\":\"Antoni Llena. Memorias de humo - Museu T\u00e0pies\",\"isPartOf\":{\"@id\":\"https:\/\/museutapies.org\/en\/#website\"},\"datePublished\":\"2025-06-19T15:34:30+00:00\",\"dateModified\":\"2025-06-23T07:50:57+00:00\",\"breadcrumb\":{\"@id\":\"https:\/\/museutapies.org\/es\/event\/antoni-llena-memorias-de-humo\/#breadcrumb\"},\"inLanguage\":\"es\",\"potentialAction\":[{\"@type\":\"ReadAction\",\"target\":[\"https:\/\/museutapies.org\/es\/event\/antoni-llena-memorias-de-humo\/\"]}]},{\"@type\":\"BreadcrumbList\",\"@id\":\"https:\/\/museutapies.org\/es\/event\/antoni-llena-memorias-de-humo\/#breadcrumb\",\"itemListElement\":[{\"@type\":\"ListItem\",\"position\":1,\"name\":\"Esdeveniments\",\"item\":\"https:\/\/museutapies.org\/agenda\/\"},{\"@type\":\"ListItem\",\"position\":2,\"name\":\"Antoni Llena. Memorias de humo\"}]},{\"@type\":\"WebSite\",\"@id\":\"https:\/\/museutapies.org\/en\/#website\",\"url\":\"https:\/\/museutapies.org\/en\/\",\"name\":\"Museu T\u00e0pies\",\"description\":\"\",\"publisher\":{\"@id\":\"https:\/\/museutapies.org\/en\/#organization\"},\"potentialAction\":[{\"@type\":\"SearchAction\",\"target\":{\"@type\":\"EntryPoint\",\"urlTemplate\":\"https:\/\/museutapies.org\/en\/?s={search_term_string}\"},\"query-input\":\"required name=search_term_string\"}],\"inLanguage\":\"es\"},{\"@type\":\"Organization\",\"@id\":\"https:\/\/museutapies.org\/en\/#organization\",\"name\":\"Museu T\u00e0pies\",\"url\":\"https:\/\/museutapies.org\/en\/\",\"logo\":{\"@type\":\"ImageObject\",\"inLanguage\":\"es\",\"@id\":\"https:\/\/museutapies.org\/en\/#\/schema\/logo\/image\/\",\"url\":\"https:\/\/museutapies.org\/wp-content\/uploads\/2024\/07\/mta.png\",\"contentUrl\":\"https:\/\/museutapies.org\/wp-content\/uploads\/2024\/07\/mta.png\",\"width\":244,\"height\":110,\"caption\":\"Museu T\u00e0pies\"},\"image\":{\"@id\":\"https:\/\/museutapies.org\/en\/#\/schema\/logo\/image\/\"},\"sameAs\":[\"https:\/\/www.facebook.com\/museutapies\",\"https:\/\/www.instagram.com\/museutapies\/\",\"https:\/\/www.youtube.com\/channel\/UCPi65HBb48RMeoa12lR51cQ\",\"https:\/\/x.com\/MuseuTapies\"]}]}<\/script>\n<!-- \/ Yoast SEO plugin. -->","yoast_head_json":{"title":"Antoni Llena. Memorias de humo - Museu T\u00e0pies","robots":{"index":"index","follow":"follow","max-snippet":"max-snippet:-1","max-image-preview":"max-image-preview:large","max-video-preview":"max-video-preview:-1"},"og_locale":"es_ES","og_type":"article","og_title":"Antoni Llena. Memorias de humo - Museu T\u00e0pies","og_description":"Presentaci\u00f3n del libro editado por L\u2019Aven\u00e7 y Blume en la terraza del Museu T\u00e0pies","og_url":"https:\/\/museutapies.org\/es\/event\/antoni-llena-memorias-de-humo\/","og_site_name":"Museu T\u00e0pies","article_publisher":"https:\/\/www.facebook.com\/museutapies","article_modified_time":"2025-06-23T07:50:57+00:00","og_image":[{"width":1418,"height":1149,"url":"https:\/\/museutapies.org\/wp-content\/uploads\/2025\/06\/Tapies_Llena.jpg","type":"image\/jpeg"}],"twitter_card":"summary_large_image","twitter_misc":{"Tiempo de lectura":"2 minutos"},"schema":{"@context":"https:\/\/schema.org","@graph":[{"@type":"WebPage","@id":"https:\/\/museutapies.org\/es\/event\/antoni-llena-memorias-de-humo\/","url":"https:\/\/museutapies.org\/es\/event\/antoni-llena-memorias-de-humo\/","name":"Antoni Llena. Memorias de humo - Museu T\u00e0pies","isPartOf":{"@id":"https:\/\/museutapies.org\/en\/#website"},"datePublished":"2025-06-19T15:34:30+00:00","dateModified":"2025-06-23T07:50:57+00:00","breadcrumb":{"@id":"https:\/\/museutapies.org\/es\/event\/antoni-llena-memorias-de-humo\/#breadcrumb"},"inLanguage":"es","potentialAction":[{"@type":"ReadAction","target":["https:\/\/museutapies.org\/es\/event\/antoni-llena-memorias-de-humo\/"]}]},{"@type":"BreadcrumbList","@id":"https:\/\/museutapies.org\/es\/event\/antoni-llena-memorias-de-humo\/#breadcrumb","itemListElement":[{"@type":"ListItem","position":1,"name":"Esdeveniments","item":"https:\/\/museutapies.org\/agenda\/"},{"@type":"ListItem","position":2,"name":"Antoni Llena. Memorias de humo"}]},{"@type":"WebSite","@id":"https:\/\/museutapies.org\/en\/#website","url":"https:\/\/museutapies.org\/en\/","name":"Museu T\u00e0pies","description":"","publisher":{"@id":"https:\/\/museutapies.org\/en\/#organization"},"potentialAction":[{"@type":"SearchAction","target":{"@type":"EntryPoint","urlTemplate":"https:\/\/museutapies.org\/en\/?s={search_term_string}"},"query-input":"required name=search_term_string"}],"inLanguage":"es"},{"@type":"Organization","@id":"https:\/\/museutapies.org\/en\/#organization","name":"Museu T\u00e0pies","url":"https:\/\/museutapies.org\/en\/","logo":{"@type":"ImageObject","inLanguage":"es","@id":"https:\/\/museutapies.org\/en\/#\/schema\/logo\/image\/","url":"https:\/\/museutapies.org\/wp-content\/uploads\/2024\/07\/mta.png","contentUrl":"https:\/\/museutapies.org\/wp-content\/uploads\/2024\/07\/mta.png","width":244,"height":110,"caption":"Museu T\u00e0pies"},"image":{"@id":"https:\/\/museutapies.org\/en\/#\/schema\/logo\/image\/"},"sameAs":["https:\/\/www.facebook.com\/museutapies","https:\/\/www.instagram.com\/museutapies\/","https:\/\/www.youtube.com\/channel\/UCPi65HBb48RMeoa12lR51cQ","https:\/\/x.com\/MuseuTapies"]}]}},"_links":{"self":[{"href":"https:\/\/museutapies.org\/es\/wp-json\/wp\/v2\/tribe_events\/40084"}],"collection":[{"href":"https:\/\/museutapies.org\/es\/wp-json\/wp\/v2\/tribe_events"}],"about":[{"href":"https:\/\/museutapies.org\/es\/wp-json\/wp\/v2\/types\/tribe_events"}],"author":[{"embeddable":true,"href":"https:\/\/museutapies.org\/es\/wp-json\/wp\/v2\/users\/207"}],"replies":[{"embeddable":true,"href":"https:\/\/museutapies.org\/es\/wp-json\/wp\/v2\/comments?post=40084"}],"version-history":[{"count":3,"href":"https:\/\/museutapies.org\/es\/wp-json\/wp\/v2\/tribe_events\/40084\/revisions"}],"predecessor-version":[{"id":40094,"href":"https:\/\/museutapies.org\/es\/wp-json\/wp\/v2\/tribe_events\/40084\/revisions\/40094"}],"wp:featuredmedia":[{"embeddable":true,"href":"https:\/\/museutapies.org\/es\/wp-json\/wp\/v2\/media\/40079"}],"wp:attachment":[{"href":"https:\/\/museutapies.org\/es\/wp-json\/wp\/v2\/media?parent=40084"}],"wp:term":[{"taxonomy":"post_tag","embeddable":true,"href":"https:\/\/museutapies.org\/es\/wp-json\/wp\/v2\/tags?post=40084"},{"taxonomy":"tribe_events_cat","embeddable":true,"href":"https:\/\/museutapies.org\/es\/wp-json\/wp\/v2\/tribe_events_cat?post=40084"}],"curies":[{"name":"wp","href":"https:\/\/api.w.org\/{rel}","templated":true}]}}

<p><img loading="lazy" decoding="async" class="alignnone size-medium wp-image-40079" src="https://museutapies.org/wp-content/uploads/2025/06/Tapies_Llena-800x648.jpg" alt="" width="800" height="648" srcset="https://museutapies.org/wp-content/uploads/2025/06/Tapies_Llena-800x648.jpg 800w, https://museutapies.org/wp-content/uploads/2025/06/Tapies_Llena-864x700.jpg 864w, https://museutapies.org/wp-content/uploads/2025/06/Tapies_Llena-768x622.jpg 768w, https://museutapies.org/wp-content/uploads/2025/06/Tapies_Llena-500x405.jpg 500w, https://museutapies.org/wp-content/uploads/2025/06/Tapies_Llena-380x308.jpg 380w, https://museutapies.org/wp-content/uploads/2025/06/Tapies_Llena-600x486.jpg 600w, https://museutapies.org/wp-content/uploads/2025/06/Tapies_Llena.jpg 1418w" sizes="(max-width: 800px) 100vw, 800px" /></p>
<p>Las editoriales L’Avenç y Blume presentan conjuntamente la publicación <em>Antoni Llena. Memorias de humo</em> en la terraza del Museu Tàpies.</p>
<p>En este libro, Antoni Llena trata de explicar una conciencia artística a partir de carencias y miedos, en un fresco que va desplegándose como un mural lleno de contradicciones. Primero esboza el entorno familiar, el conocimiento de quien se convirtió en su primera pareja y con quien todavía vive, la permanencia de una amistad. Continúa explicando su singular descubrimiento del arte, su querer estar en el mundo desde la distancia, buscar la modernidad desde el anacronismo. Su apuesta por vivir en el mundo desde fuera del mundo. Su descubrimiento del arte, sus intereses y ambiciones. Su apuesta particular y las raíces que la han hecho crecer. La lucha por encontrar un espacio propio, rompedor, pero que no estuviera desligado de la tradición. Las personalidades artísticas que lo han formado. Las obras que ha realizado y las que lo han signado. El camino recorrido trazarse metas para conseguirlo. El erotismo, los amores y las fobias y un largo etcétera. El entender el arte como un hecho político desligado de las opciones políticas de moda. Y todo ello intentando que esté bien escrito</p>
<p>El acto contará con la participación del autor, Antoni Llena, del filósofo Xavier Antich y de los editores Leopoldo Blume y Josep M. Muñoz.</p>
<p><img loading="lazy" decoding="async" class="alignnone size-medium wp-image-40082" src="https://museutapies.org/wp-content/uploads/2025/06/Invi-Llena.-Memories-de-fum-800x800.jpeg" alt="" width="800" height="800" srcset="https://museutapies.org/wp-content/uploads/2025/06/Invi-Llena.-Memories-de-fum-800x800.jpeg 800w, https://museutapies.org/wp-content/uploads/2025/06/Invi-Llena.-Memories-de-fum-700x700.jpeg 700w, https://museutapies.org/wp-content/uploads/2025/06/Invi-Llena.-Memories-de-fum-768x768.jpeg 768w, https://museutapies.org/wp-content/uploads/2025/06/Invi-Llena.-Memories-de-fum-500x500.jpeg 500w, https://museutapies.org/wp-content/uploads/2025/06/Invi-Llena.-Memories-de-fum-380x380.jpeg 380w, https://museutapies.org/wp-content/uploads/2025/06/Invi-Llena.-Memories-de-fum-350x350.jpeg 350w, https://museutapies.org/wp-content/uploads/2025/06/Invi-Llena.-Memories-de-fum-300x300.jpeg 300w, https://museutapies.org/wp-content/uploads/2025/06/Invi-Llena.-Memories-de-fum-600x600.jpeg 600w, https://museutapies.org/wp-content/uploads/2025/06/Invi-Llena.-Memories-de-fum-100x100.jpeg 100w, https://museutapies.org/wp-content/uploads/2025/06/Invi-Llena.-Memories-de-fum.jpeg 1280w" sizes="(max-width: 800px) 100vw, 800px" /></p>
<p>&nbsp;</p>
<p><span style="font-size: 8pt">Foto: Antoni Bernad</span></p>

<p>Presentación del libro editado por L’Avenç y Blume en la terraza del Museu Tàpies</p>

<!-- This site is optimized with the Yoast SEO plugin v20.11 - https://yoast.com/wordpress/plugins/seo/ -->
<title>Antoni Llena. Memorias de humo - Museu Tàpies</title>
<meta name="robots" content="index, follow, max-snippet:-1, max-image-preview:large, max-video-preview:-1" />
<meta property="og:locale" content="es_ES" />
<meta property="og:type" content="article" />
<meta property="og:title" content="Antoni Llena. Memorias de humo - Museu Tàpies" />
<meta property="og:description" content="Presentación del libro editado por L’Avenç y Blume en la terraza del Museu Tàpies" />
<meta property="og:url" content="https://museutapies.org/es/event/antoni-llena-memorias-de-humo/" />
<meta property="og:site_name" content="Museu Tàpies" />
<meta property="article:publisher" content="https://www.facebook.com/museutapies" />
<meta property="article:modified_time" content="2025-06-23T07:50:57+00:00" />
<meta property="og:image" content="https://museutapies.org/wp-content/uploads/2025/06/Tapies_Llena.jpg" />
	<meta property="og:image:width" content="1418" />
	<meta property="og:image:height" content="1149" />
	<meta property="og:image:type" content="image/jpeg" />
<meta name="twitter:card" content="summary_large_image" />
<meta name="twitter:label1" content="Tiempo de lectura" />
	<meta name="twitter:data1" content="2 minutos" />
<script type="application/ld+json" class="yoast-schema-graph">{"@context":"https://schema.org","@graph":[{"@type":"WebPage","@id":"https://museutapies.org/es/event/antoni-llena-memorias-de-humo/","url":"https://museutapies.org/es/event/antoni-llena-memorias-de-humo/","name":"Antoni Llena. Memorias de humo - Museu Tàpies","isPartOf":{"@id":"https://museutapies.org/en/#website"},"datePublished":"2025-06-19T15:34:30+00:00","dateModified":"2025-06-23T07:50:57+00:00","breadcrumb":{"@id":"https://museutapies.org/es/event/antoni-llena-memorias-de-humo/#breadcrumb"},"inLanguage":"es","potentialAction":[{"@type":"ReadAction","target":["https://museutapies.org/es/event/antoni-llena-memorias-de-humo/"]}]},{"@type":"BreadcrumbList","@id":"https://museutapies.org/es/event/antoni-llena-memorias-de-humo/#breadcrumb","itemListElement":[{"@type":"ListItem","position":1,"name":"Esdeveniments","item":"https://museutapies.org/agenda/"},{"@type":"ListItem","position":2,"name":"Antoni Llena. Memorias de humo"}]},{"@type":"WebSite","@id":"https://museutapies.org/en/#website","url":"https://museutapies.org/en/","name":"Museu Tàpies","description":"","publisher":{"@id":"https://museutapies.org/en/#organization"},"potentialAction":[{"@type":"SearchAction","target":{"@type":"EntryPoint","urlTemplate":"https://museutapies.org/en/?s={search_term_string}"},"query-input":"required name=search_term_string"}],"inLanguage":"es"},{"@type":"Organization","@id":"https://museutapies.org/en/#organization","name":"Museu Tàpies","url":"https://museutapies.org/en/","logo":{"@type":"ImageObject","inLanguage":"es","@id":"https://museutapies.org/en/#/schema/logo/image/","url":"https://museutapies.org/wp-content/uploads/2024/07/mta.png","contentUrl":"https://museutapies.org/wp-content/uploads/2024/07/mta.png","width":244,"height":110,"caption":"Museu Tàpies"},"image":{"@id":"https://museutapies.org/en/#/schema/logo/image/"},"sameAs":["https://www.facebook.com/museutapies","https://www.instagram.com/museutapies/","https://www.youtube.com/channel/UCPi65HBb48RMeoa12lR51cQ","https://x.com/MuseuTapies"]}]}</script>
<!-- / Yoast SEO plugin. -->

Antoni Llena. Memorias de humo - Museu Tàpies

Presentación del libro editado por L’Avenç y Blume en la terraza del Museu Tàpies

Museu Tàpies
