{"id":40356,"date":"2025-07-10T14:38:33","date_gmt":"2025-07-10T12:38:33","guid":{"rendered":"https:\/\/museutapies.org\/?post_type=tribe_events&#038;p=40356"},"modified":"2026-04-20T15:36:10","modified_gmt":"2026-04-20T13:36:10","slug":"visitas-comentadas-a-las-exposiciones-a-cargo-de-los-comisarios","status":"publish","type":"tribe_events","link":"https:\/\/museutapies.org\/es\/event\/visitas-comentadas-a-las-exposiciones-a-cargo-de-los-comisarios\/","title":{"rendered":"Visitas comentadas a las exposiciones, a cargo de los comisarios"},"content":{"rendered":"<p><img loading=\"lazy\" decoding=\"async\" class=\"alignnone size-medium wp-image-44589\" src=\"https:\/\/museutapies.org\/wp-content\/uploads\/2025\/07\/ftapies260213_078-800x533.jpg\" alt=\"\" width=\"800\" height=\"533\" srcset=\"https:\/\/museutapies.org\/wp-content\/uploads\/2025\/07\/ftapies260213_078-800x533.jpg 800w, https:\/\/museutapies.org\/wp-content\/uploads\/2025\/07\/ftapies260213_078-900x600.jpg 900w, https:\/\/museutapies.org\/wp-content\/uploads\/2025\/07\/ftapies260213_078-768x512.jpg 768w, https:\/\/museutapies.org\/wp-content\/uploads\/2025\/07\/ftapies260213_078-1536x1024.jpg 1536w, https:\/\/museutapies.org\/wp-content\/uploads\/2025\/07\/ftapies260213_078-2048x1365.jpg 2048w, https:\/\/museutapies.org\/wp-content\/uploads\/2025\/07\/ftapies260213_078-500x333.jpg 500w, https:\/\/museutapies.org\/wp-content\/uploads\/2025\/07\/ftapies260213_078-380x253.jpg 380w, https:\/\/museutapies.org\/wp-content\/uploads\/2025\/07\/ftapies260213_078-600x400.jpg 600w\" sizes=\"(max-width: 800px) 100vw, 800px\" \/><\/p>\n<p>&nbsp;<\/p>\n<p>Ciclo de visitas comentadas a cargo de los comisarios de las exposiciones vigentes en el Museu T\u00e0pies. Una oportunidad \u00fanica para visitar las muestras de la mano de los expertos.<\/p>\n<p>&nbsp;<\/p>\n<p><span style=\"text-decoration: underline\"><strong>Programa<\/strong><\/span><\/p>\n<p>\u00b7 Mi\u00e9rcoles, 15 de abril de 2026, a las 18 h, tendr\u00e1 lugar la visita comentada a la exposici\u00f3n <a href=\"https:\/\/museutapies.org\/es\/exposicio\/antoni-tapies-el-movimiento-perpetuo-del-muro\/\"><em>Antoni T\u00e0pies. El movimiento perpetuo del muro<\/em><\/a>, a cargo de Pablo Allepuz, responsable de la Colecci\u00f3n del Museu T\u00e0pies y cocomisario de la exposici\u00f3n.<\/p>\n<p>\u00b7 Jueves, 14 de mayo de 2026, a las 18 h, tendr\u00e1 lugar la visita comentada a la exposici\u00f3n <a href=\"https:\/\/museutapies.org\/es\/exposicio\/angel-jove-de-intactu\/\"><em>\u00c0ngel Jov\u00e9. De intactu<\/em><\/a>, a cargo de Maria Josep Balsach, comisaria de la exposici\u00f3n.<\/p>\n","protected":false},"excerpt":{"rendered":"<p>Visita dialogada a la exposici\u00f3n &#8220;\u00c0ngel Jov\u00e9. De intactu&#8221;, a cargo de Maria Josep Balsach.<\/p>\n","protected":false},"author":3,"featured_media":44589,"comment_status":"closed","ping_status":"closed","template":"","meta":{"_tribe_events_status":"","_tribe_events_status_reason":"","_tribe_events_is_hybrid":"","_tribe_events_is_virtual":"","_tribe_events_virtual_video_source":"","_tribe_events_virtual_embed_video":"","_tribe_events_virtual_linked_button_text":"","_tribe_events_virtual_linked_button":"","_tribe_events_virtual_show_embed_at":"","_tribe_events_virtual_show_embed_to":[],"_tribe_events_virtual_show_on_event":"","_tribe_events_virtual_show_on_views":"","_tribe_events_virtual_url":"","footnotes":""},"tags":[],"tribe_events_cat":[5772],"acf":[],"yoast_head":"<!-- This site is optimized with the Yoast SEO plugin v20.11 - https:\/\/yoast.com\/wordpress\/plugins\/seo\/ -->\n<title>Visitas comentadas a las exposiciones, a cargo de los comisarios - Museu T\u00e0pies<\/title>\n<meta name=\"description\" content=\"Visita dialogada a la exposici\u00f3n &quot;Antoni T\u00e0pies. El movimiento perpetuo del muro&quot;, a cargo de Pablo Allepuz.\" \/>\n<meta name=\"robots\" content=\"index, follow, max-snippet:-1, max-image-preview:large, max-video-preview:-1\" \/>\n<meta property=\"og:locale\" content=\"es_ES\" \/>\n<meta property=\"og:type\" content=\"article\" \/>\n<meta property=\"og:title\" content=\"Visitas comentadas a las exposiciones, a cargo de los comisarios - Museu T\u00e0pies\" \/>\n<meta property=\"og:description\" content=\"Visita dialogada a la exposici\u00f3n &quot;Antoni T\u00e0pies. El movimiento perpetuo del muro&quot;, a cargo de Pablo Allepuz.\" \/>\n<meta property=\"og:url\" content=\"https:\/\/museutapies.org\/es\/event\/visitas-comentadas-a-las-exposiciones-a-cargo-de-los-comisarios\/\" \/>\n<meta property=\"og:site_name\" content=\"Museu T\u00e0pies\" \/>\n<meta property=\"article:publisher\" content=\"https:\/\/www.facebook.com\/museutapies\" \/>\n<meta property=\"article:modified_time\" content=\"2026-04-20T13:36:10+00:00\" \/>\n<meta property=\"og:image\" content=\"https:\/\/museutapies.org\/wp-content\/uploads\/2025\/07\/ftapies260213_078-scaled.jpg\" \/>\n\t<meta property=\"og:image:width\" content=\"2560\" \/>\n\t<meta property=\"og:image:height\" content=\"1707\" \/>\n\t<meta property=\"og:image:type\" content=\"image\/jpeg\" \/>\n<meta name=\"twitter:card\" content=\"summary_large_image\" \/>\n<meta name=\"twitter:label1\" content=\"Tiempo de lectura\" \/>\n\t<meta name=\"twitter:data1\" content=\"1 minuto\" \/>\n<script type=\"application\/ld+json\" class=\"yoast-schema-graph\">{\"@context\":\"https:\/\/schema.org\",\"@graph\":[{\"@type\":\"WebPage\",\"@id\":\"https:\/\/museutapies.org\/es\/event\/visitas-comentadas-a-las-exposiciones-a-cargo-de-los-comisarios\/\",\"url\":\"https:\/\/museutapies.org\/es\/event\/visitas-comentadas-a-las-exposiciones-a-cargo-de-los-comisarios\/\",\"name\":\"Visitas comentadas a las exposiciones, a cargo de los comisarios - Museu T\u00e0pies\",\"isPartOf\":{\"@id\":\"https:\/\/museutapies.org\/en\/#website\"},\"datePublished\":\"2025-07-10T12:38:33+00:00\",\"dateModified\":\"2026-04-20T13:36:10+00:00\",\"description\":\"Visita dialogada a la exposici\u00f3n \\\"Antoni T\u00e0pies. El movimiento perpetuo del muro\\\", a cargo de Pablo Allepuz.\",\"breadcrumb\":{\"@id\":\"https:\/\/museutapies.org\/es\/event\/visitas-comentadas-a-las-exposiciones-a-cargo-de-los-comisarios\/#breadcrumb\"},\"inLanguage\":\"es\",\"potentialAction\":[{\"@type\":\"ReadAction\",\"target\":[\"https:\/\/museutapies.org\/es\/event\/visitas-comentadas-a-las-exposiciones-a-cargo-de-los-comisarios\/\"]}]},{\"@type\":\"BreadcrumbList\",\"@id\":\"https:\/\/museutapies.org\/es\/event\/visitas-comentadas-a-las-exposiciones-a-cargo-de-los-comisarios\/#breadcrumb\",\"itemListElement\":[{\"@type\":\"ListItem\",\"position\":1,\"name\":\"Esdeveniments\",\"item\":\"https:\/\/museutapies.org\/agenda\/\"},{\"@type\":\"ListItem\",\"position\":2,\"name\":\"Visitas comentadas a las exposiciones, a cargo de los comisarios\"}]},{\"@type\":\"WebSite\",\"@id\":\"https:\/\/museutapies.org\/en\/#website\",\"url\":\"https:\/\/museutapies.org\/en\/\",\"name\":\"Museu T\u00e0pies\",\"description\":\"\",\"publisher\":{\"@id\":\"https:\/\/museutapies.org\/en\/#organization\"},\"potentialAction\":[{\"@type\":\"SearchAction\",\"target\":{\"@type\":\"EntryPoint\",\"urlTemplate\":\"https:\/\/museutapies.org\/en\/?s={search_term_string}\"},\"query-input\":\"required name=search_term_string\"}],\"inLanguage\":\"es\"},{\"@type\":\"Organization\",\"@id\":\"https:\/\/museutapies.org\/en\/#organization\",\"name\":\"Museu T\u00e0pies\",\"url\":\"https:\/\/museutapies.org\/en\/\",\"logo\":{\"@type\":\"ImageObject\",\"inLanguage\":\"es\",\"@id\":\"https:\/\/museutapies.org\/en\/#\/schema\/logo\/image\/\",\"url\":\"https:\/\/museutapies.org\/wp-content\/uploads\/2024\/07\/mta.png\",\"contentUrl\":\"https:\/\/museutapies.org\/wp-content\/uploads\/2024\/07\/mta.png\",\"width\":244,\"height\":110,\"caption\":\"Museu T\u00e0pies\"},\"image\":{\"@id\":\"https:\/\/museutapies.org\/en\/#\/schema\/logo\/image\/\"},\"sameAs\":[\"https:\/\/www.facebook.com\/museutapies\",\"https:\/\/www.instagram.com\/museutapies\/\",\"https:\/\/www.youtube.com\/channel\/UCPi65HBb48RMeoa12lR51cQ\",\"https:\/\/x.com\/MuseuTapies\"]}]}<\/script>\n<!-- \/ Yoast SEO plugin. -->","yoast_head_json":{"title":"Visitas comentadas a las exposiciones, a cargo de los comisarios - Museu T\u00e0pies","description":"Visita dialogada a la exposici\u00f3n \"Antoni T\u00e0pies. El movimiento perpetuo del muro\", a cargo de Pablo Allepuz.","robots":{"index":"index","follow":"follow","max-snippet":"max-snippet:-1","max-image-preview":"max-image-preview:large","max-video-preview":"max-video-preview:-1"},"og_locale":"es_ES","og_type":"article","og_title":"Visitas comentadas a las exposiciones, a cargo de los comisarios - Museu T\u00e0pies","og_description":"Visita dialogada a la exposici\u00f3n \"Antoni T\u00e0pies. El movimiento perpetuo del muro\", a cargo de Pablo Allepuz.","og_url":"https:\/\/museutapies.org\/es\/event\/visitas-comentadas-a-las-exposiciones-a-cargo-de-los-comisarios\/","og_site_name":"Museu T\u00e0pies","article_publisher":"https:\/\/www.facebook.com\/museutapies","article_modified_time":"2026-04-20T13:36:10+00:00","og_image":[{"width":2560,"height":1707,"url":"https:\/\/museutapies.org\/wp-content\/uploads\/2025\/07\/ftapies260213_078-scaled.jpg","type":"image\/jpeg"}],"twitter_card":"summary_large_image","twitter_misc":{"Tiempo de lectura":"1 minuto"},"schema":{"@context":"https:\/\/schema.org","@graph":[{"@type":"WebPage","@id":"https:\/\/museutapies.org\/es\/event\/visitas-comentadas-a-las-exposiciones-a-cargo-de-los-comisarios\/","url":"https:\/\/museutapies.org\/es\/event\/visitas-comentadas-a-las-exposiciones-a-cargo-de-los-comisarios\/","name":"Visitas comentadas a las exposiciones, a cargo de los comisarios - Museu T\u00e0pies","isPartOf":{"@id":"https:\/\/museutapies.org\/en\/#website"},"datePublished":"2025-07-10T12:38:33+00:00","dateModified":"2026-04-20T13:36:10+00:00","description":"Visita dialogada a la exposici\u00f3n \"Antoni T\u00e0pies. El movimiento perpetuo del muro\", a cargo de Pablo Allepuz.","breadcrumb":{"@id":"https:\/\/museutapies.org\/es\/event\/visitas-comentadas-a-las-exposiciones-a-cargo-de-los-comisarios\/#breadcrumb"},"inLanguage":"es","potentialAction":[{"@type":"ReadAction","target":["https:\/\/museutapies.org\/es\/event\/visitas-comentadas-a-las-exposiciones-a-cargo-de-los-comisarios\/"]}]},{"@type":"BreadcrumbList","@id":"https:\/\/museutapies.org\/es\/event\/visitas-comentadas-a-las-exposiciones-a-cargo-de-los-comisarios\/#breadcrumb","itemListElement":[{"@type":"ListItem","position":1,"name":"Esdeveniments","item":"https:\/\/museutapies.org\/agenda\/"},{"@type":"ListItem","position":2,"name":"Visitas comentadas a las exposiciones, a cargo de los comisarios"}]},{"@type":"WebSite","@id":"https:\/\/museutapies.org\/en\/#website","url":"https:\/\/museutapies.org\/en\/","name":"Museu T\u00e0pies","description":"","publisher":{"@id":"https:\/\/museutapies.org\/en\/#organization"},"potentialAction":[{"@type":"SearchAction","target":{"@type":"EntryPoint","urlTemplate":"https:\/\/museutapies.org\/en\/?s={search_term_string}"},"query-input":"required name=search_term_string"}],"inLanguage":"es"},{"@type":"Organization","@id":"https:\/\/museutapies.org\/en\/#organization","name":"Museu T\u00e0pies","url":"https:\/\/museutapies.org\/en\/","logo":{"@type":"ImageObject","inLanguage":"es","@id":"https:\/\/museutapies.org\/en\/#\/schema\/logo\/image\/","url":"https:\/\/museutapies.org\/wp-content\/uploads\/2024\/07\/mta.png","contentUrl":"https:\/\/museutapies.org\/wp-content\/uploads\/2024\/07\/mta.png","width":244,"height":110,"caption":"Museu T\u00e0pies"},"image":{"@id":"https:\/\/museutapies.org\/en\/#\/schema\/logo\/image\/"},"sameAs":["https:\/\/www.facebook.com\/museutapies","https:\/\/www.instagram.com\/museutapies\/","https:\/\/www.youtube.com\/channel\/UCPi65HBb48RMeoa12lR51cQ","https:\/\/x.com\/MuseuTapies"]}]}},"_links":{"self":[{"href":"https:\/\/museutapies.org\/es\/wp-json\/wp\/v2\/tribe_events\/40356"}],"collection":[{"href":"https:\/\/museutapies.org\/es\/wp-json\/wp\/v2\/tribe_events"}],"about":[{"href":"https:\/\/museutapies.org\/es\/wp-json\/wp\/v2\/types\/tribe_events"}],"author":[{"embeddable":true,"href":"https:\/\/museutapies.org\/es\/wp-json\/wp\/v2\/users\/3"}],"replies":[{"embeddable":true,"href":"https:\/\/museutapies.org\/es\/wp-json\/wp\/v2\/comments?post=40356"}],"version-history":[{"count":31,"href":"https:\/\/museutapies.org\/es\/wp-json\/wp\/v2\/tribe_events\/40356\/revisions"}],"predecessor-version":[{"id":45353,"href":"https:\/\/museutapies.org\/es\/wp-json\/wp\/v2\/tribe_events\/40356\/revisions\/45353"}],"wp:featuredmedia":[{"embeddable":true,"href":"https:\/\/museutapies.org\/es\/wp-json\/wp\/v2\/media\/44589"}],"wp:attachment":[{"href":"https:\/\/museutapies.org\/es\/wp-json\/wp\/v2\/media?parent=40356"}],"wp:term":[{"taxonomy":"post_tag","embeddable":true,"href":"https:\/\/museutapies.org\/es\/wp-json\/wp\/v2\/tags?post=40356"},{"taxonomy":"tribe_events_cat","embeddable":true,"href":"https:\/\/museutapies.org\/es\/wp-json\/wp\/v2\/tribe_events_cat?post=40356"}],"curies":[{"name":"wp","href":"https:\/\/api.w.org\/{rel}","templated":true}]}}

<p><img loading="lazy" decoding="async" class="alignnone size-medium wp-image-44589" src="https://museutapies.org/wp-content/uploads/2025/07/ftapies260213_078-800x533.jpg" alt="" width="800" height="533" srcset="https://museutapies.org/wp-content/uploads/2025/07/ftapies260213_078-800x533.jpg 800w, https://museutapies.org/wp-content/uploads/2025/07/ftapies260213_078-900x600.jpg 900w, https://museutapies.org/wp-content/uploads/2025/07/ftapies260213_078-768x512.jpg 768w, https://museutapies.org/wp-content/uploads/2025/07/ftapies260213_078-1536x1024.jpg 1536w, https://museutapies.org/wp-content/uploads/2025/07/ftapies260213_078-2048x1365.jpg 2048w, https://museutapies.org/wp-content/uploads/2025/07/ftapies260213_078-500x333.jpg 500w, https://museutapies.org/wp-content/uploads/2025/07/ftapies260213_078-380x253.jpg 380w, https://museutapies.org/wp-content/uploads/2025/07/ftapies260213_078-600x400.jpg 600w" sizes="(max-width: 800px) 100vw, 800px" /></p>
<p>&nbsp;</p>
<p>Ciclo de visitas comentadas a cargo de los comisarios de las exposiciones vigentes en el Museu Tàpies. Una oportunidad única para visitar las muestras de la mano de los expertos.</p>
<p>&nbsp;</p>
<p><span style="text-decoration: underline"><strong>Programa</strong></span></p>
<p>· Miércoles, 15 de abril de 2026, a las 18 h, tendrá lugar la visita comentada a la exposición <a href="https://museutapies.org/es/exposicio/antoni-tapies-el-movimiento-perpetuo-del-muro/"><em>Antoni Tàpies. El movimiento perpetuo del muro</em></a>, a cargo de Pablo Allepuz, responsable de la Colección del Museu Tàpies y cocomisario de la exposición.</p>
<p>· Jueves, 14 de mayo de 2026, a las 18 h, tendrá lugar la visita comentada a la exposición <a href="https://museutapies.org/es/exposicio/angel-jove-de-intactu/"><em>Àngel Jové. De intactu</em></a>, a cargo de Maria Josep Balsach, comisaria de la exposición.</p>

<p>Visita dialogada a la exposición &#8220;Àngel Jové. De intactu&#8221;, a cargo de Maria Josep Balsach.</p>

<!-- This site is optimized with the Yoast SEO plugin v20.11 - https://yoast.com/wordpress/plugins/seo/ -->
<title>Visitas comentadas a las exposiciones, a cargo de los comisarios - Museu Tàpies</title>
<meta name="description" content="Visita dialogada a la exposición &quot;Antoni Tàpies. El movimiento perpetuo del muro&quot;, a cargo de Pablo Allepuz." />
<meta name="robots" content="index, follow, max-snippet:-1, max-image-preview:large, max-video-preview:-1" />
<meta property="og:locale" content="es_ES" />
<meta property="og:type" content="article" />
<meta property="og:title" content="Visitas comentadas a las exposiciones, a cargo de los comisarios - Museu Tàpies" />
<meta property="og:description" content="Visita dialogada a la exposición &quot;Antoni Tàpies. El movimiento perpetuo del muro&quot;, a cargo de Pablo Allepuz." />
<meta property="og:url" content="https://museutapies.org/es/event/visitas-comentadas-a-las-exposiciones-a-cargo-de-los-comisarios/" />
<meta property="og:site_name" content="Museu Tàpies" />
<meta property="article:publisher" content="https://www.facebook.com/museutapies" />
<meta property="article:modified_time" content="2026-04-20T13:36:10+00:00" />
<meta property="og:image" content="https://museutapies.org/wp-content/uploads/2025/07/ftapies260213_078-scaled.jpg" />
	<meta property="og:image:width" content="2560" />
	<meta property="og:image:height" content="1707" />
	<meta property="og:image:type" content="image/jpeg" />
<meta name="twitter:card" content="summary_large_image" />
<meta name="twitter:label1" content="Tiempo de lectura" />
	<meta name="twitter:data1" content="1 minuto" />
<script type="application/ld+json" class="yoast-schema-graph">{"@context":"https://schema.org","@graph":[{"@type":"WebPage","@id":"https://museutapies.org/es/event/visitas-comentadas-a-las-exposiciones-a-cargo-de-los-comisarios/","url":"https://museutapies.org/es/event/visitas-comentadas-a-las-exposiciones-a-cargo-de-los-comisarios/","name":"Visitas comentadas a las exposiciones, a cargo de los comisarios - Museu Tàpies","isPartOf":{"@id":"https://museutapies.org/en/#website"},"datePublished":"2025-07-10T12:38:33+00:00","dateModified":"2026-04-20T13:36:10+00:00","description":"Visita dialogada a la exposición \"Antoni Tàpies. El movimiento perpetuo del muro\", a cargo de Pablo Allepuz.","breadcrumb":{"@id":"https://museutapies.org/es/event/visitas-comentadas-a-las-exposiciones-a-cargo-de-los-comisarios/#breadcrumb"},"inLanguage":"es","potentialAction":[{"@type":"ReadAction","target":["https://museutapies.org/es/event/visitas-comentadas-a-las-exposiciones-a-cargo-de-los-comisarios/"]}]},{"@type":"BreadcrumbList","@id":"https://museutapies.org/es/event/visitas-comentadas-a-las-exposiciones-a-cargo-de-los-comisarios/#breadcrumb","itemListElement":[{"@type":"ListItem","position":1,"name":"Esdeveniments","item":"https://museutapies.org/agenda/"},{"@type":"ListItem","position":2,"name":"Visitas comentadas a las exposiciones, a cargo de los comisarios"}]},{"@type":"WebSite","@id":"https://museutapies.org/en/#website","url":"https://museutapies.org/en/","name":"Museu Tàpies","description":"","publisher":{"@id":"https://museutapies.org/en/#organization"},"potentialAction":[{"@type":"SearchAction","target":{"@type":"EntryPoint","urlTemplate":"https://museutapies.org/en/?s={search_term_string}"},"query-input":"required name=search_term_string"}],"inLanguage":"es"},{"@type":"Organization","@id":"https://museutapies.org/en/#organization","name":"Museu Tàpies","url":"https://museutapies.org/en/","logo":{"@type":"ImageObject","inLanguage":"es","@id":"https://museutapies.org/en/#/schema/logo/image/","url":"https://museutapies.org/wp-content/uploads/2024/07/mta.png","contentUrl":"https://museutapies.org/wp-content/uploads/2024/07/mta.png","width":244,"height":110,"caption":"Museu Tàpies"},"image":{"@id":"https://museutapies.org/en/#/schema/logo/image/"},"sameAs":["https://www.facebook.com/museutapies","https://www.instagram.com/museutapies/","https://www.youtube.com/channel/UCPi65HBb48RMeoa12lR51cQ","https://x.com/MuseuTapies"]}]}</script>
<!-- / Yoast SEO plugin. -->

Visitas comentadas a las exposiciones, a cargo de los comisarios - Museu Tàpies

Visita dialogada a la exposición "Antoni Tàpies. El movimiento perpetuo del muro", a cargo de Pablo Allepuz.

Museu Tàpies
