{"id":47034,"date":"2026-09-03T16:31:00","date_gmt":"2026-09-03T14:31:00","guid":{"rendered":"https:\/\/museutapies.org\/?post_type=tribe_events&#038;p=47034"},"modified":"2026-09-03T16:35:44","modified_gmt":"2026-09-03T14:35:44","slug":"extramurs-2026-seminario-muerte-y-resistencia","status":"publish","type":"tribe_events","link":"https:\/\/museutapies.org\/es\/event\/extramurs-2026-seminario-muerte-y-resistencia\/","title":{"rendered":"Extramurs 2026. Seminario Muerte y resistencia"},"content":{"rendered":"<p><img loading=\"lazy\" decoding=\"async\" class=\"alignnone size-medium wp-image-47031\" src=\"https:\/\/museutapies.org\/wp-content\/uploads\/2026\/09\/dg-semin-800x533.jpg\" alt=\"\" width=\"800\" height=\"533\" srcset=\"https:\/\/museutapies.org\/wp-content\/uploads\/2026\/09\/dg-semin-800x533.jpg 800w, https:\/\/museutapies.org\/wp-content\/uploads\/2026\/09\/dg-semin-900x600.jpg 900w, https:\/\/museutapies.org\/wp-content\/uploads\/2026\/09\/dg-semin-768x512.jpg 768w, https:\/\/museutapies.org\/wp-content\/uploads\/2026\/09\/dg-semin-1536x1024.jpg 1536w, https:\/\/museutapies.org\/wp-content\/uploads\/2026\/09\/dg-semin-2048x1366.jpg 2048w, https:\/\/museutapies.org\/wp-content\/uploads\/2026\/09\/dg-semin-500x333.jpg 500w, https:\/\/museutapies.org\/wp-content\/uploads\/2026\/09\/dg-semin-380x253.jpg 380w, https:\/\/museutapies.org\/wp-content\/uploads\/2026\/09\/dg-semin-600x400.jpg 600w\" sizes=\"(max-width: 800px) 100vw, 800px\" \/><\/p>\n<p>&nbsp;<\/p>\n<p><span style=\"font-weight: 400\">La acci\u00f3n de la resurrecci\u00f3n, presente en todo el proyecto Extramuros 2026 a cargo de Dora Garc\u00eda, <\/span><i><span style=\"font-weight: 400\">L\u00edneas de tiempo\/resurrecci\u00f3n<\/span><\/i><span style=\"font-weight: 400\">, trasciende el gesto de recuperaci\u00f3n de las voces silenciadas para incorporar nuevas capas de lectura vinculadas al acto de morir, a menudo asociado a una posible vuelta a la vida de lo que previamente ha muerto.<\/span><\/p>\n<p><span style=\"font-weight: 400\">En continuidad con esta dimensi\u00f3n colectiva, la actividad <\/span><i><span style=\"font-weight: 400\">Muerte y resistencia<\/span><\/i><span style=\"font-weight: 400\"> partir\u00e1 de un seminario en Eina Centre Universitari d&#8217;Art i Disseny de Barcelona en el que Dora Garc\u00eda propone abordar la cuesti\u00f3n a partir del pensamiento de El\u00edas Canetti, escritor y pensador b\u00falgaro que, a lo largo de su trayectoria intelectual, reflexion\u00f3 sobre la memoria, la tensi\u00f3n entre libertad individual y acci\u00f3n colectiva, el peligro de los fanatismos y las derivas autoritarias de los reg\u00edmenes totalitarios.<\/span><\/p>\n<p><span style=\"font-weight: 400\">El programa completo del seminario se publicar\u00e1 pr\u00f3ximamente.<\/span><\/p>\n<p><span style=\"font-weight: 400\">\u00a0<\/span><\/p>\n<p><span style=\"font-weight: 400;font-size: 8pt\">[Imagen: Dora Garc\u00eda durante el programa inaugural de Extramuros 2026 <em>L\u00edneas de tiempo\/resurrecci\u00f3n.<\/em> Foto: Alice Brazzit]<\/span><\/p>\n","protected":false},"excerpt":{"rendered":"<p>Un espacio de di\u00e1logo con Dora Garc\u00eda para reflexionar sobre la memoria, la tensi\u00f3n entre libertad individual y acci\u00f3n colectiva, el peligro de los fanatismos y las derivas autoritarias de los r\u00e9gimenes totalitarios a partir del pensamiento de El\u00edas Canetti.<\/p>\n","protected":false},"author":207,"featured_media":47031,"comment_status":"closed","ping_status":"closed","template":"","meta":{"_tribe_events_status":"","_tribe_events_status_reason":"","_tribe_events_is_hybrid":"","_tribe_events_is_virtual":"","_tribe_events_virtual_video_source":"","_tribe_events_virtual_embed_video":"","_tribe_events_virtual_linked_button_text":"","_tribe_events_virtual_linked_button":"","_tribe_events_virtual_show_embed_at":"","_tribe_events_virtual_show_embed_to":[],"_tribe_events_virtual_show_on_event":"","_tribe_events_virtual_show_on_views":"","_tribe_events_virtual_url":"","footnotes":""},"tags":[],"tribe_events_cat":[5769],"acf":[],"yoast_head":"<!-- This site is optimized with the Yoast SEO plugin v20.11 - https:\/\/yoast.com\/wordpress\/plugins\/seo\/ -->\n<title>Extramurs 2026. Seminario Muerte y resistencia - Museu T\u00e0pies<\/title>\n<meta name=\"robots\" content=\"index, follow, max-snippet:-1, max-image-preview:large, max-video-preview:-1\" \/>\n<meta property=\"og:locale\" content=\"es_ES\" \/>\n<meta property=\"og:type\" content=\"article\" \/>\n<meta property=\"og:title\" content=\"Extramurs 2026. Seminario Muerte y resistencia - Museu T\u00e0pies\" \/>\n<meta property=\"og:description\" content=\"Un espacio de di\u00e1logo con Dora Garc\u00eda para reflexionar sobre la memoria, la tensi\u00f3n entre libertad individual y acci\u00f3n colectiva, el peligro de los fanatismos y las derivas autoritarias de los r\u00e9gimenes totalitarios a partir del pensamiento de El\u00edas Canetti.\" \/>\n<meta property=\"og:url\" content=\"https:\/\/museutapies.org\/es\/event\/extramurs-2026-seminario-muerte-y-resistencia\/\" \/>\n<meta property=\"og:site_name\" content=\"Museu T\u00e0pies\" \/>\n<meta property=\"article:publisher\" content=\"https:\/\/www.facebook.com\/museutapies\" \/>\n<meta property=\"article:modified_time\" content=\"2026-09-03T14:35:44+00:00\" \/>\n<meta property=\"og:image\" content=\"https:\/\/museutapies.org\/wp-content\/uploads\/2026\/09\/dg-semin.jpg\" \/>\n\t<meta property=\"og:image:width\" content=\"2500\" \/>\n\t<meta property=\"og:image:height\" content=\"1667\" \/>\n\t<meta property=\"og:image:type\" content=\"image\/jpeg\" \/>\n<meta name=\"twitter:card\" content=\"summary_large_image\" \/>\n<meta name=\"twitter:label1\" content=\"Tiempo de lectura\" \/>\n\t<meta name=\"twitter:data1\" content=\"2 minutos\" \/>\n<script type=\"application\/ld+json\" class=\"yoast-schema-graph\">{\"@context\":\"https:\/\/schema.org\",\"@graph\":[{\"@type\":\"WebPage\",\"@id\":\"https:\/\/museutapies.org\/es\/event\/extramurs-2026-seminario-muerte-y-resistencia\/\",\"url\":\"https:\/\/museutapies.org\/es\/event\/extramurs-2026-seminario-muerte-y-resistencia\/\",\"name\":\"Extramurs 2026. Seminario Muerte y resistencia - Museu T\u00e0pies\",\"isPartOf\":{\"@id\":\"https:\/\/museutapies.org\/en\/#website\"},\"datePublished\":\"2026-09-03T14:31:00+00:00\",\"dateModified\":\"2026-09-03T14:35:44+00:00\",\"breadcrumb\":{\"@id\":\"https:\/\/museutapies.org\/es\/event\/extramurs-2026-seminario-muerte-y-resistencia\/#breadcrumb\"},\"inLanguage\":\"es\",\"potentialAction\":[{\"@type\":\"ReadAction\",\"target\":[\"https:\/\/museutapies.org\/es\/event\/extramurs-2026-seminario-muerte-y-resistencia\/\"]}]},{\"@type\":\"BreadcrumbList\",\"@id\":\"https:\/\/museutapies.org\/es\/event\/extramurs-2026-seminario-muerte-y-resistencia\/#breadcrumb\",\"itemListElement\":[{\"@type\":\"ListItem\",\"position\":1,\"name\":\"Esdeveniments\",\"item\":\"https:\/\/museutapies.org\/agenda\/\"},{\"@type\":\"ListItem\",\"position\":2,\"name\":\"Extramurs 2026. Seminario Muerte y resistencia\"}]},{\"@type\":\"WebSite\",\"@id\":\"https:\/\/museutapies.org\/en\/#website\",\"url\":\"https:\/\/museutapies.org\/en\/\",\"name\":\"Museu T\u00e0pies\",\"description\":\"\",\"publisher\":{\"@id\":\"https:\/\/museutapies.org\/en\/#organization\"},\"potentialAction\":[{\"@type\":\"SearchAction\",\"target\":{\"@type\":\"EntryPoint\",\"urlTemplate\":\"https:\/\/museutapies.org\/en\/?s={search_term_string}\"},\"query-input\":\"required name=search_term_string\"}],\"inLanguage\":\"es\"},{\"@type\":\"Organization\",\"@id\":\"https:\/\/museutapies.org\/en\/#organization\",\"name\":\"Museu T\u00e0pies\",\"url\":\"https:\/\/museutapies.org\/en\/\",\"logo\":{\"@type\":\"ImageObject\",\"inLanguage\":\"es\",\"@id\":\"https:\/\/museutapies.org\/en\/#\/schema\/logo\/image\/\",\"url\":\"https:\/\/museutapies.org\/wp-content\/uploads\/2024\/07\/mta.png\",\"contentUrl\":\"https:\/\/museutapies.org\/wp-content\/uploads\/2024\/07\/mta.png\",\"width\":244,\"height\":110,\"caption\":\"Museu T\u00e0pies\"},\"image\":{\"@id\":\"https:\/\/museutapies.org\/en\/#\/schema\/logo\/image\/\"},\"sameAs\":[\"https:\/\/www.facebook.com\/museutapies\",\"https:\/\/www.instagram.com\/museutapies\/\",\"https:\/\/www.youtube.com\/channel\/UCPi65HBb48RMeoa12lR51cQ\",\"https:\/\/x.com\/MuseuTapies\"]}]}<\/script>\n<!-- \/ Yoast SEO plugin. -->","yoast_head_json":{"title":"Extramurs 2026. Seminario Muerte y resistencia - Museu T\u00e0pies","robots":{"index":"index","follow":"follow","max-snippet":"max-snippet:-1","max-image-preview":"max-image-preview:large","max-video-preview":"max-video-preview:-1"},"og_locale":"es_ES","og_type":"article","og_title":"Extramurs 2026. Seminario Muerte y resistencia - Museu T\u00e0pies","og_description":"Un espacio de di\u00e1logo con Dora Garc\u00eda para reflexionar sobre la memoria, la tensi\u00f3n entre libertad individual y acci\u00f3n colectiva, el peligro de los fanatismos y las derivas autoritarias de los r\u00e9gimenes totalitarios a partir del pensamiento de El\u00edas Canetti.","og_url":"https:\/\/museutapies.org\/es\/event\/extramurs-2026-seminario-muerte-y-resistencia\/","og_site_name":"Museu T\u00e0pies","article_publisher":"https:\/\/www.facebook.com\/museutapies","article_modified_time":"2026-09-03T14:35:44+00:00","og_image":[{"width":2500,"height":1667,"url":"https:\/\/museutapies.org\/wp-content\/uploads\/2026\/09\/dg-semin.jpg","type":"image\/jpeg"}],"twitter_card":"summary_large_image","twitter_misc":{"Tiempo de lectura":"2 minutos"},"schema":{"@context":"https:\/\/schema.org","@graph":[{"@type":"WebPage","@id":"https:\/\/museutapies.org\/es\/event\/extramurs-2026-seminario-muerte-y-resistencia\/","url":"https:\/\/museutapies.org\/es\/event\/extramurs-2026-seminario-muerte-y-resistencia\/","name":"Extramurs 2026. Seminario Muerte y resistencia - Museu T\u00e0pies","isPartOf":{"@id":"https:\/\/museutapies.org\/en\/#website"},"datePublished":"2026-09-03T14:31:00+00:00","dateModified":"2026-09-03T14:35:44+00:00","breadcrumb":{"@id":"https:\/\/museutapies.org\/es\/event\/extramurs-2026-seminario-muerte-y-resistencia\/#breadcrumb"},"inLanguage":"es","potentialAction":[{"@type":"ReadAction","target":["https:\/\/museutapies.org\/es\/event\/extramurs-2026-seminario-muerte-y-resistencia\/"]}]},{"@type":"BreadcrumbList","@id":"https:\/\/museutapies.org\/es\/event\/extramurs-2026-seminario-muerte-y-resistencia\/#breadcrumb","itemListElement":[{"@type":"ListItem","position":1,"name":"Esdeveniments","item":"https:\/\/museutapies.org\/agenda\/"},{"@type":"ListItem","position":2,"name":"Extramurs 2026. Seminario Muerte y resistencia"}]},{"@type":"WebSite","@id":"https:\/\/museutapies.org\/en\/#website","url":"https:\/\/museutapies.org\/en\/","name":"Museu T\u00e0pies","description":"","publisher":{"@id":"https:\/\/museutapies.org\/en\/#organization"},"potentialAction":[{"@type":"SearchAction","target":{"@type":"EntryPoint","urlTemplate":"https:\/\/museutapies.org\/en\/?s={search_term_string}"},"query-input":"required name=search_term_string"}],"inLanguage":"es"},{"@type":"Organization","@id":"https:\/\/museutapies.org\/en\/#organization","name":"Museu T\u00e0pies","url":"https:\/\/museutapies.org\/en\/","logo":{"@type":"ImageObject","inLanguage":"es","@id":"https:\/\/museutapies.org\/en\/#\/schema\/logo\/image\/","url":"https:\/\/museutapies.org\/wp-content\/uploads\/2024\/07\/mta.png","contentUrl":"https:\/\/museutapies.org\/wp-content\/uploads\/2024\/07\/mta.png","width":244,"height":110,"caption":"Museu T\u00e0pies"},"image":{"@id":"https:\/\/museutapies.org\/en\/#\/schema\/logo\/image\/"},"sameAs":["https:\/\/www.facebook.com\/museutapies","https:\/\/www.instagram.com\/museutapies\/","https:\/\/www.youtube.com\/channel\/UCPi65HBb48RMeoa12lR51cQ","https:\/\/x.com\/MuseuTapies"]}]}},"_links":{"self":[{"href":"https:\/\/museutapies.org\/es\/wp-json\/wp\/v2\/tribe_events\/47034"}],"collection":[{"href":"https:\/\/museutapies.org\/es\/wp-json\/wp\/v2\/tribe_events"}],"about":[{"href":"https:\/\/museutapies.org\/es\/wp-json\/wp\/v2\/types\/tribe_events"}],"author":[{"embeddable":true,"href":"https:\/\/museutapies.org\/es\/wp-json\/wp\/v2\/users\/207"}],"replies":[{"embeddable":true,"href":"https:\/\/museutapies.org\/es\/wp-json\/wp\/v2\/comments?post=47034"}],"version-history":[{"count":3,"href":"https:\/\/museutapies.org\/es\/wp-json\/wp\/v2\/tribe_events\/47034\/revisions"}],"predecessor-version":[{"id":47037,"href":"https:\/\/museutapies.org\/es\/wp-json\/wp\/v2\/tribe_events\/47034\/revisions\/47037"}],"wp:featuredmedia":[{"embeddable":true,"href":"https:\/\/museutapies.org\/es\/wp-json\/wp\/v2\/media\/47031"}],"wp:attachment":[{"href":"https:\/\/museutapies.org\/es\/wp-json\/wp\/v2\/media?parent=47034"}],"wp:term":[{"taxonomy":"post_tag","embeddable":true,"href":"https:\/\/museutapies.org\/es\/wp-json\/wp\/v2\/tags?post=47034"},{"taxonomy":"tribe_events_cat","embeddable":true,"href":"https:\/\/museutapies.org\/es\/wp-json\/wp\/v2\/tribe_events_cat?post=47034"}],"curies":[{"name":"wp","href":"https:\/\/api.w.org\/{rel}","templated":true}]}}

<p><img loading="lazy" decoding="async" class="alignnone size-medium wp-image-47031" src="https://museutapies.org/wp-content/uploads/2026/09/dg-semin-800x533.jpg" alt="" width="800" height="533" srcset="https://museutapies.org/wp-content/uploads/2026/09/dg-semin-800x533.jpg 800w, https://museutapies.org/wp-content/uploads/2026/09/dg-semin-900x600.jpg 900w, https://museutapies.org/wp-content/uploads/2026/09/dg-semin-768x512.jpg 768w, https://museutapies.org/wp-content/uploads/2026/09/dg-semin-1536x1024.jpg 1536w, https://museutapies.org/wp-content/uploads/2026/09/dg-semin-2048x1366.jpg 2048w, https://museutapies.org/wp-content/uploads/2026/09/dg-semin-500x333.jpg 500w, https://museutapies.org/wp-content/uploads/2026/09/dg-semin-380x253.jpg 380w, https://museutapies.org/wp-content/uploads/2026/09/dg-semin-600x400.jpg 600w" sizes="(max-width: 800px) 100vw, 800px" /></p>
<p>&nbsp;</p>
<p><span style="font-weight: 400">La acción de la resurrección, presente en todo el proyecto Extramuros 2026 a cargo de Dora García, </span><i><span style="font-weight: 400">Líneas de tiempo/resurrección</span></i><span style="font-weight: 400">, trasciende el gesto de recuperación de las voces silenciadas para incorporar nuevas capas de lectura vinculadas al acto de morir, a menudo asociado a una posible vuelta a la vida de lo que previamente ha muerto.</span></p>
<p><span style="font-weight: 400">En continuidad con esta dimensión colectiva, la actividad </span><i><span style="font-weight: 400">Muerte y resistencia</span></i><span style="font-weight: 400"> partirá de un seminario en Eina Centre Universitari d&#8217;Art i Disseny de Barcelona en el que Dora García propone abordar la cuestión a partir del pensamiento de Elías Canetti, escritor y pensador búlgaro que, a lo largo de su trayectoria intelectual, reflexionó sobre la memoria, la tensión entre libertad individual y acción colectiva, el peligro de los fanatismos y las derivas autoritarias de los regímenes totalitarios.</span></p>
<p><span style="font-weight: 400">El programa completo del seminario se publicará próximamente.</span></p>
<p><span style="font-weight: 400"> </span></p>
<p><span style="font-weight: 400;font-size: 8pt">[Imagen: Dora García durante el programa inaugural de Extramuros 2026 <em>Líneas de tiempo/resurrección.</em> Foto: Alice Brazzit]</span></p>

<p>Un espacio de diálogo con Dora García para reflexionar sobre la memoria, la tensión entre libertad individual y acción colectiva, el peligro de los fanatismos y las derivas autoritarias de los régimenes totalitarios a partir del pensamiento de Elías Canetti.</p>

<!-- This site is optimized with the Yoast SEO plugin v20.11 - https://yoast.com/wordpress/plugins/seo/ -->
<title>Extramurs 2026. Seminario Muerte y resistencia - Museu Tàpies</title>
<meta name="robots" content="index, follow, max-snippet:-1, max-image-preview:large, max-video-preview:-1" />
<meta property="og:locale" content="es_ES" />
<meta property="og:type" content="article" />
<meta property="og:title" content="Extramurs 2026. Seminario Muerte y resistencia - Museu Tàpies" />
<meta property="og:description" content="Un espacio de diálogo con Dora García para reflexionar sobre la memoria, la tensión entre libertad individual y acción colectiva, el peligro de los fanatismos y las derivas autoritarias de los régimenes totalitarios a partir del pensamiento de Elías Canetti." />
<meta property="og:url" content="https://museutapies.org/es/event/extramurs-2026-seminario-muerte-y-resistencia/" />
<meta property="og:site_name" content="Museu Tàpies" />
<meta property="article:publisher" content="https://www.facebook.com/museutapies" />
<meta property="article:modified_time" content="2026-09-03T14:35:44+00:00" />
<meta property="og:image" content="https://museutapies.org/wp-content/uploads/2026/09/dg-semin.jpg" />
	<meta property="og:image:width" content="2500" />
	<meta property="og:image:height" content="1667" />
	<meta property="og:image:type" content="image/jpeg" />
<meta name="twitter:card" content="summary_large_image" />
<meta name="twitter:label1" content="Tiempo de lectura" />
	<meta name="twitter:data1" content="2 minutos" />
<script type="application/ld+json" class="yoast-schema-graph">{"@context":"https://schema.org","@graph":[{"@type":"WebPage","@id":"https://museutapies.org/es/event/extramurs-2026-seminario-muerte-y-resistencia/","url":"https://museutapies.org/es/event/extramurs-2026-seminario-muerte-y-resistencia/","name":"Extramurs 2026. Seminario Muerte y resistencia - Museu Tàpies","isPartOf":{"@id":"https://museutapies.org/en/#website"},"datePublished":"2026-09-03T14:31:00+00:00","dateModified":"2026-09-03T14:35:44+00:00","breadcrumb":{"@id":"https://museutapies.org/es/event/extramurs-2026-seminario-muerte-y-resistencia/#breadcrumb"},"inLanguage":"es","potentialAction":[{"@type":"ReadAction","target":["https://museutapies.org/es/event/extramurs-2026-seminario-muerte-y-resistencia/"]}]},{"@type":"BreadcrumbList","@id":"https://museutapies.org/es/event/extramurs-2026-seminario-muerte-y-resistencia/#breadcrumb","itemListElement":[{"@type":"ListItem","position":1,"name":"Esdeveniments","item":"https://museutapies.org/agenda/"},{"@type":"ListItem","position":2,"name":"Extramurs 2026. Seminario Muerte y resistencia"}]},{"@type":"WebSite","@id":"https://museutapies.org/en/#website","url":"https://museutapies.org/en/","name":"Museu Tàpies","description":"","publisher":{"@id":"https://museutapies.org/en/#organization"},"potentialAction":[{"@type":"SearchAction","target":{"@type":"EntryPoint","urlTemplate":"https://museutapies.org/en/?s={search_term_string}"},"query-input":"required name=search_term_string"}],"inLanguage":"es"},{"@type":"Organization","@id":"https://museutapies.org/en/#organization","name":"Museu Tàpies","url":"https://museutapies.org/en/","logo":{"@type":"ImageObject","inLanguage":"es","@id":"https://museutapies.org/en/#/schema/logo/image/","url":"https://museutapies.org/wp-content/uploads/2024/07/mta.png","contentUrl":"https://museutapies.org/wp-content/uploads/2024/07/mta.png","width":244,"height":110,"caption":"Museu Tàpies"},"image":{"@id":"https://museutapies.org/en/#/schema/logo/image/"},"sameAs":["https://www.facebook.com/museutapies","https://www.instagram.com/museutapies/","https://www.youtube.com/channel/UCPi65HBb48RMeoa12lR51cQ","https://x.com/MuseuTapies"]}]}</script>
<!-- / Yoast SEO plugin. -->

Extramurs 2026. Seminario Muerte y resistencia - Museu Tàpies

Un espacio de diálogo con Dora García para reflexionar sobre la memoria, la tensión entre libertad individual y acción colectiva, el peligro de los fanatismos y las derivas autoritarias de los régimenes totalitarios a partir del pensamiento de Elías Canetti.

Museu Tàpies
